{"id":1014,"date":"2023-09-12T15:53:23","date_gmt":"2023-09-12T13:53:23","guid":{"rendered":"http:\/\/lesmouffettes.fr\/?post_type=tribe_events&#038;p=1014"},"modified":"2023-09-12T15:54:36","modified_gmt":"2023-09-12T13:54:36","slug":"voyage-en-culturarium","status":"publish","type":"tribe_events","link":"https:\/\/lesmouffettes.fr\/index.php\/event\/voyage-en-culturarium\/","title":{"rendered":"Voyage en Culturarium"},"content":{"rendered":"<p class=\"western\">Depuis le mois d&rsquo;avril 2022, les artistes et anthropologues de la Compagnie Sputnik parcourent routes et villages \u00e0 la recherche des diff\u00e9rentes cultures des C\u00e9vennes gangeoises et sum\u00e9noises.<\/p>\n<p class=\"western\">Pour restituer ces 18 mois de pr\u00e9sence et de rencontres, vous \u00eates invit\u00e9.e.s \u00e0 vivre un v\u00e9ritable voyage \u00e0 travers deux cr\u00e9ations uniques et in-situ.<\/p>\n<p class=\"western\"><b><u>L\u2019Itin\u00e9rance <\/u><\/b><\/p>\n<p class=\"western\"><em><b>Samedi 30 septembre et Dimanche\u00a01<\/b><\/em><em><sup><b>er<\/b><\/sup><\/em><em><b> octobre. Dur\u00e9e de 6h \u00e0 14h non-stop \u2013 D\u00e9conseill\u00e9 au moins de 10 ans<\/b><\/em><\/p>\n<p class=\"western\">Itin\u00e9rance est un spectacle fleuve, un voyage extraordinaire th\u00e9\u00e2tralis\u00e9 de 8h. Une exp\u00e9rience immersive hors du commun\u00a0sur l&rsquo;ensemble du territoire.<\/p>\n<p class=\"western\">8h pour s&rsquo;impr\u00e9gner\u00a0du mot culture, le comprendre, le go\u00fbter, le sentir, le ressentir, l&rsquo;entendre.<\/p>\n<p class=\"western\">8h pour voyager, r\u00e9fl\u00e9chir, se reposer, papoter, explorer, se laisser surprendre en compagnie des cultures du territoire et pas seulement&#8230;<\/p>\n<p class=\"western\"><em><b>Jauge limit\u00e9e et\u00a0r\u00e9<\/b><\/em><b><i>servation obligatoire (PAF 8\u20ac &#8211; encas inclus) : <\/i><\/b><span style=\"color: #0000ff;\"><u><a href=\"mailto:tatiana@eurekart.fr\" target=\"_blank\" rel=\"noopener\"><i><b>tatiana@eurekart.fr<\/b><\/i><\/a><\/u><\/span><b><i> \/ 07 67 79 58 02<\/i><\/b><\/p>\n<p class=\"western\"><b><u>L\u2019Escale<\/u><\/b><\/p>\n<p class=\"western\"><em><b>Dimanche 1er octobre 2023, Golf de Cazilhac, 15h<\/b><\/em><\/p>\n<p class=\"western\">Pour cl\u00f4turer ces 2 jours d\u2019itin\u00e9rance, place \u00e0 l\u2019Escale finale du Culturarium!<\/p>\n<p class=\"western\">Ce rendez-vous, se pr\u00e9sente comme une constellation d&rsquo;id\u00e9es, de repr\u00e9sentations, de textes, d&rsquo;objets sonores, d&rsquo;\u00e9mulsions, d&rsquo;images d&rsquo;Epinal qui, ensemble, pourraient constituer le \u00a0Culturarium du territoire. Si vous l\u2019avez, pensez \u00e0 amener votre passeport du Culturarium !<\/p>\n<p class=\"western\">\u00a0<em><b>Entr\u00e9e libre &#8211; sans r\u00e9servation \u2013 Tout public<\/b><\/em><\/p>\n<div id='gallery-1' class='gallery galleryid-1014 gallery-columns-3 gallery-size-full'><figure class='gallery-item'>\n\t\t\t<div class='gallery-icon portrait'>\n\t\t\t\t<a href='https:\/\/lesmouffettes.fr\/wp-content\/uploads\/2023\/09\/FLYER-culturarium-BAT17597.jpg'><img loading=\"lazy\" decoding=\"async\" width=\"1457\" height=\"2067\" src=\"https:\/\/lesmouffettes.fr\/wp-content\/uploads\/2023\/09\/FLYER-culturarium-BAT17597.jpg\" class=\"attachment-full size-full\" alt=\"\" srcset=\"https:\/\/lesmouffettes.fr\/wp-content\/uploads\/2023\/09\/FLYER-culturarium-BAT17597.jpg 1457w, https:\/\/lesmouffettes.fr\/wp-content\/uploads\/2023\/09\/FLYER-culturarium-BAT17597-211x300.jpg 211w, https:\/\/lesmouffettes.fr\/wp-content\/uploads\/2023\/09\/FLYER-culturarium-BAT17597-722x1024.jpg 722w, https:\/\/lesmouffettes.fr\/wp-content\/uploads\/2023\/09\/FLYER-culturarium-BAT17597-768x1090.jpg 768w, https:\/\/lesmouffettes.fr\/wp-content\/uploads\/2023\/09\/FLYER-culturarium-BAT17597-1083x1536.jpg 1083w, https:\/\/lesmouffettes.fr\/wp-content\/uploads\/2023\/09\/FLYER-culturarium-BAT17597-1444x2048.jpg 1444w, https:\/\/lesmouffettes.fr\/wp-content\/uploads\/2023\/09\/FLYER-culturarium-BAT17597-1200x1702.jpg 1200w\" sizes=\"auto, (max-width: 1457px) 100vw, 1457px\" \/><\/a>\n\t\t\t<\/div><\/figure><figure class='gallery-item'>\n\t\t\t<div class='gallery-icon portrait'>\n\t\t\t\t<a href='https:\/\/lesmouffettes.fr\/wp-content\/uploads\/2023\/09\/FLYER-culturarium-BAT2.jpg'><img loading=\"lazy\" decoding=\"async\" width=\"1457\" height=\"2067\" src=\"https:\/\/lesmouffettes.fr\/wp-content\/uploads\/2023\/09\/FLYER-culturarium-BAT2.jpg\" class=\"attachment-full size-full\" alt=\"\" srcset=\"https:\/\/lesmouffettes.fr\/wp-content\/uploads\/2023\/09\/FLYER-culturarium-BAT2.jpg 1457w, https:\/\/lesmouffettes.fr\/wp-content\/uploads\/2023\/09\/FLYER-culturarium-BAT2-211x300.jpg 211w, https:\/\/lesmouffettes.fr\/wp-content\/uploads\/2023\/09\/FLYER-culturarium-BAT2-722x1024.jpg 722w, https:\/\/lesmouffettes.fr\/wp-content\/uploads\/2023\/09\/FLYER-culturarium-BAT2-768x1090.jpg 768w, https:\/\/lesmouffettes.fr\/wp-content\/uploads\/2023\/09\/FLYER-culturarium-BAT2-1083x1536.jpg 1083w, https:\/\/lesmouffettes.fr\/wp-content\/uploads\/2023\/09\/FLYER-culturarium-BAT2-1444x2048.jpg 1444w, https:\/\/lesmouffettes.fr\/wp-content\/uploads\/2023\/09\/FLYER-culturarium-BAT2-1200x1702.jpg 1200w\" sizes=\"auto, (max-width: 1457px) 100vw, 1457px\" \/><\/a>\n\t\t\t<\/div><\/figure>\n\t\t<\/div>\n\n<p>&nbsp;<\/p>\n<p class=\"western\"><em><b>\u00ab\u00a0Itin\u00e9rance\u00a0\u00bb et \u00ab\u00a0Escale<\/b><\/em> \u00bb en Culturarium, cr\u00e9ations de la Cie Sputnik dans le cadre d\u2019une r\u00e9sidence de territoire propos\u00e9e par Eurek&rsquo;Art. <em>Ecriture et id\u00e9e originale : Marion Raievski et Micka\u00ebl Th\u00e9odore<\/em> &#8211; <em>Chanteur : Luc Fagoaga<\/em> &#8211; <em>Com\u00e9dien.e.s : Marion Raievski, Eric Destout. Avec la participation d\u2019autres artistes et complices\u00a0du territoire.<\/em><\/p>\n<p class=\"western\">Avec\u00a0le soutien de\u00a0: GAL C\u00e9vennes &#8211; Fonds Leader, DRAC Occitanie, SDJES H\u00e9rault, CAF 34, Conseil R\u00e9gional Occitanie, Conseil D\u00e9partemental de l&rsquo;H\u00e9rault, CC des C\u00e9vennes Gangeoises et Sum\u00e9noises, Ville de Ganges, Th\u00e9\u00e2tre Albarede.<\/p>\n","protected":false},"excerpt":{"rendered":"<p>Depuis le mois d&rsquo;avril 2022, les artistes et anthropologues de la Compagnie Sputnik parcourent routes et villages \u00e0 la recherche des diff\u00e9rentes cultures des C\u00e9vennes gangeoises et sum\u00e9noises. Pour restituer [&hellip;]<\/p>\n","protected":false},"author":1,"featured_media":1015,"template":"","meta":{"_tribe_events_status":"","_tribe_events_status_reason":"","footnotes":""},"tags":[],"tribe_events_cat":[11,8],"class_list":["post-1014","tribe_events","type-tribe_events","status-publish","has-post-thumbnail","hentry","tribe_events_cat-septembre-octobre","tribe_events_cat-soiree-speciale","cat_septembre-octobre","cat_soiree-speciale"],"_links":{"self":[{"href":"https:\/\/lesmouffettes.fr\/index.php\/wp-json\/wp\/v2\/tribe_events\/1014","targetHints":{"allow":["GET"]}}],"collection":[{"href":"https:\/\/lesmouffettes.fr\/index.php\/wp-json\/wp\/v2\/tribe_events"}],"about":[{"href":"https:\/\/lesmouffettes.fr\/index.php\/wp-json\/wp\/v2\/types\/tribe_events"}],"author":[{"embeddable":true,"href":"https:\/\/lesmouffettes.fr\/index.php\/wp-json\/wp\/v2\/users\/1"}],"version-history":[{"count":2,"href":"https:\/\/lesmouffettes.fr\/index.php\/wp-json\/wp\/v2\/tribe_events\/1014\/revisions"}],"predecessor-version":[{"id":1022,"href":"https:\/\/lesmouffettes.fr\/index.php\/wp-json\/wp\/v2\/tribe_events\/1014\/revisions\/1022"}],"wp:featuredmedia":[{"embeddable":true,"href":"https:\/\/lesmouffettes.fr\/index.php\/wp-json\/wp\/v2\/media\/1015"}],"wp:attachment":[{"href":"https:\/\/lesmouffettes.fr\/index.php\/wp-json\/wp\/v2\/media?parent=1014"}],"wp:term":[{"taxonomy":"post_tag","embeddable":true,"href":"https:\/\/lesmouffettes.fr\/index.php\/wp-json\/wp\/v2\/tags?post=1014"},{"taxonomy":"tribe_events_cat","embeddable":true,"href":"https:\/\/lesmouffettes.fr\/index.php\/wp-json\/wp\/v2\/tribe_events_cat?post=1014"}],"curies":[{"name":"wp","href":"https:\/\/api.w.org\/{rel}","templated":true}]}}

<p class="western">Depuis le mois d&rsquo;avril 2022, les artistes et anthropologues de la Compagnie Sputnik parcourent routes et villages à la recherche des différentes cultures des Cévennes gangeoises et suménoises.</p>
<p class="western">Pour restituer ces 18 mois de présence et de rencontres, vous êtes invité.e.s à vivre un véritable voyage à travers deux créations uniques et in-situ.</p>
<p class="western"><b><u>L’Itinérance </u></b></p>
<p class="western"><em><b>Samedi 30 septembre et Dimanche 1</b></em><em><sup><b>er</b></sup></em><em><b> octobre. Durée de 6h à 14h non-stop – Déconseillé au moins de 10 ans</b></em></p>
<p class="western">Itinérance est un spectacle fleuve, un voyage extraordinaire théâtralisé de 8h. Une expérience immersive hors du commun sur l&rsquo;ensemble du territoire.</p>
<p class="western">8h pour s&rsquo;imprégner du mot culture, le comprendre, le goûter, le sentir, le ressentir, l&rsquo;entendre.</p>
<p class="western">8h pour voyager, réfléchir, se reposer, papoter, explorer, se laisser surprendre en compagnie des cultures du territoire et pas seulement&#8230;</p>
<p class="western"><em><b>Jauge limitée et ré</b></em><b><i>servation obligatoire (PAF 8€ &#8211; encas inclus) : </i></b><span style="color: #0000ff;"><u><a href="mailto:tatiana@eurekart.fr" target="_blank" rel="noopener"><i><b>tatiana@eurekart.fr</b></i></a></u></span><b><i> / 07 67 79 58 02</i></b></p>
<p class="western"><b><u>L’Escale</u></b></p>
<p class="western"><em><b>Dimanche 1er octobre 2023, Golf de Cazilhac, 15h</b></em></p>
<p class="western">Pour clôturer ces 2 jours d’itinérance, place à l’Escale finale du Culturarium!</p>
<p class="western">Ce rendez-vous, se présente comme une constellation d&rsquo;idées, de représentations, de textes, d&rsquo;objets sonores, d&rsquo;émulsions, d&rsquo;images d&rsquo;Epinal qui, ensemble, pourraient constituer le  Culturarium du territoire. Si vous l’avez, pensez à amener votre passeport du Culturarium !</p>
<p class="western"> <em><b>Entrée libre &#8211; sans réservation – Tout public</b></em></p>
<div id='gallery-1' class='gallery galleryid-1014 gallery-columns-3 gallery-size-full'><figure class='gallery-item'>
			<div class='gallery-icon portrait'>
				<a href='https://lesmouffettes.fr/wp-content/uploads/2023/09/FLYER-culturarium-BAT17597.jpg'><img loading="lazy" decoding="async" width="1457" height="2067" src="https://lesmouffettes.fr/wp-content/uploads/2023/09/FLYER-culturarium-BAT17597.jpg" class="attachment-full size-full" alt="" srcset="https://lesmouffettes.fr/wp-content/uploads/2023/09/FLYER-culturarium-BAT17597.jpg 1457w, https://lesmouffettes.fr/wp-content/uploads/2023/09/FLYER-culturarium-BAT17597-211x300.jpg 211w, https://lesmouffettes.fr/wp-content/uploads/2023/09/FLYER-culturarium-BAT17597-722x1024.jpg 722w, https://lesmouffettes.fr/wp-content/uploads/2023/09/FLYER-culturarium-BAT17597-768x1090.jpg 768w, https://lesmouffettes.fr/wp-content/uploads/2023/09/FLYER-culturarium-BAT17597-1083x1536.jpg 1083w, https://lesmouffettes.fr/wp-content/uploads/2023/09/FLYER-culturarium-BAT17597-1444x2048.jpg 1444w, https://lesmouffettes.fr/wp-content/uploads/2023/09/FLYER-culturarium-BAT17597-1200x1702.jpg 1200w" sizes="auto, (max-width: 1457px) 100vw, 1457px" /></a>
			</div></figure><figure class='gallery-item'>
			<div class='gallery-icon portrait'>
				<a href='https://lesmouffettes.fr/wp-content/uploads/2023/09/FLYER-culturarium-BAT2.jpg'><img loading="lazy" decoding="async" width="1457" height="2067" src="https://lesmouffettes.fr/wp-content/uploads/2023/09/FLYER-culturarium-BAT2.jpg" class="attachment-full size-full" alt="" srcset="https://lesmouffettes.fr/wp-content/uploads/2023/09/FLYER-culturarium-BAT2.jpg 1457w, https://lesmouffettes.fr/wp-content/uploads/2023/09/FLYER-culturarium-BAT2-211x300.jpg 211w, https://lesmouffettes.fr/wp-content/uploads/2023/09/FLYER-culturarium-BAT2-722x1024.jpg 722w, https://lesmouffettes.fr/wp-content/uploads/2023/09/FLYER-culturarium-BAT2-768x1090.jpg 768w, https://lesmouffettes.fr/wp-content/uploads/2023/09/FLYER-culturarium-BAT2-1083x1536.jpg 1083w, https://lesmouffettes.fr/wp-content/uploads/2023/09/FLYER-culturarium-BAT2-1444x2048.jpg 1444w, https://lesmouffettes.fr/wp-content/uploads/2023/09/FLYER-culturarium-BAT2-1200x1702.jpg 1200w" sizes="auto, (max-width: 1457px) 100vw, 1457px" /></a>
			</div></figure>
		</div>

<p>&nbsp;</p>
<p class="western"><em><b>« Itinérance » et « Escale</b></em> » en Culturarium, créations de la Cie Sputnik dans le cadre d’une résidence de territoire proposée par Eurek&rsquo;Art. <em>Ecriture et idée originale : Marion Raievski et Mickaël Théodore</em> &#8211; <em>Chanteur : Luc Fagoaga</em> &#8211; <em>Comédien.e.s : Marion Raievski, Eric Destout. Avec la participation d’autres artistes et complices du territoire.</em></p>
<p class="western">Avec le soutien de : GAL Cévennes &#8211; Fonds Leader, DRAC Occitanie, SDJES Hérault, CAF 34, Conseil Régional Occitanie, Conseil Départemental de l&rsquo;Hérault, CC des Cévennes Gangeoises et Suménoises, Ville de Ganges, Théâtre Albarede.</p>

<p>Depuis le mois d&rsquo;avril 2022, les artistes et anthropologues de la Compagnie Sputnik parcourent routes et villages à la recherche des différentes cultures des Cévennes gangeoises et suménoises. Pour restituer [&hellip;]</p>
