{"id":1041,"date":"2023-09-25T11:12:56","date_gmt":"2023-09-25T09:12:56","guid":{"rendered":"http:\/\/lesmouffettes.fr\/?post_type=tribe_events&#038;p=1041"},"modified":"2023-09-25T11:12:56","modified_gmt":"2023-09-25T09:12:56","slug":"marina-andrea-tirado","status":"publish","type":"tribe_events","link":"https:\/\/lesmouffettes.fr\/index.php\/event\/marina-andrea-tirado\/","title":{"rendered":"Marina ANDREA TIRADO"},"content":{"rendered":"<h5>World Music<\/h5>\n<p>Marina Andrea Tirado est musicienne, compositrice Colombo espagnole.<br \/>\nSes compositions parlent de la vie et de la mort, de la lumi\u00e8re et de l\u2019obscurit\u00e9, d\u2019amour et de d\u00e9samour, elle nous invite dans une \u00e9nergie sinc\u00e8re et m\u00e9lodieuse \u00e0 ressentir, danser\u2026<\/p>\n<p>Sa musique est tribale, rythmique, spirituelle, empruntant \u00e0 la musique de rues. Elle puise ses racines dans le jazz, le reggae, la pop, la musique colombienne et br\u00e9silienne. On y trouve de la cumbia et du currulao. Marina Andrea interpr\u00e8te, guitare, voix, harmonique, marimba, bols tib\u00e9tains et kalimba.<\/p>\n<p>Marina Andr\u00e9a Tirado vient d&rsquo;\u00e9diter son album QUE FLUYA, un CD de 12 titres \u00e0 d\u00e9couvrir en live.<\/p>\n<p>&nbsp;<\/p>\n<p><iframe loading=\"lazy\" title=\"Lo que hay detras de la pandemia\" width=\"580\" height=\"326\" src=\"https:\/\/www.youtube.com\/embed\/ZJ1D7Hnha6I?feature=oembed\" frameborder=\"0\" allow=\"accelerometer; autoplay; clipboard-write; encrypted-media; gyroscope; picture-in-picture; web-share\" referrerpolicy=\"strict-origin-when-cross-origin\" allowfullscreen><\/iframe><\/p>\n","protected":false},"excerpt":{"rendered":"<p>World Music Marina Andrea Tirado est musicienne, compositrice Colombo espagnole. Ses compositions parlent de la vie et de la mort, de la lumi\u00e8re et de l\u2019obscurit\u00e9, d\u2019amour et de d\u00e9samour, [&hellip;]<\/p>\n","protected":false},"author":1,"featured_media":1042,"template":"","meta":{"_tribe_events_status":"","_tribe_events_status_reason":"","footnotes":""},"tags":[],"tribe_events_cat":[11],"class_list":["post-1041","tribe_events","type-tribe_events","status-publish","has-post-thumbnail","hentry","tribe_events_cat-septembre-octobre","cat_septembre-octobre"],"_links":{"self":[{"href":"https:\/\/lesmouffettes.fr\/index.php\/wp-json\/wp\/v2\/tribe_events\/1041","targetHints":{"allow":["GET"]}}],"collection":[{"href":"https:\/\/lesmouffettes.fr\/index.php\/wp-json\/wp\/v2\/tribe_events"}],"about":[{"href":"https:\/\/lesmouffettes.fr\/index.php\/wp-json\/wp\/v2\/types\/tribe_events"}],"author":[{"embeddable":true,"href":"https:\/\/lesmouffettes.fr\/index.php\/wp-json\/wp\/v2\/users\/1"}],"version-history":[{"count":2,"href":"https:\/\/lesmouffettes.fr\/index.php\/wp-json\/wp\/v2\/tribe_events\/1041\/revisions"}],"predecessor-version":[{"id":1044,"href":"https:\/\/lesmouffettes.fr\/index.php\/wp-json\/wp\/v2\/tribe_events\/1041\/revisions\/1044"}],"wp:featuredmedia":[{"embeddable":true,"href":"https:\/\/lesmouffettes.fr\/index.php\/wp-json\/wp\/v2\/media\/1042"}],"wp:attachment":[{"href":"https:\/\/lesmouffettes.fr\/index.php\/wp-json\/wp\/v2\/media?parent=1041"}],"wp:term":[{"taxonomy":"post_tag","embeddable":true,"href":"https:\/\/lesmouffettes.fr\/index.php\/wp-json\/wp\/v2\/tags?post=1041"},{"taxonomy":"tribe_events_cat","embeddable":true,"href":"https:\/\/lesmouffettes.fr\/index.php\/wp-json\/wp\/v2\/tribe_events_cat?post=1041"}],"curies":[{"name":"wp","href":"https:\/\/api.w.org\/{rel}","templated":true}]}}

<h5>World Music</h5>
<p>Marina Andrea Tirado est musicienne, compositrice Colombo espagnole.<br />
Ses compositions parlent de la vie et de la mort, de la lumière et de l’obscurité, d’amour et de désamour, elle nous invite dans une énergie sincère et mélodieuse à ressentir, danser…</p>
<p>Sa musique est tribale, rythmique, spirituelle, empruntant à la musique de rues. Elle puise ses racines dans le jazz, le reggae, la pop, la musique colombienne et brésilienne. On y trouve de la cumbia et du currulao. Marina Andrea interprète, guitare, voix, harmonique, marimba, bols tibétains et kalimba.</p>
<p>Marina Andréa Tirado vient d&rsquo;éditer son album QUE FLUYA, un CD de 12 titres à découvrir en live.</p>
<p>&nbsp;</p>
<p><iframe loading="lazy" title="Lo que hay detras de la pandemia" width="580" height="326" src="https://www.youtube.com/embed/ZJ1D7Hnha6I?feature=oembed" frameborder="0" allow="accelerometer; autoplay; clipboard-write; encrypted-media; gyroscope; picture-in-picture; web-share" referrerpolicy="strict-origin-when-cross-origin" allowfullscreen></iframe></p>

<p>World Music Marina Andrea Tirado est musicienne, compositrice Colombo espagnole. Ses compositions parlent de la vie et de la mort, de la lumière et de l’obscurité, d’amour et de désamour, [&hellip;]</p>
