{"id":1206,"date":"2023-12-21T11:10:41","date_gmt":"2023-12-21T10:10:41","guid":{"rendered":"https:\/\/lesmouffettes.fr\/?post_type=tribe_events&#038;p=1206"},"modified":"2024-05-27T17:22:50","modified_gmt":"2024-05-27T15:22:50","slug":"sarah-amiel-par-le-hublot","status":"publish","type":"tribe_events","link":"https:\/\/lesmouffettes.fr\/index.php\/event\/sarah-amiel-par-le-hublot\/","title":{"rendered":"Sarah Amiel \/ Par le hublot"},"content":{"rendered":"<h5>Chansons<\/h5>\n<p>Sarah Amiel joue des mots et des m\u00e9lodies, s\u2019amuse de leur sens et de leur son.\u00a0Amoureuse des grooves paisibles et des mots simples, elle \u00e9crit et chante en fran\u00e7ais, modelant ses refrains comme des ritournelles, tricotant ses compositions avec sa guitare ou son violoncelle.<\/p>\n<p>Elle pr\u00e9sente son premier album \u00ab\u00a0Par le hublot\u00a0\u00bb, en duo avec Olavo Vianna.<\/p>\n<p>\u201cPar le hublot\u201d c\u2019est une fen\u00eatre ouverte sur un jardin contemplatif que Sarah cultive avec soin. Elle y d\u00e9fend une formule volontairement minimaliste et r\u00e9solument acoustique. On y rencontre des fleurs, et beaucoup d\u2019oiseaux, des sentiers qui incitent \u00e0 l&rsquo;\u00e9garement et vous convient \u00e0 la langueur, juste le temps de fermer les yeux, pour entendre la musique du monde.<\/p>\n<p><a href=\"https:\/\/linktr.ee\/sarahamiel\">https:\/\/linktr.ee\/sarahamiel<\/a><br \/>\n<em>credit photo @Foued Chenini<\/em><\/p>\n<p><iframe loading=\"lazy\" title=\"SARAH AMIEL | J&#039;voudrais qu&#039;tu veux | Avec ORIANE LACAILLE  (Clip officiel)\" width=\"580\" height=\"326\" src=\"https:\/\/www.youtube.com\/embed\/Y3OWLKAUquA?feature=oembed\" frameborder=\"0\" allow=\"accelerometer; autoplay; clipboard-write; encrypted-media; gyroscope; picture-in-picture; web-share\" referrerpolicy=\"strict-origin-when-cross-origin\" allowfullscreen><\/iframe><\/p>\n","protected":false},"excerpt":{"rendered":"<p>Chansons Sarah Amiel joue des mots et des m\u00e9lodies, s\u2019amuse de leur sens et de leur son.\u00a0Amoureuse des grooves paisibles et des mots simples, elle \u00e9crit et chante en fran\u00e7ais, [&hellip;]<\/p>\n","protected":false},"author":1,"featured_media":1207,"template":"","meta":{"_tribe_events_status":"","_tribe_events_status_reason":"","footnotes":""},"tags":[],"tribe_events_cat":[16,8],"class_list":["post-1206","tribe_events","type-tribe_events","status-publish","has-post-thumbnail","hentry","tribe_events_cat-mai-juin","tribe_events_cat-soiree-speciale","cat_mai-juin","cat_soiree-speciale"],"_links":{"self":[{"href":"https:\/\/lesmouffettes.fr\/index.php\/wp-json\/wp\/v2\/tribe_events\/1206","targetHints":{"allow":["GET"]}}],"collection":[{"href":"https:\/\/lesmouffettes.fr\/index.php\/wp-json\/wp\/v2\/tribe_events"}],"about":[{"href":"https:\/\/lesmouffettes.fr\/index.php\/wp-json\/wp\/v2\/types\/tribe_events"}],"author":[{"embeddable":true,"href":"https:\/\/lesmouffettes.fr\/index.php\/wp-json\/wp\/v2\/users\/1"}],"version-history":[{"count":5,"href":"https:\/\/lesmouffettes.fr\/index.php\/wp-json\/wp\/v2\/tribe_events\/1206\/revisions"}],"predecessor-version":[{"id":1212,"href":"https:\/\/lesmouffettes.fr\/index.php\/wp-json\/wp\/v2\/tribe_events\/1206\/revisions\/1212"}],"wp:featuredmedia":[{"embeddable":true,"href":"https:\/\/lesmouffettes.fr\/index.php\/wp-json\/wp\/v2\/media\/1207"}],"wp:attachment":[{"href":"https:\/\/lesmouffettes.fr\/index.php\/wp-json\/wp\/v2\/media?parent=1206"}],"wp:term":[{"taxonomy":"post_tag","embeddable":true,"href":"https:\/\/lesmouffettes.fr\/index.php\/wp-json\/wp\/v2\/tags?post=1206"},{"taxonomy":"tribe_events_cat","embeddable":true,"href":"https:\/\/lesmouffettes.fr\/index.php\/wp-json\/wp\/v2\/tribe_events_cat?post=1206"}],"curies":[{"name":"wp","href":"https:\/\/api.w.org\/{rel}","templated":true}]}}

<h5>Chansons</h5>
<p>Sarah Amiel joue des mots et des mélodies, s’amuse de leur sens et de leur son. Amoureuse des grooves paisibles et des mots simples, elle écrit et chante en français, modelant ses refrains comme des ritournelles, tricotant ses compositions avec sa guitare ou son violoncelle.</p>
<p>Elle présente son premier album « Par le hublot », en duo avec Olavo Vianna.</p>
<p>“Par le hublot” c’est une fenêtre ouverte sur un jardin contemplatif que Sarah cultive avec soin. Elle y défend une formule volontairement minimaliste et résolument acoustique. On y rencontre des fleurs, et beaucoup d’oiseaux, des sentiers qui incitent à l&rsquo;égarement et vous convient à la langueur, juste le temps de fermer les yeux, pour entendre la musique du monde.</p>
<p><a href="https://linktr.ee/sarahamiel">https://linktr.ee/sarahamiel</a><br />
<em>credit photo @Foued Chenini</em></p>
<p><iframe loading="lazy" title="SARAH AMIEL | J&#039;voudrais qu&#039;tu veux | Avec ORIANE LACAILLE  (Clip officiel)" width="580" height="326" src="https://www.youtube.com/embed/Y3OWLKAUquA?feature=oembed" frameborder="0" allow="accelerometer; autoplay; clipboard-write; encrypted-media; gyroscope; picture-in-picture; web-share" referrerpolicy="strict-origin-when-cross-origin" allowfullscreen></iframe></p>

<p>Chansons Sarah Amiel joue des mots et des mélodies, s’amuse de leur sens et de leur son. Amoureuse des grooves paisibles et des mots simples, elle écrit et chante en français, [&hellip;]</p>
