{"id":1366,"date":"2024-03-25T11:54:36","date_gmt":"2024-03-25T10:54:36","guid":{"rendered":"https:\/\/lesmouffettes.fr\/?post_type=tribe_events&#038;p=1366"},"modified":"2024-03-26T13:24:48","modified_gmt":"2024-03-26T12:24:48","slug":"olivier-lhote","status":"publish","type":"tribe_events","link":"https:\/\/lesmouffettes.fr\/index.php\/event\/olivier-lhote\/","title":{"rendered":"Olivier Lh\u00f4te"},"content":{"rendered":"<h5>Chanson<\/h5>\n<p>Ce sybarite s\u00e9rieusement humaniste et fantasque chante depuis une vingtaine d&rsquo;ann\u00e9es , il oscille entre l&rsquo; \u00e9nergie du folk et l&rsquo;\u00e9l\u00e9gance de la musique classique.<\/p>\n<p>Auteur\/compositeur de 3 albums chanson entre 2004 et 2014. Quelques 600 concerts \u00e0 travers la France et l&rsquo;Europe, de nombreuses 1\u00e8res parties dont Les t\u00eates raides, Sanseverino, Maxime Le Forestier, Emilie Loizeau, La tordue, Les ogres de barback&#8230;Pour ses concerts solo, le r\u00e9pertoire balance entre ses propres compositions et des reprises de chansons \u00ab coup de coeur \u00bb : de Brassens \u00e0 Brel, de Boby Lapointe \u00e0 Pierre Perret, deGilles Vigneault auxVRP mais aussi des perles rares et souvent m\u00e9connues&#8230;<\/p>\n<p>Passionn\u00e9 par tout ce qui touche \u00e0 la voix, de la chanson fran\u00e7aise au lyrique, de la polyphonie au chant populaire, il est \u00e9galement musicoth\u00e9rapeute de formation et dirige l&rsquo;ensemble vocal QUE MAS (polyphonies du monde) . Il fait aussi parti du quatuor masculin polyphonique BITCHEBI , r\u00e9pertoire de la Sardaigne \u00e0 laG\u00e9orgie.<br \/>\nEternel amoureux de Georges Brassens, il s\u2019est lanc\u00e9 l&rsquo;aventure du Bal trad avec BALSSENS en 2018, un bal 100% Brassens diff\u00e9rent de son spectacle \u00ab\u00a0Olivier L&rsquo;H\u00f4te chante Brassens \u00bb. Il cr\u00e9e \u00e9galement le duo MALOTRUS! avec Jojo \u00e0 l\u2019accord\u00e9on, toujours pour de la chanson tourn\u00e9e vers le bal traditionnel.<\/p>\n<p>Tr\u00e8s g\u00e9n\u00e9reux sur sc\u00e8ne, Du solo au trio, Olivier L&rsquo;H\u00f4te va chercher la connivence et la dr\u00f4lerie avec le public.<\/p>\n","protected":false},"excerpt":{"rendered":"<p>Chanson Ce sybarite s\u00e9rieusement humaniste et fantasque chante depuis une vingtaine d&rsquo;ann\u00e9es , il oscille entre l&rsquo; \u00e9nergie du folk et l&rsquo;\u00e9l\u00e9gance de la musique classique. Auteur\/compositeur de 3 albums [&hellip;]<\/p>\n","protected":false},"author":1,"featured_media":1374,"template":"","meta":{"_tribe_events_status":"","_tribe_events_status_reason":"","footnotes":""},"tags":[],"tribe_events_cat":[15,7],"class_list":["post-1366","tribe_events","type-tribe_events","status-publish","has-post-thumbnail","hentry","tribe_events_cat-mars-avril","tribe_events_cat-spectacles","cat_mars-avril","cat_spectacles"],"_links":{"self":[{"href":"https:\/\/lesmouffettes.fr\/index.php\/wp-json\/wp\/v2\/tribe_events\/1366","targetHints":{"allow":["GET"]}}],"collection":[{"href":"https:\/\/lesmouffettes.fr\/index.php\/wp-json\/wp\/v2\/tribe_events"}],"about":[{"href":"https:\/\/lesmouffettes.fr\/index.php\/wp-json\/wp\/v2\/types\/tribe_events"}],"author":[{"embeddable":true,"href":"https:\/\/lesmouffettes.fr\/index.php\/wp-json\/wp\/v2\/users\/1"}],"version-history":[{"count":3,"href":"https:\/\/lesmouffettes.fr\/index.php\/wp-json\/wp\/v2\/tribe_events\/1366\/revisions"}],"predecessor-version":[{"id":1376,"href":"https:\/\/lesmouffettes.fr\/index.php\/wp-json\/wp\/v2\/tribe_events\/1366\/revisions\/1376"}],"wp:featuredmedia":[{"embeddable":true,"href":"https:\/\/lesmouffettes.fr\/index.php\/wp-json\/wp\/v2\/media\/1374"}],"wp:attachment":[{"href":"https:\/\/lesmouffettes.fr\/index.php\/wp-json\/wp\/v2\/media?parent=1366"}],"wp:term":[{"taxonomy":"post_tag","embeddable":true,"href":"https:\/\/lesmouffettes.fr\/index.php\/wp-json\/wp\/v2\/tags?post=1366"},{"taxonomy":"tribe_events_cat","embeddable":true,"href":"https:\/\/lesmouffettes.fr\/index.php\/wp-json\/wp\/v2\/tribe_events_cat?post=1366"}],"curies":[{"name":"wp","href":"https:\/\/api.w.org\/{rel}","templated":true}]}}

Olivier Lhôte

<h5>Chanson</h5>
<p>Ce sybarite sérieusement humaniste et fantasque chante depuis une vingtaine d&rsquo;années , il oscille entre l&rsquo; énergie du folk et l&rsquo;élégance de la musique classique.</p>
<p>Auteur/compositeur de 3 albums chanson entre 2004 et 2014. Quelques 600 concerts à travers la France et l&rsquo;Europe, de nombreuses 1ères parties dont Les têtes raides, Sanseverino, Maxime Le Forestier, Emilie Loizeau, La tordue, Les ogres de barback&#8230;Pour ses concerts solo, le répertoire balance entre ses propres compositions et des reprises de chansons « coup de coeur » : de Brassens à Brel, de Boby Lapointe à Pierre Perret, deGilles Vigneault auxVRP mais aussi des perles rares et souvent méconnues&#8230;</p>
<p>Passionné par tout ce qui touche à la voix, de la chanson française au lyrique, de la polyphonie au chant populaire, il est également musicothérapeute de formation et dirige l&rsquo;ensemble vocal QUE MAS (polyphonies du monde) . Il fait aussi parti du quatuor masculin polyphonique BITCHEBI , répertoire de la Sardaigne à laGéorgie.<br />
Eternel amoureux de Georges Brassens, il s’est lancé l&rsquo;aventure du Bal trad avec BALSSENS en 2018, un bal 100% Brassens différent de son spectacle « Olivier L&rsquo;Hôte chante Brassens ». Il crée également le duo MALOTRUS! avec Jojo à l’accordéon, toujours pour de la chanson tournée vers le bal traditionnel.</p>
<p>Très généreux sur scène, Du solo au trio, Olivier L&rsquo;Hôte va chercher la connivence et la drôlerie avec le public.</p>

<p>Chanson Ce sybarite sérieusement humaniste et fantasque chante depuis une vingtaine d&rsquo;années , il oscille entre l&rsquo; énergie du folk et l&rsquo;élégance de la musique classique. Auteur/compositeur de 3 albums [&hellip;]</p>
