{"id":1527,"date":"2024-07-19T11:14:19","date_gmt":"2024-07-19T09:14:19","guid":{"rendered":"https:\/\/lesmouffettes.fr\/?post_type=tribe_events&#038;p=1527"},"modified":"2024-08-28T14:03:40","modified_gmt":"2024-08-28T12:03:40","slug":"postcard-avec-la-compagnie-entre-deux-averses","status":"publish","type":"tribe_events","link":"https:\/\/lesmouffettes.fr\/index.php\/event\/postcard-avec-la-compagnie-entre-deux-averses\/","title":{"rendered":"POSTCARD avec la compagnie Entre Deux Averses"},"content":{"rendered":"<div>La compagnie Entre Deux Averses pose ses valises au Plan d\u2019eau de St Bauzille de Putois le temps d\u2019une semaine et vous invite \u00e0 partager des moments artistiques et conviviaux. \u201cRejoignez-nous chez nous chez vous\u201d<\/div>\n<div>Un moment d\u2019infusion en continu ponctu\u00e9 d\u2019ateliers, de repas partag\u00e9s, d&rsquo;\u00e9v\u00e9nements sensibles, gratuits et ouverts \u00e0 toutes et tous.<\/div>\n<div><\/div>\n<div>Programme d\u00e9taill\u00e9 disponible sur place.<\/div>\n<div>Notez d&rsquo;ores et d\u00e9j\u00e0 la soir\u00e9e de cl\u00f4ture le samedi 31 ao\u00fbt avec repas partag\u00e9, Cabaret et Concert !<\/div>\n<div><a href=\"https:\/\/fb.me\/e\/hmgrAfkqU\">Plus d&rsquo;infos ici &gt;&gt;&gt;<\/a><\/div>\n<div><\/div>\n<h2 style=\"text-align: center;\">*<\/h2>\n<h5>A\u00a0 cette occasion Les Mouffettes invitent l&rsquo;ensemble vocal Que Mas<\/h5>\n<p><img loading=\"lazy\" decoding=\"async\" class=\"size-medium wp-image-636 alignleft\" src=\"https:\/\/lesmouffettes.fr\/wp-content\/uploads\/2023\/01\/P1090577-1-300x251.jpg\" alt=\"\" width=\"300\" height=\"251\" srcset=\"https:\/\/lesmouffettes.fr\/wp-content\/uploads\/2023\/01\/P1090577-1-300x251.jpg 300w, https:\/\/lesmouffettes.fr\/wp-content\/uploads\/2023\/01\/P1090577-1-1024x855.jpg 1024w, https:\/\/lesmouffettes.fr\/wp-content\/uploads\/2023\/01\/P1090577-1-768x641.jpg 768w, https:\/\/lesmouffettes.fr\/wp-content\/uploads\/2023\/01\/P1090577-1-1536x1283.jpg 1536w, https:\/\/lesmouffettes.fr\/wp-content\/uploads\/2023\/01\/P1090577-1-2048x1711.jpg 2048w, https:\/\/lesmouffettes.fr\/wp-content\/uploads\/2023\/01\/P1090577-1-1200x1002.jpg 1200w, https:\/\/lesmouffettes.fr\/wp-content\/uploads\/2023\/01\/P1090577-1-1980x1654.jpg 1980w\" sizes=\"auto, (max-width: 300px) 100vw, 300px\" \/><\/p>\n<div>\n<p>Depuis 2018 la tribu QUE MAS est un ensemble polyphonique d\u2019une quinzaine de chanteuses et chanteurs situ\u00e9 dans le bassin de Londres (H\u00e9rault)<\/p>\n<p>Elle est entra\u00een\u00e9e par Olivier L\u2019H\u00f4te et son r\u00e9pertoire est compos\u00e9 de chants du bassin m\u00e9diterran\u00e9en et d\u2019Europe de l\u2019Est.<\/p>\n<p>Leurs concerts sont \u00e9nergiques et color\u00e9s, QUE MAS tente de reproduire le timbre et l\u2019 harmonie des chants traditionnels qui ont parcouru les si\u00e8cles pour parvenir jusqu\u2019\u00e0 vos oreilles \u00a0(chants de travail, de c\u00e9l\u00e9bration ou de luttes)<\/p>\n<\/div>\n","protected":false},"excerpt":{"rendered":"<p>La compagnie Entre Deux Averses pose ses valises au Plan d\u2019eau de St Bauzille de Putois le temps d\u2019une semaine et vous invite \u00e0 partager des moments artistiques et conviviaux. [&hellip;]<\/p>\n","protected":false},"author":1,"featured_media":1528,"template":"","meta":{"_tribe_events_status":"","_tribe_events_status_reason":"","footnotes":""},"tags":[],"tribe_events_cat":[10,8],"class_list":["post-1527","tribe_events","type-tribe_events","status-publish","has-post-thumbnail","hentry","tribe_events_cat-juillet","tribe_events_cat-soiree-speciale","cat_juillet","cat_soiree-speciale"],"_links":{"self":[{"href":"https:\/\/lesmouffettes.fr\/index.php\/wp-json\/wp\/v2\/tribe_events\/1527","targetHints":{"allow":["GET"]}}],"collection":[{"href":"https:\/\/lesmouffettes.fr\/index.php\/wp-json\/wp\/v2\/tribe_events"}],"about":[{"href":"https:\/\/lesmouffettes.fr\/index.php\/wp-json\/wp\/v2\/types\/tribe_events"}],"author":[{"embeddable":true,"href":"https:\/\/lesmouffettes.fr\/index.php\/wp-json\/wp\/v2\/users\/1"}],"version-history":[{"count":10,"href":"https:\/\/lesmouffettes.fr\/index.php\/wp-json\/wp\/v2\/tribe_events\/1527\/revisions"}],"predecessor-version":[{"id":1623,"href":"https:\/\/lesmouffettes.fr\/index.php\/wp-json\/wp\/v2\/tribe_events\/1527\/revisions\/1623"}],"wp:featuredmedia":[{"embeddable":true,"href":"https:\/\/lesmouffettes.fr\/index.php\/wp-json\/wp\/v2\/media\/1528"}],"wp:attachment":[{"href":"https:\/\/lesmouffettes.fr\/index.php\/wp-json\/wp\/v2\/media?parent=1527"}],"wp:term":[{"taxonomy":"post_tag","embeddable":true,"href":"https:\/\/lesmouffettes.fr\/index.php\/wp-json\/wp\/v2\/tags?post=1527"},{"taxonomy":"tribe_events_cat","embeddable":true,"href":"https:\/\/lesmouffettes.fr\/index.php\/wp-json\/wp\/v2\/tribe_events_cat?post=1527"}],"curies":[{"name":"wp","href":"https:\/\/api.w.org\/{rel}","templated":true}]}}

<div>La compagnie Entre Deux Averses pose ses valises au Plan d’eau de St Bauzille de Putois le temps d’une semaine et vous invite à partager des moments artistiques et conviviaux. “Rejoignez-nous chez nous chez vous”</div>
<div>Un moment d’infusion en continu ponctué d’ateliers, de repas partagés, d&rsquo;événements sensibles, gratuits et ouverts à toutes et tous.</div>
<div></div>
<div>Programme détaillé disponible sur place.</div>
<div>Notez d&rsquo;ores et déjà la soirée de clôture le samedi 31 août avec repas partagé, Cabaret et Concert !</div>
<div><a href="https://fb.me/e/hmgrAfkqU">Plus d&rsquo;infos ici &gt;&gt;&gt;</a></div>
<div></div>
<h2 style="text-align: center;">*</h2>
<h5>A  cette occasion Les Mouffettes invitent l&rsquo;ensemble vocal Que Mas</h5>
<p><img loading="lazy" decoding="async" class="size-medium wp-image-636 alignleft" src="https://lesmouffettes.fr/wp-content/uploads/2023/01/P1090577-1-300x251.jpg" alt="" width="300" height="251" srcset="https://lesmouffettes.fr/wp-content/uploads/2023/01/P1090577-1-300x251.jpg 300w, https://lesmouffettes.fr/wp-content/uploads/2023/01/P1090577-1-1024x855.jpg 1024w, https://lesmouffettes.fr/wp-content/uploads/2023/01/P1090577-1-768x641.jpg 768w, https://lesmouffettes.fr/wp-content/uploads/2023/01/P1090577-1-1536x1283.jpg 1536w, https://lesmouffettes.fr/wp-content/uploads/2023/01/P1090577-1-2048x1711.jpg 2048w, https://lesmouffettes.fr/wp-content/uploads/2023/01/P1090577-1-1200x1002.jpg 1200w, https://lesmouffettes.fr/wp-content/uploads/2023/01/P1090577-1-1980x1654.jpg 1980w" sizes="auto, (max-width: 300px) 100vw, 300px" /></p>
<div>
<p>Depuis 2018 la tribu QUE MAS est un ensemble polyphonique d’une quinzaine de chanteuses et chanteurs situé dans le bassin de Londres (Hérault)</p>
<p>Elle est entraînée par Olivier L’Hôte et son répertoire est composé de chants du bassin méditerranéen et d’Europe de l’Est.</p>
<p>Leurs concerts sont énergiques et colorés, QUE MAS tente de reproduire le timbre et l’ harmonie des chants traditionnels qui ont parcouru les siècles pour parvenir jusqu’à vos oreilles  (chants de travail, de célébration ou de luttes)</p>
</div>

<p>La compagnie Entre Deux Averses pose ses valises au Plan d’eau de St Bauzille de Putois le temps d’une semaine et vous invite à partager des moments artistiques et conviviaux. [&hellip;]</p>
