{"id":1586,"date":"2024-08-27T12:54:32","date_gmt":"2024-08-27T10:54:32","guid":{"rendered":"https:\/\/lesmouffettes.fr\/?post_type=tribe_events&#038;p=1586"},"modified":"2024-08-27T12:54:32","modified_gmt":"2024-08-27T10:54:32","slug":"decrochez-moi-ca-ouverture-de-saison-du-theatre-albarede","status":"publish","type":"tribe_events","link":"https:\/\/lesmouffettes.fr\/index.php\/event\/decrochez-moi-ca-ouverture-de-saison-du-theatre-albarede\/","title":{"rendered":"D\u00e9crochez moi \u00e7a! Ouverture de saison du Th\u00e9\u00e2tre Albar\u00e8de"},"content":{"rendered":"<p><em>En ouverture de saison 2024\/2025, le th\u00e9\u00e2tre Albar\u00e8de a le plaisir de vous convier \u00e0 4 soir\u00e9es exceptionnelles, sous chapiteau !<\/em><\/p>\n<p><strong>D\u00e9crochez-moi \u00e7a !<br \/>\nCirque B\u00eates de foire<\/strong><\/p>\n<p><em><strong>Un cirque intemporel et onirique, qui charrie les \u00e2mes jusqu\u2019aux tr\u00e9fonds de l\u2019humanit\u00e9.<\/strong><\/em><\/p>\n<p><strong>Au Plan d\u2019eau \u00e0 Saint-Bauzille-de-Putois, du 12 au 15 septembre 2024 :<\/strong><br \/>\nJeudi 12 \u00e0 21h, vendredi 13 \u00e0 21h, samedi 14 \u00e0 21h et dimanche 15 \u00e0 19h.<br \/>\nEn partenariat avec la commune de Saint-Bauzille-de-Putois.<\/p>\n<p>Tarif unique :\u00a07 \u20ac<br \/>\n<a href=\"https:\/\/www.vostickets.net\/billet\/FR\/representation-THEATRE_ALBAREDE-23569-0.wb?REFID=r3koAAAAAABSAA\">&gt;&gt; R\u00e9servation et paiement en ligne &lt;&lt;<\/a><\/p>\n<p>&nbsp;<\/p>\n<h6>Les Mouffettes sont partenaires de la soir\u00e9e du SAMEDI 14 SEPTEMBRE en proposant leur caf\u00e9 d\u00e9localis\u00e9 sur le plan d&rsquo;eau et la programmation du concert <a href=\"https:\/\/lesmouffettes.fr\/index.php\/event\/the-pomodors\/\">THE POMODORS<\/a>.<\/h6>\n<p><img loading=\"lazy\" decoding=\"async\" class=\"alignnone wp-image-1590 size-large\" src=\"https:\/\/lesmouffettes.fr\/wp-content\/uploads\/2024\/08\/452258474_1012551554209472_4204550862551591619_n-724x1024.jpg\" alt=\"\" width=\"580\" height=\"820\" srcset=\"https:\/\/lesmouffettes.fr\/wp-content\/uploads\/2024\/08\/452258474_1012551554209472_4204550862551591619_n-724x1024.jpg 724w, https:\/\/lesmouffettes.fr\/wp-content\/uploads\/2024\/08\/452258474_1012551554209472_4204550862551591619_n-212x300.jpg 212w, https:\/\/lesmouffettes.fr\/wp-content\/uploads\/2024\/08\/452258474_1012551554209472_4204550862551591619_n-768x1086.jpg 768w, https:\/\/lesmouffettes.fr\/wp-content\/uploads\/2024\/08\/452258474_1012551554209472_4204550862551591619_n.jpg 992w\" sizes=\"auto, (max-width: 580px) 100vw, 580px\" \/><\/p>\n","protected":false},"excerpt":{"rendered":"<p>En ouverture de saison 2024\/2025, le th\u00e9\u00e2tre Albar\u00e8de a le plaisir de vous convier \u00e0 4 soir\u00e9es exceptionnelles, sous chapiteau ! D\u00e9crochez-moi \u00e7a ! Cirque B\u00eates de foire Un cirque [&hellip;]<\/p>\n","protected":false},"author":1,"featured_media":1587,"template":"","meta":{"_tribe_events_status":"","_tribe_events_status_reason":"","footnotes":""},"tags":[],"tribe_events_cat":[11,8],"class_list":["post-1586","tribe_events","type-tribe_events","status-publish","has-post-thumbnail","hentry","tribe_events_cat-septembre-octobre","tribe_events_cat-soiree-speciale","cat_septembre-octobre","cat_soiree-speciale"],"_links":{"self":[{"href":"https:\/\/lesmouffettes.fr\/index.php\/wp-json\/wp\/v2\/tribe_events\/1586","targetHints":{"allow":["GET"]}}],"collection":[{"href":"https:\/\/lesmouffettes.fr\/index.php\/wp-json\/wp\/v2\/tribe_events"}],"about":[{"href":"https:\/\/lesmouffettes.fr\/index.php\/wp-json\/wp\/v2\/types\/tribe_events"}],"author":[{"embeddable":true,"href":"https:\/\/lesmouffettes.fr\/index.php\/wp-json\/wp\/v2\/users\/1"}],"version-history":[{"count":3,"href":"https:\/\/lesmouffettes.fr\/index.php\/wp-json\/wp\/v2\/tribe_events\/1586\/revisions"}],"predecessor-version":[{"id":1595,"href":"https:\/\/lesmouffettes.fr\/index.php\/wp-json\/wp\/v2\/tribe_events\/1586\/revisions\/1595"}],"wp:featuredmedia":[{"embeddable":true,"href":"https:\/\/lesmouffettes.fr\/index.php\/wp-json\/wp\/v2\/media\/1587"}],"wp:attachment":[{"href":"https:\/\/lesmouffettes.fr\/index.php\/wp-json\/wp\/v2\/media?parent=1586"}],"wp:term":[{"taxonomy":"post_tag","embeddable":true,"href":"https:\/\/lesmouffettes.fr\/index.php\/wp-json\/wp\/v2\/tags?post=1586"},{"taxonomy":"tribe_events_cat","embeddable":true,"href":"https:\/\/lesmouffettes.fr\/index.php\/wp-json\/wp\/v2\/tribe_events_cat?post=1586"}],"curies":[{"name":"wp","href":"https:\/\/api.w.org\/{rel}","templated":true}]}}

Décrochez moi ça! Ouverture de saison du Théâtre Albarède

<p><em>En ouverture de saison 2024/2025, le théâtre Albarède a le plaisir de vous convier à 4 soirées exceptionnelles, sous chapiteau !</em></p>
<p><strong>Décrochez-moi ça !<br />
Cirque Bêtes de foire</strong></p>
<p><em><strong>Un cirque intemporel et onirique, qui charrie les âmes jusqu’aux tréfonds de l’humanité.</strong></em></p>
<p><strong>Au Plan d’eau à Saint-Bauzille-de-Putois, du 12 au 15 septembre 2024 :</strong><br />
Jeudi 12 à 21h, vendredi 13 à 21h, samedi 14 à 21h et dimanche 15 à 19h.<br />
En partenariat avec la commune de Saint-Bauzille-de-Putois.</p>
<p>Tarif unique : 7 €<br />
<a href="https://www.vostickets.net/billet/FR/representation-THEATRE_ALBAREDE-23569-0.wb?REFID=r3koAAAAAABSAA">&gt;&gt; Réservation et paiement en ligne &lt;&lt;</a></p>
<p>&nbsp;</p>
<h6>Les Mouffettes sont partenaires de la soirée du SAMEDI 14 SEPTEMBRE en proposant leur café délocalisé sur le plan d&rsquo;eau et la programmation du concert <a href="https://lesmouffettes.fr/index.php/event/the-pomodors/">THE POMODORS</a>.</h6>
<p><img loading="lazy" decoding="async" class="alignnone wp-image-1590 size-large" src="https://lesmouffettes.fr/wp-content/uploads/2024/08/452258474_1012551554209472_4204550862551591619_n-724x1024.jpg" alt="" width="580" height="820" srcset="https://lesmouffettes.fr/wp-content/uploads/2024/08/452258474_1012551554209472_4204550862551591619_n-724x1024.jpg 724w, https://lesmouffettes.fr/wp-content/uploads/2024/08/452258474_1012551554209472_4204550862551591619_n-212x300.jpg 212w, https://lesmouffettes.fr/wp-content/uploads/2024/08/452258474_1012551554209472_4204550862551591619_n-768x1086.jpg 768w, https://lesmouffettes.fr/wp-content/uploads/2024/08/452258474_1012551554209472_4204550862551591619_n.jpg 992w" sizes="auto, (max-width: 580px) 100vw, 580px" /></p>

<p>En ouverture de saison 2024/2025, le théâtre Albarède a le plaisir de vous convier à 4 soirées exceptionnelles, sous chapiteau ! Décrochez-moi ça ! Cirque Bêtes de foire Un cirque [&hellip;]</p>
