{"id":1598,"date":"2024-08-27T13:08:17","date_gmt":"2024-08-27T11:08:17","guid":{"rendered":"https:\/\/lesmouffettes.fr\/?post_type=tribe_events&#038;p=1598"},"modified":"2024-08-28T09:37:38","modified_gmt":"2024-08-28T07:37:38","slug":"vernissage-expo-valentine-desir","status":"publish","type":"tribe_events","link":"https:\/\/lesmouffettes.fr\/index.php\/event\/vernissage-expo-valentine-desir\/","title":{"rendered":"vernissage EXPO Valentine Desir"},"content":{"rendered":"<h5>VALENTINE DESIR<\/h5>\n<h6>VERNISSAGE EXPOSITION<br \/>\nseptembre octobre novembre 2024<\/h6>\n<div>\u00a0\u00bb On pourra y d\u00e9couvrir un chaos ordonn\u00e9 avec soin, ainsi qu&rsquo;une recherche continue de l&rsquo;harmonie vibratoire, souvent psych\u00e9d\u00e9lique, voire hypnotique.<\/div>\n<div>Si le travail de Valentine est r\u00e9solument sombre, il est pourtant \u00e9galement nourri par la lumi\u00e8re.<\/div>\n<div>Inspir\u00e9 autant par la culture populaire que par l&rsquo;histoire de l&rsquo;art. Voyageant \u00e0 travers le temps, depuis la pr\u00e9histoire jusqu&rsquo;\u00e0 l&rsquo;\u00e9poque contemporaine. Puisant son \u00e9nergie dans diff\u00e9rentes p\u00e9riodes, notamment le romantisme ou le surr\u00e9alisme&#8230;<\/div>\n<div>Et tout cela avec une approche un peu punk, mais toujours pleine de tendresse!\u00a0\u00bb<\/div>\n<div><\/div>\n<div><a href=\"http:\/\/valentinedesir.com\/\" target=\"_blank\" rel=\"noopener\" data-saferedirecturl=\"https:\/\/www.google.com\/url?q=http:\/\/valentinedesir.com&amp;source=gmail&amp;ust=1724845723913000&amp;usg=AOvVaw06J4vRuX8Y31ltkzCRy9Ao\">valentinedesir.com<\/a><\/div>\n","protected":false},"excerpt":{"rendered":"<p>VALENTINE DESIR VERNISSAGE EXPOSITION septembre octobre novembre 2024 \u00a0\u00bb On pourra y d\u00e9couvrir un chaos ordonn\u00e9 avec soin, ainsi qu&rsquo;une recherche continue de l&rsquo;harmonie vibratoire, souvent psych\u00e9d\u00e9lique, voire hypnotique. Si [&hellip;]<\/p>\n","protected":false},"author":1,"featured_media":1616,"template":"","meta":{"_tribe_events_status":"","_tribe_events_status_reason":"","footnotes":""},"tags":[],"tribe_events_cat":[11,8],"class_list":["post-1598","tribe_events","type-tribe_events","status-publish","has-post-thumbnail","hentry","tribe_events_cat-septembre-octobre","tribe_events_cat-soiree-speciale","cat_septembre-octobre","cat_soiree-speciale"],"_links":{"self":[{"href":"https:\/\/lesmouffettes.fr\/index.php\/wp-json\/wp\/v2\/tribe_events\/1598","targetHints":{"allow":["GET"]}}],"collection":[{"href":"https:\/\/lesmouffettes.fr\/index.php\/wp-json\/wp\/v2\/tribe_events"}],"about":[{"href":"https:\/\/lesmouffettes.fr\/index.php\/wp-json\/wp\/v2\/types\/tribe_events"}],"author":[{"embeddable":true,"href":"https:\/\/lesmouffettes.fr\/index.php\/wp-json\/wp\/v2\/users\/1"}],"version-history":[{"count":4,"href":"https:\/\/lesmouffettes.fr\/index.php\/wp-json\/wp\/v2\/tribe_events\/1598\/revisions"}],"predecessor-version":[{"id":1615,"href":"https:\/\/lesmouffettes.fr\/index.php\/wp-json\/wp\/v2\/tribe_events\/1598\/revisions\/1615"}],"wp:featuredmedia":[{"embeddable":true,"href":"https:\/\/lesmouffettes.fr\/index.php\/wp-json\/wp\/v2\/media\/1616"}],"wp:attachment":[{"href":"https:\/\/lesmouffettes.fr\/index.php\/wp-json\/wp\/v2\/media?parent=1598"}],"wp:term":[{"taxonomy":"post_tag","embeddable":true,"href":"https:\/\/lesmouffettes.fr\/index.php\/wp-json\/wp\/v2\/tags?post=1598"},{"taxonomy":"tribe_events_cat","embeddable":true,"href":"https:\/\/lesmouffettes.fr\/index.php\/wp-json\/wp\/v2\/tribe_events_cat?post=1598"}],"curies":[{"name":"wp","href":"https:\/\/api.w.org\/{rel}","templated":true}]}}

<h5>VALENTINE DESIR</h5>
<h6>VERNISSAGE EXPOSITION<br />
septembre octobre novembre 2024</h6>
<div> » On pourra y découvrir un chaos ordonné avec soin, ainsi qu&rsquo;une recherche continue de l&rsquo;harmonie vibratoire, souvent psychédélique, voire hypnotique.</div>
<div>Si le travail de Valentine est résolument sombre, il est pourtant également nourri par la lumière.</div>
<div>Inspiré autant par la culture populaire que par l&rsquo;histoire de l&rsquo;art. Voyageant à travers le temps, depuis la préhistoire jusqu&rsquo;à l&rsquo;époque contemporaine. Puisant son énergie dans différentes périodes, notamment le romantisme ou le surréalisme&#8230;</div>
<div>Et tout cela avec une approche un peu punk, mais toujours pleine de tendresse! »</div>
<div></div>
<div><a href="http://valentinedesir.com/" target="_blank" rel="noopener" data-saferedirecturl="https://www.google.com/url?q=http://valentinedesir.com&amp;source=gmail&amp;ust=1724845723913000&amp;usg=AOvVaw06J4vRuX8Y31ltkzCRy9Ao">valentinedesir.com</a></div>

<p>VALENTINE DESIR VERNISSAGE EXPOSITION septembre octobre novembre 2024  » On pourra y découvrir un chaos ordonné avec soin, ainsi qu&rsquo;une recherche continue de l&rsquo;harmonie vibratoire, souvent psychédélique, voire hypnotique. Si [&hellip;]</p>
