{"id":1721,"date":"2024-10-22T13:07:31","date_gmt":"2024-10-22T11:07:31","guid":{"rendered":"https:\/\/lesmouffettes.fr\/?post_type=tribe_events&#038;p=1721"},"modified":"2024-10-22T16:22:25","modified_gmt":"2024-10-22T14:22:25","slug":"facon-facon-2","status":"publish","type":"tribe_events","link":"https:\/\/lesmouffettes.fr\/index.php\/event\/facon-facon-2\/","title":{"rendered":"Fa\u00e7on-Fa\u00e7on"},"content":{"rendered":"<h5>Bal pour le coeur<\/h5>\n<p>Une petite \u00eele imaginaire sur laquelle se d\u00e9ploie un duo et sa po\u00e9sie singuli\u00e8re, le chant et le chant-signe, incluant l\u2019inaudible&#8230; Une \u00eele sonore aux inspirations tropicales (Br\u00e9sil, R\u00e9union) qui nous invite \u00e0 la danse \u00e0 sa fa\u00e7on!<\/p>\n<p>Une dr\u00f4le de polyphonie \u00e0 2 voix et 4 mains au coeur de chansons en fran\u00e7ais et de compositions originales.<br \/>\nC\u2019est un concert qui devient spectacle pour un instant de proximit\u00e9 avec le public.<\/p>\n<p>Tant\u00f4t minimaliste, tant\u00f4t obstin\u00e9, sensible surtout. Un duo en \u00e9quilibre, entre force et fragilit\u00e9.<\/p>\n<ul>\n<li><em>Spectacle en cr\u00e9ation<\/em><\/li>\n<li><a href=\"https:\/\/www.facebook.com\/Fa\u00e7on-Fa\u00e7on-104717775225809\">\u00e0 voir \u00e0 \u00e9couter<\/a><\/li>\n<\/ul>\n<p><iframe loading=\"lazy\" title=\"FA\u00c7ON-FA\u00c7ON - Teaser officiel - 2024\" width=\"580\" height=\"326\" src=\"https:\/\/www.youtube.com\/embed\/hCpYooRtwdg?feature=oembed\" frameborder=\"0\" allow=\"accelerometer; autoplay; clipboard-write; encrypted-media; gyroscope; picture-in-picture; web-share\" referrerpolicy=\"strict-origin-when-cross-origin\" allowfullscreen><\/iframe><\/p>\n","protected":false},"excerpt":{"rendered":"<p>Bal pour le coeur Une petite \u00eele imaginaire sur laquelle se d\u00e9ploie un duo et sa po\u00e9sie singuli\u00e8re, le chant et le chant-signe, incluant l\u2019inaudible&#8230; Une \u00eele sonore aux inspirations [&hellip;]<\/p>\n","protected":false},"author":1,"featured_media":1722,"template":"","meta":{"_tribe_events_status":"","_tribe_events_status_reason":"","footnotes":""},"tags":[],"tribe_events_cat":[12,8],"class_list":["post-1721","tribe_events","type-tribe_events","status-publish","has-post-thumbnail","hentry","tribe_events_cat-novembre-decembre","tribe_events_cat-soiree-speciale","cat_novembre-decembre","cat_soiree-speciale"],"_links":{"self":[{"href":"https:\/\/lesmouffettes.fr\/index.php\/wp-json\/wp\/v2\/tribe_events\/1721","targetHints":{"allow":["GET"]}}],"collection":[{"href":"https:\/\/lesmouffettes.fr\/index.php\/wp-json\/wp\/v2\/tribe_events"}],"about":[{"href":"https:\/\/lesmouffettes.fr\/index.php\/wp-json\/wp\/v2\/types\/tribe_events"}],"author":[{"embeddable":true,"href":"https:\/\/lesmouffettes.fr\/index.php\/wp-json\/wp\/v2\/users\/1"}],"version-history":[{"count":6,"href":"https:\/\/lesmouffettes.fr\/index.php\/wp-json\/wp\/v2\/tribe_events\/1721\/revisions"}],"predecessor-version":[{"id":1747,"href":"https:\/\/lesmouffettes.fr\/index.php\/wp-json\/wp\/v2\/tribe_events\/1721\/revisions\/1747"}],"wp:featuredmedia":[{"embeddable":true,"href":"https:\/\/lesmouffettes.fr\/index.php\/wp-json\/wp\/v2\/media\/1722"}],"wp:attachment":[{"href":"https:\/\/lesmouffettes.fr\/index.php\/wp-json\/wp\/v2\/media?parent=1721"}],"wp:term":[{"taxonomy":"post_tag","embeddable":true,"href":"https:\/\/lesmouffettes.fr\/index.php\/wp-json\/wp\/v2\/tags?post=1721"},{"taxonomy":"tribe_events_cat","embeddable":true,"href":"https:\/\/lesmouffettes.fr\/index.php\/wp-json\/wp\/v2\/tribe_events_cat?post=1721"}],"curies":[{"name":"wp","href":"https:\/\/api.w.org\/{rel}","templated":true}]}}

Façon-Façon

<h5>Bal pour le coeur</h5>
<p>Une petite île imaginaire sur laquelle se déploie un duo et sa poésie singulière, le chant et le chant-signe, incluant l’inaudible&#8230; Une île sonore aux inspirations tropicales (Brésil, Réunion) qui nous invite à la danse à sa façon!</p>
<p>Une drôle de polyphonie à 2 voix et 4 mains au coeur de chansons en français et de compositions originales.<br />
C’est un concert qui devient spectacle pour un instant de proximité avec le public.</p>
<p>Tantôt minimaliste, tantôt obstiné, sensible surtout. Un duo en équilibre, entre force et fragilité.</p>
<ul>
<li><em>Spectacle en création</em></li>
<li><a href="https://www.facebook.com/Façon-Façon-104717775225809">à voir à écouter</a></li>
</ul>
<p><iframe loading="lazy" title="FAÇON-FAÇON - Teaser officiel - 2024" width="580" height="326" src="https://www.youtube.com/embed/hCpYooRtwdg?feature=oembed" frameborder="0" allow="accelerometer; autoplay; clipboard-write; encrypted-media; gyroscope; picture-in-picture; web-share" referrerpolicy="strict-origin-when-cross-origin" allowfullscreen></iframe></p>

<p>Bal pour le coeur Une petite île imaginaire sur laquelle se déploie un duo et sa poésie singulière, le chant et le chant-signe, incluant l’inaudible&#8230; Une île sonore aux inspirations [&hellip;]</p>
