{"id":1725,"date":"2024-10-22T13:24:37","date_gmt":"2024-10-22T11:24:37","guid":{"rendered":"https:\/\/lesmouffettes.fr\/?post_type=tribe_events&#038;p=1725"},"modified":"2024-10-22T14:41:05","modified_gmt":"2024-10-22T12:41:05","slug":"atelier-chant-signe-avec-facon-facon","status":"publish","type":"tribe_events","link":"https:\/\/lesmouffettes.fr\/index.php\/event\/atelier-chant-signe-avec-facon-facon\/","title":{"rendered":"ATELIER chant signe avec Fa\u00e7on-Fa\u00e7on"},"content":{"rendered":"<p><strong>Dans le cadre de l&rsquo;\u00e9v\u00e9nement \u00e0 la Filature, le duo Fa\u00e7on-Fa\u00e7on propose un atelier chant-signe.<\/strong><\/p>\n<p>Ensemble et dans les mains experte de Cyril et Gabriel, il s\u2019agira d\u2019apprendre une chanson du groupe et son \u00ab chant-signe \u00bb, chor\u00e9graphie po\u00e9tique en Langue Des Signes Fran\u00e7aise (LSF).<\/p>\n<ul>\n<li>Dur\u00e9e : 45 minutes \u2013 Tout niveau<\/li>\n<li>Sur inscription \u00e0 cafe@lesmouffettes.fr ou au comptoir des Mouffettes, ou sur place \u00e0 18h30 p\u00e9tantes!<\/li>\n<li>Participation libre et n\u00e9cessaire<\/li>\n<\/ul>\n<p><iframe loading=\"lazy\" title=\"Teaser atelier chantsigne - Fa\u00e7on-Fa\u00e7on\" width=\"580\" height=\"326\" src=\"https:\/\/www.youtube.com\/embed\/3AVb58RLD3U?feature=oembed\" frameborder=\"0\" allow=\"accelerometer; autoplay; clipboard-write; encrypted-media; gyroscope; picture-in-picture; web-share\" referrerpolicy=\"strict-origin-when-cross-origin\" allowfullscreen><\/iframe><\/p>\n","protected":false},"excerpt":{"rendered":"<p>Dans le cadre de l&rsquo;\u00e9v\u00e9nement \u00e0 la Filature, le duo Fa\u00e7on-Fa\u00e7on propose un atelier chant-signe. Ensemble et dans les mains experte de Cyril et Gabriel, il s\u2019agira d\u2019apprendre une chanson [&hellip;]<\/p>\n","protected":false},"author":1,"featured_media":1731,"template":"","meta":{"_tribe_events_status":"","_tribe_events_status_reason":"","footnotes":""},"tags":[],"tribe_events_cat":[12,13],"class_list":["post-1725","tribe_events","type-tribe_events","status-publish","has-post-thumbnail","hentry","tribe_events_cat-novembre-decembre","tribe_events_cat-rencontres-ateliers","cat_novembre-decembre","cat_rencontres-ateliers"],"_links":{"self":[{"href":"https:\/\/lesmouffettes.fr\/index.php\/wp-json\/wp\/v2\/tribe_events\/1725","targetHints":{"allow":["GET"]}}],"collection":[{"href":"https:\/\/lesmouffettes.fr\/index.php\/wp-json\/wp\/v2\/tribe_events"}],"about":[{"href":"https:\/\/lesmouffettes.fr\/index.php\/wp-json\/wp\/v2\/types\/tribe_events"}],"author":[{"embeddable":true,"href":"https:\/\/lesmouffettes.fr\/index.php\/wp-json\/wp\/v2\/users\/1"}],"version-history":[{"count":7,"href":"https:\/\/lesmouffettes.fr\/index.php\/wp-json\/wp\/v2\/tribe_events\/1725\/revisions"}],"predecessor-version":[{"id":1736,"href":"https:\/\/lesmouffettes.fr\/index.php\/wp-json\/wp\/v2\/tribe_events\/1725\/revisions\/1736"}],"wp:featuredmedia":[{"embeddable":true,"href":"https:\/\/lesmouffettes.fr\/index.php\/wp-json\/wp\/v2\/media\/1731"}],"wp:attachment":[{"href":"https:\/\/lesmouffettes.fr\/index.php\/wp-json\/wp\/v2\/media?parent=1725"}],"wp:term":[{"taxonomy":"post_tag","embeddable":true,"href":"https:\/\/lesmouffettes.fr\/index.php\/wp-json\/wp\/v2\/tags?post=1725"},{"taxonomy":"tribe_events_cat","embeddable":true,"href":"https:\/\/lesmouffettes.fr\/index.php\/wp-json\/wp\/v2\/tribe_events_cat?post=1725"}],"curies":[{"name":"wp","href":"https:\/\/api.w.org\/{rel}","templated":true}]}}

ATELIER chant signe avec Façon-Façon

<p><strong>Dans le cadre de l&rsquo;événement à la Filature, le duo Façon-Façon propose un atelier chant-signe.</strong></p>
<p>Ensemble et dans les mains experte de Cyril et Gabriel, il s’agira d’apprendre une chanson du groupe et son « chant-signe », chorégraphie poétique en Langue Des Signes Française (LSF).</p>
<ul>
<li>Durée : 45 minutes – Tout niveau</li>
<li>Sur inscription à cafe@lesmouffettes.fr ou au comptoir des Mouffettes, ou sur place à 18h30 pétantes!</li>
<li>Participation libre et nécessaire</li>
</ul>
<p><iframe loading="lazy" title="Teaser atelier chantsigne - Façon-Façon" width="580" height="326" src="https://www.youtube.com/embed/3AVb58RLD3U?feature=oembed" frameborder="0" allow="accelerometer; autoplay; clipboard-write; encrypted-media; gyroscope; picture-in-picture; web-share" referrerpolicy="strict-origin-when-cross-origin" allowfullscreen></iframe></p>

<p>Dans le cadre de l&rsquo;événement à la Filature, le duo Façon-Façon propose un atelier chant-signe. Ensemble et dans les mains experte de Cyril et Gabriel, il s’agira d’apprendre une chanson [&hellip;]</p>
