{"id":1987,"date":"2025-03-04T16:27:04","date_gmt":"2025-03-04T15:27:04","guid":{"rendered":"https:\/\/lesmouffettes.fr\/?post_type=tribe_events&#038;p=1987"},"modified":"2025-03-04T17:10:31","modified_gmt":"2025-03-04T16:10:31","slug":"les-kaoticos","status":"publish","type":"tribe_events","link":"https:\/\/lesmouffettes.fr\/index.php\/event\/les-kaoticos\/","title":{"rendered":"Les Kaoticos"},"content":{"rendered":"<h5>Ensemble vocal<\/h5>\n<p>Les Kaoticos, c&rsquo;est une chorale auto-g\u00e9r\u00e9e bas\u00e9e en pays viganais. Le r\u00e9pertoire allie des chansons folkloriques \u00e0 des chants militants, toujours issus d&rsquo;Am\u00e9rique du Sud. L&rsquo;\u00e9nergie de ce groupe color\u00e9 est entrainante et invite le public \u00e0 chanter lui-aussi.<\/p>\n","protected":false},"excerpt":{"rendered":"<p>Ensemble vocal Les Kaoticos, c&rsquo;est une chorale auto-g\u00e9r\u00e9e bas\u00e9e en pays viganais. Le r\u00e9pertoire allie des chansons folkloriques \u00e0 des chants militants, toujours issus d&rsquo;Am\u00e9rique du Sud. L&rsquo;\u00e9nergie de ce [&hellip;]<\/p>\n","protected":false},"author":1,"featured_media":1988,"template":"","meta":{"_tribe_events_status":"","_tribe_events_status_reason":"","footnotes":""},"tags":[],"tribe_events_cat":[16],"class_list":["post-1987","tribe_events","type-tribe_events","status-publish","has-post-thumbnail","hentry","tribe_events_cat-mai-juin","cat_mai-juin"],"_links":{"self":[{"href":"https:\/\/lesmouffettes.fr\/index.php\/wp-json\/wp\/v2\/tribe_events\/1987","targetHints":{"allow":["GET"]}}],"collection":[{"href":"https:\/\/lesmouffettes.fr\/index.php\/wp-json\/wp\/v2\/tribe_events"}],"about":[{"href":"https:\/\/lesmouffettes.fr\/index.php\/wp-json\/wp\/v2\/types\/tribe_events"}],"author":[{"embeddable":true,"href":"https:\/\/lesmouffettes.fr\/index.php\/wp-json\/wp\/v2\/users\/1"}],"version-history":[{"count":1,"href":"https:\/\/lesmouffettes.fr\/index.php\/wp-json\/wp\/v2\/tribe_events\/1987\/revisions"}],"predecessor-version":[{"id":1989,"href":"https:\/\/lesmouffettes.fr\/index.php\/wp-json\/wp\/v2\/tribe_events\/1987\/revisions\/1989"}],"wp:featuredmedia":[{"embeddable":true,"href":"https:\/\/lesmouffettes.fr\/index.php\/wp-json\/wp\/v2\/media\/1988"}],"wp:attachment":[{"href":"https:\/\/lesmouffettes.fr\/index.php\/wp-json\/wp\/v2\/media?parent=1987"}],"wp:term":[{"taxonomy":"post_tag","embeddable":true,"href":"https:\/\/lesmouffettes.fr\/index.php\/wp-json\/wp\/v2\/tags?post=1987"},{"taxonomy":"tribe_events_cat","embeddable":true,"href":"https:\/\/lesmouffettes.fr\/index.php\/wp-json\/wp\/v2\/tribe_events_cat?post=1987"}],"curies":[{"name":"wp","href":"https:\/\/api.w.org\/{rel}","templated":true}]}}

<h5>Ensemble vocal</h5>
<p>Les Kaoticos, c&rsquo;est une chorale auto-gérée basée en pays viganais. Le répertoire allie des chansons folkloriques à des chants militants, toujours issus d&rsquo;Amérique du Sud. L&rsquo;énergie de ce groupe coloré est entrainante et invite le public à chanter lui-aussi.</p>

<p>Ensemble vocal Les Kaoticos, c&rsquo;est une chorale auto-gérée basée en pays viganais. Le répertoire allie des chansons folkloriques à des chants militants, toujours issus d&rsquo;Amérique du Sud. L&rsquo;énergie de ce [&hellip;]</p>
