{"id":209,"date":"2022-06-29T23:30:41","date_gmt":"2022-06-29T21:30:41","guid":{"rendered":"http:\/\/lesmouffettes.fr\/?post_type=tribe_events&#038;p=209"},"modified":"2022-08-10T10:50:57","modified_gmt":"2022-08-10T08:50:57","slug":"nika-guilhom","status":"publish","type":"tribe_events","link":"https:\/\/lesmouffettes.fr\/index.php\/event\/nika-guilhom\/","title":{"rendered":"NIKA + GUILHOM"},"content":{"rendered":"<h6>Plateau Indie super cool avec deux artistes et ami.es, Nika et Guilh\u00f6m. Deux sets, plein d&rsquo;ambiances<\/h6>\n<p style=\"text-align: left;\"><a href=\"https:\/\/linktr.ee\/nikaleeflang\"><img loading=\"lazy\" decoding=\"async\" class=\"size-full wp-image-243 alignleft\" src=\"https:\/\/lesmouffettes.fr\/wp-content\/uploads\/2022\/06\/BADSUNDAYweb2.jpg\" alt=\"\" width=\"288\" height=\"288\" srcset=\"https:\/\/lesmouffettes.fr\/wp-content\/uploads\/2022\/06\/BADSUNDAYweb2.jpg 288w, https:\/\/lesmouffettes.fr\/wp-content\/uploads\/2022\/06\/BADSUNDAYweb2-150x150.jpg 150w\" sizes=\"auto, (max-width: 288px) 100vw, 288px\" \/><\/a>Versatile et instinctive, Nika vous emm\u00e8nera sur les chemins de sa pop empirique, laissant sonner toutes les cordes dont elle s\u2019accompagne (Guitare, Voix, programmation boite \u00e0 rythme)<br \/>\nMurmurante ou laissant \u00e9clater son alter ego de rockeuse,<br \/>\nvous entendrez l\u2019histoire de sa fameuse semaine\u2026 Pour les amateurs de P;J Harvey, Elysian Fields, Jackson, Niagara.<\/p>\n<p><a href=\"https:\/\/linktr.ee\/nikaleeflang\">https:\/\/linktr.ee\/nikaleeflang<\/a><\/p>\n<p><img loading=\"lazy\" decoding=\"async\" class=\"alignnone size-medium wp-image-241\" src=\"https:\/\/lesmouffettes.fr\/wp-content\/uploads\/2022\/06\/logoNIKApng-300x139.png\" alt=\"\" width=\"300\" height=\"139\" \/><\/p>\n<p><img loading=\"lazy\" decoding=\"async\" class=\"size-medium wp-image-248 alignright\" src=\"https:\/\/lesmouffettes.fr\/wp-content\/uploads\/2022\/06\/guilhom-electropop-indie-folk-scaled-e1659351234957-223x300.jpg\" alt=\"\" width=\"223\" height=\"300\" srcset=\"https:\/\/lesmouffettes.fr\/wp-content\/uploads\/2022\/06\/guilhom-electropop-indie-folk-scaled-e1659351234957-223x300.jpg 223w, https:\/\/lesmouffettes.fr\/wp-content\/uploads\/2022\/06\/guilhom-electropop-indie-folk-scaled-e1659351234957.jpg 300w\" sizes=\"auto, (max-width: 223px) 100vw, 223px\" \/>GUILH\u00d6M est un chanteur, musicien, auteur et compositeur, originaire de Montpellier. Il propose une musique polymorphe nourrie de nombreuses influences folk, rock, pop, hip-hop, musique de film&#8230; Sur sc\u00e8ne, Guilh\u00f6m nous guide dans un travers\u00e9e<br \/>\nm\u00e9lodique entre rivages folk intimistes et territoires plus rock, navigant entre guitares acoustiques et \u00e9lectriques, boucles et samples, piano lo-fi et claviers analogiques, Fran\u00e7ais ou Anglais au gr\u00e9 de l\u2019instinct et des \u00e9motions.<\/p>\n<p><strong><span style=\"font-family: arial,helvetica,sans-serif;\">Guilh\u00f6m\u00a0<span style=\"font-size: medium;\"><em>[ Folk Rock ]<\/em><\/span><br \/>\n<span style=\"color: #999999; font-size: medium;\"><a href=\"http:\/\/www.guilhom.com\/\" target=\"_blank\" rel=\"noopener\" data-saferedirecturl=\"https:\/\/www.google.com\/url?q=http:\/\/www.guilhom.com&amp;source=gmail&amp;ust=1658830999210000&amp;usg=AOvVaw1qj9utrAXsUxUQaLYFvlDE\">www.guilhom.com<\/a><br \/>\n<a href=\"http:\/\/guilhom.bandcamp.com\/\" target=\"_blank\" rel=\"noopener\" data-saferedirecturl=\"https:\/\/www.google.com\/url?q=http:\/\/guilhom.bandcamp.com&amp;source=gmail&amp;ust=1658830999210000&amp;usg=AOvVaw1ZulaoCMG2INXRpIuAd-8I\">guilhom.bandcamp.com<\/a><\/span><\/span><\/strong><\/p>\n<h2 style=\"text-align: center;\">*<\/h2>\n<div class=\"\" data-block=\"true\" data-editor=\"94lnq\" data-offset-key=\"ai42f-0-0\">\n<div class=\"_1mf _1mj\" data-offset-key=\"ai42f-0-0\"><span data-offset-key=\"ai42f-0-0\">D\u00e8s 18h30: MIAM sur place avec DE FIL EN MAIN cuisine! Des recettes ramen\u00e9es de gr\u00e8ce et des produits toujours locaux et de saison.<\/span><\/div>\n<div data-offset-key=\"ai42f-0-0\">\u2605 Moussaka v\u00e9g\u00e9, sauce feta piment et crudit\u00e9s.<\/div>\n<div data-offset-key=\"ai42f-0-0\">\u2605 Kormos, g\u00e2teau frais au chocolat<\/div>\n<\/div>\n<div class=\"\" data-block=\"true\" data-editor=\"94lnq\" data-offset-key=\"f79fp-0-0\">\n<div class=\"_1mf _1mj\" data-offset-key=\"f79fp-0-0\"><span data-offset-key=\"f79fp-0-0\">Attention: Pas de CB au stand restauration<\/span><\/div>\n<\/div>\n","protected":false},"excerpt":{"rendered":"<p>Plateau Indie super cool avec deux artistes et ami.es, Nika et Guilh\u00f6m. Deux sets, plein d&rsquo;ambiances Versatile et instinctive, Nika vous emm\u00e8nera sur les chemins de sa pop empirique, laissant [&hellip;]<\/p>\n","protected":false},"author":1,"featured_media":210,"template":"","meta":{"_tribe_events_status":"","_tribe_events_status_reason":"","footnotes":""},"tags":[],"tribe_events_cat":[10,7],"class_list":["post-209","tribe_events","type-tribe_events","status-publish","has-post-thumbnail","hentry","tribe_events_cat-juillet","tribe_events_cat-spectacles","cat_juillet","cat_spectacles"],"_links":{"self":[{"href":"https:\/\/lesmouffettes.fr\/index.php\/wp-json\/wp\/v2\/tribe_events\/209","targetHints":{"allow":["GET"]}}],"collection":[{"href":"https:\/\/lesmouffettes.fr\/index.php\/wp-json\/wp\/v2\/tribe_events"}],"about":[{"href":"https:\/\/lesmouffettes.fr\/index.php\/wp-json\/wp\/v2\/types\/tribe_events"}],"author":[{"embeddable":true,"href":"https:\/\/lesmouffettes.fr\/index.php\/wp-json\/wp\/v2\/users\/1"}],"version-history":[{"count":11,"href":"https:\/\/lesmouffettes.fr\/index.php\/wp-json\/wp\/v2\/tribe_events\/209\/revisions"}],"predecessor-version":[{"id":272,"href":"https:\/\/lesmouffettes.fr\/index.php\/wp-json\/wp\/v2\/tribe_events\/209\/revisions\/272"}],"wp:featuredmedia":[{"embeddable":true,"href":"https:\/\/lesmouffettes.fr\/index.php\/wp-json\/wp\/v2\/media\/210"}],"wp:attachment":[{"href":"https:\/\/lesmouffettes.fr\/index.php\/wp-json\/wp\/v2\/media?parent=209"}],"wp:term":[{"taxonomy":"post_tag","embeddable":true,"href":"https:\/\/lesmouffettes.fr\/index.php\/wp-json\/wp\/v2\/tags?post=209"},{"taxonomy":"tribe_events_cat","embeddable":true,"href":"https:\/\/lesmouffettes.fr\/index.php\/wp-json\/wp\/v2\/tribe_events_cat?post=209"}],"curies":[{"name":"wp","href":"https:\/\/api.w.org\/{rel}","templated":true}]}}

<h6>Plateau Indie super cool avec deux artistes et ami.es, Nika et Guilhöm. Deux sets, plein d&rsquo;ambiances</h6>
<p style="text-align: left;"><a href="https://linktr.ee/nikaleeflang"><img loading="lazy" decoding="async" class="size-full wp-image-243 alignleft" src="https://lesmouffettes.fr/wp-content/uploads/2022/06/BADSUNDAYweb2.jpg" alt="" width="288" height="288" srcset="https://lesmouffettes.fr/wp-content/uploads/2022/06/BADSUNDAYweb2.jpg 288w, https://lesmouffettes.fr/wp-content/uploads/2022/06/BADSUNDAYweb2-150x150.jpg 150w" sizes="auto, (max-width: 288px) 100vw, 288px" /></a>Versatile et instinctive, Nika vous emmènera sur les chemins de sa pop empirique, laissant sonner toutes les cordes dont elle s’accompagne (Guitare, Voix, programmation boite à rythme)<br />
Murmurante ou laissant éclater son alter ego de rockeuse,<br />
vous entendrez l’histoire de sa fameuse semaine… Pour les amateurs de P;J Harvey, Elysian Fields, Jackson, Niagara.</p>
<p><a href="https://linktr.ee/nikaleeflang">https://linktr.ee/nikaleeflang</a></p>
<p><img loading="lazy" decoding="async" class="alignnone size-medium wp-image-241" src="https://lesmouffettes.fr/wp-content/uploads/2022/06/logoNIKApng-300x139.png" alt="" width="300" height="139" /></p>
<p><img loading="lazy" decoding="async" class="size-medium wp-image-248 alignright" src="https://lesmouffettes.fr/wp-content/uploads/2022/06/guilhom-electropop-indie-folk-scaled-e1659351234957-223x300.jpg" alt="" width="223" height="300" srcset="https://lesmouffettes.fr/wp-content/uploads/2022/06/guilhom-electropop-indie-folk-scaled-e1659351234957-223x300.jpg 223w, https://lesmouffettes.fr/wp-content/uploads/2022/06/guilhom-electropop-indie-folk-scaled-e1659351234957.jpg 300w" sizes="auto, (max-width: 223px) 100vw, 223px" />GUILHÖM est un chanteur, musicien, auteur et compositeur, originaire de Montpellier. Il propose une musique polymorphe nourrie de nombreuses influences folk, rock, pop, hip-hop, musique de film&#8230; Sur scène, Guilhöm nous guide dans un traversée<br />
mélodique entre rivages folk intimistes et territoires plus rock, navigant entre guitares acoustiques et électriques, boucles et samples, piano lo-fi et claviers analogiques, Français ou Anglais au gré de l’instinct et des émotions.</p>
<p><strong><span style="font-family: arial,helvetica,sans-serif;">Guilhöm <span style="font-size: medium;"><em>[ Folk Rock ]</em></span><br />
<span style="color: #999999; font-size: medium;"><a href="http://www.guilhom.com/" target="_blank" rel="noopener" data-saferedirecturl="https://www.google.com/url?q=http://www.guilhom.com&amp;source=gmail&amp;ust=1658830999210000&amp;usg=AOvVaw1qj9utrAXsUxUQaLYFvlDE">www.guilhom.com</a><br />
<a href="http://guilhom.bandcamp.com/" target="_blank" rel="noopener" data-saferedirecturl="https://www.google.com/url?q=http://guilhom.bandcamp.com&amp;source=gmail&amp;ust=1658830999210000&amp;usg=AOvVaw1ZulaoCMG2INXRpIuAd-8I">guilhom.bandcamp.com</a></span></span></strong></p>
<h2 style="text-align: center;">*</h2>
<div class="" data-block="true" data-editor="94lnq" data-offset-key="ai42f-0-0">
<div class="_1mf _1mj" data-offset-key="ai42f-0-0"><span data-offset-key="ai42f-0-0">Dès 18h30: MIAM sur place avec DE FIL EN MAIN cuisine! Des recettes ramenées de grèce et des produits toujours locaux et de saison.</span></div>
<div data-offset-key="ai42f-0-0">★ Moussaka végé, sauce feta piment et crudités.</div>
<div data-offset-key="ai42f-0-0">★ Kormos, gâteau frais au chocolat</div>
</div>
<div class="" data-block="true" data-editor="94lnq" data-offset-key="f79fp-0-0">
<div class="_1mf _1mj" data-offset-key="f79fp-0-0"><span data-offset-key="f79fp-0-0">Attention: Pas de CB au stand restauration</span></div>
</div>

<p>Plateau Indie super cool avec deux artistes et ami.es, Nika et Guilhöm. Deux sets, plein d&rsquo;ambiances Versatile et instinctive, Nika vous emmènera sur les chemins de sa pop empirique, laissant [&hellip;]</p>
