{"id":2097,"date":"2025-05-22T10:36:50","date_gmt":"2025-05-22T08:36:50","guid":{"rendered":"https:\/\/lesmouffettes.fr\/?post_type=tribe_events&#038;p=2097"},"modified":"2025-05-27T13:35:56","modified_gmt":"2025-05-27T11:35:56","slug":"soiree-occitane-charadisse","status":"publish","type":"tribe_events","link":"https:\/\/lesmouffettes.fr\/index.php\/event\/soiree-occitane-charadisse\/","title":{"rendered":"Soir\u00e9e occitane Charadisse!"},"content":{"rendered":"<p><strong>Un petit voyage ethno-p\u00e9dagogique participatif \u00e0 travers les chants du Languedoc, \u00e7a vous dirait ?<\/strong><\/p>\n<p>Berceuses, tintorletas, chansons de pets et de r\u00e9veil, chants de travail, chants du mois de mai : tout y passera !<br \/>\nVenez \u00e9couter, chanter avec nous et vous initier \u00e0 la langue et culture occitane le temps d&rsquo;une soir\u00e9e ludique et conviviale !<br \/>\nMarie-Jos\u00e9 et Jean-Michel Lhubac, auteur.ices des chansonniers tot\u00e9miques languedociens et Katia Pohler vous accueilleront pour ce voyage chant\u00e9, pour petits et grands&#8230;<br \/>\nA l\u00e8u!<\/p>\n<p>&nbsp;<\/p>\n<ul>\n<li>Ouverture soir\u00e9e \u00e0 19h<\/li>\n<li>Concert \u00e0 20h<\/li>\n<li>Charadisse \u00e0 la suite du concert<\/li>\n<li>Petite biblioth\u00e8que th\u00e9matique sur place<\/li>\n<\/ul>\n","protected":false},"excerpt":{"rendered":"<p>Un petit voyage ethno-p\u00e9dagogique participatif \u00e0 travers les chants du Languedoc, \u00e7a vous dirait ? Berceuses, tintorletas, chansons de pets et de r\u00e9veil, chants de travail, chants du mois de [&hellip;]<\/p>\n","protected":false},"author":1,"featured_media":2108,"template":"","meta":{"_tribe_events_status":"","_tribe_events_status_reason":"","footnotes":""},"tags":[],"tribe_events_cat":[16,13,8],"class_list":["post-2097","tribe_events","type-tribe_events","status-publish","has-post-thumbnail","hentry","tribe_events_cat-mai-juin","tribe_events_cat-rencontres-ateliers","tribe_events_cat-soiree-speciale","cat_mai-juin","cat_rencontres-ateliers","cat_soiree-speciale"],"_links":{"self":[{"href":"https:\/\/lesmouffettes.fr\/index.php\/wp-json\/wp\/v2\/tribe_events\/2097","targetHints":{"allow":["GET"]}}],"collection":[{"href":"https:\/\/lesmouffettes.fr\/index.php\/wp-json\/wp\/v2\/tribe_events"}],"about":[{"href":"https:\/\/lesmouffettes.fr\/index.php\/wp-json\/wp\/v2\/types\/tribe_events"}],"author":[{"embeddable":true,"href":"https:\/\/lesmouffettes.fr\/index.php\/wp-json\/wp\/v2\/users\/1"}],"version-history":[{"count":3,"href":"https:\/\/lesmouffettes.fr\/index.php\/wp-json\/wp\/v2\/tribe_events\/2097\/revisions"}],"predecessor-version":[{"id":2110,"href":"https:\/\/lesmouffettes.fr\/index.php\/wp-json\/wp\/v2\/tribe_events\/2097\/revisions\/2110"}],"wp:featuredmedia":[{"embeddable":true,"href":"https:\/\/lesmouffettes.fr\/index.php\/wp-json\/wp\/v2\/media\/2108"}],"wp:attachment":[{"href":"https:\/\/lesmouffettes.fr\/index.php\/wp-json\/wp\/v2\/media?parent=2097"}],"wp:term":[{"taxonomy":"post_tag","embeddable":true,"href":"https:\/\/lesmouffettes.fr\/index.php\/wp-json\/wp\/v2\/tags?post=2097"},{"taxonomy":"tribe_events_cat","embeddable":true,"href":"https:\/\/lesmouffettes.fr\/index.php\/wp-json\/wp\/v2\/tribe_events_cat?post=2097"}],"curies":[{"name":"wp","href":"https:\/\/api.w.org\/{rel}","templated":true}]}}

Soirée occitane Charadisse!

<p><strong>Un petit voyage ethno-pédagogique participatif à travers les chants du Languedoc, ça vous dirait ?</strong></p>
<p>Berceuses, tintorletas, chansons de pets et de réveil, chants de travail, chants du mois de mai : tout y passera !<br />
Venez écouter, chanter avec nous et vous initier à la langue et culture occitane le temps d&rsquo;une soirée ludique et conviviale !<br />
Marie-José et Jean-Michel Lhubac, auteur.ices des chansonniers totémiques languedociens et Katia Pohler vous accueilleront pour ce voyage chanté, pour petits et grands&#8230;<br />
A lèu!</p>
<p>&nbsp;</p>
<ul>
<li>Ouverture soirée à 19h</li>
<li>Concert à 20h</li>
<li>Charadisse à la suite du concert</li>
<li>Petite bibliothèque thématique sur place</li>
</ul>

<p>Un petit voyage ethno-pédagogique participatif à travers les chants du Languedoc, ça vous dirait ? Berceuses, tintorletas, chansons de pets et de réveil, chants de travail, chants du mois de [&hellip;]</p>
