{"id":2113,"date":"2025-05-28T20:35:07","date_gmt":"2025-05-28T18:35:07","guid":{"rendered":"https:\/\/lesmouffettes.fr\/?post_type=tribe_events&#038;p=2113"},"modified":"2025-05-29T16:37:38","modified_gmt":"2025-05-29T14:37:38","slug":"tecris-toi","status":"publish","type":"tribe_events","link":"https:\/\/lesmouffettes.fr\/index.php\/event\/tecris-toi\/","title":{"rendered":"T&rsquo;\u00e9cris toi?"},"content":{"rendered":"<h5>Sc\u00e8ne ouverte \u00e0 tes textes<\/h5>\n<p>Un rendez vous en partenariat avec La Badiane association, pour partager et \u00e9changer des textes en cr\u00e9ation au caf\u00e9 des Mouffettes.<br \/>\nQue ce soit du slam, de la po\u00e9sie ou de la prose, une lettre, une chanson ou une critique litt\u00e9raire, l&rsquo;id\u00e9e c&rsquo;est de venir avec tes mots, ceux que tu as \u00e9cris et que tu as envie de partager en public.<\/p>\n<p><strong>Pas d&rsquo;enjeu, juste le plaisir des mots!<\/strong><\/p>\n<p>Pour jouer, il faut:<\/p>\n<ul>\n<li>un texte unique de TA cr\u00e9ation<\/li>\n<li>lisible en 5 min maximum<\/li>\n<li>envoy\u00e9 avant le 20 juin par mail \u00e0: labadiane.asso@gmail.com<\/li>\n<li>Respectant la charte s\u00e9cure des Mouffettes: Propos\u00a0 non discriminants, non violents et ouverts \u00e0 la discussion.<\/li>\n<\/ul>\n<p>Toute participation remportera un lot \u00ab\u00a0Mouffettes\u00a0\u00bb!<br \/>\nSoir\u00e9e gratuite et ouverte \u00e0 toustes!<br \/>\nIl sera aussi possible de participer sur place.<\/p>\n<p>&nbsp;<\/p>\n<p><img loading=\"lazy\" decoding=\"async\" class=\"size-medium wp-image-2093 alignleft\" src=\"https:\/\/lesmouffettes.fr\/wp-content\/uploads\/2025\/05\/LaBadiane.logo1-copie-300x228.jpg\" alt=\"\" width=\"300\" height=\"228\" srcset=\"https:\/\/lesmouffettes.fr\/wp-content\/uploads\/2025\/05\/LaBadiane.logo1-copie-300x228.jpg 300w, https:\/\/lesmouffettes.fr\/wp-content\/uploads\/2025\/05\/LaBadiane.logo1-copie.jpg 365w\" sizes=\"auto, (max-width: 300px) 100vw, 300px\" \/><\/p>\n","protected":false},"excerpt":{"rendered":"<p>Sc\u00e8ne ouverte \u00e0 tes textes Un rendez vous en partenariat avec La Badiane association, pour partager et \u00e9changer des textes en cr\u00e9ation au caf\u00e9 des Mouffettes. Que ce soit du [&hellip;]<\/p>\n","protected":false},"author":1,"featured_media":2116,"template":"","meta":{"_tribe_events_status":"","_tribe_events_status_reason":"","footnotes":""},"tags":[],"tribe_events_cat":[16,13,8],"class_list":["post-2113","tribe_events","type-tribe_events","status-publish","has-post-thumbnail","hentry","tribe_events_cat-mai-juin","tribe_events_cat-rencontres-ateliers","tribe_events_cat-soiree-speciale","cat_mai-juin","cat_rencontres-ateliers","cat_soiree-speciale"],"_links":{"self":[{"href":"https:\/\/lesmouffettes.fr\/index.php\/wp-json\/wp\/v2\/tribe_events\/2113","targetHints":{"allow":["GET"]}}],"collection":[{"href":"https:\/\/lesmouffettes.fr\/index.php\/wp-json\/wp\/v2\/tribe_events"}],"about":[{"href":"https:\/\/lesmouffettes.fr\/index.php\/wp-json\/wp\/v2\/types\/tribe_events"}],"author":[{"embeddable":true,"href":"https:\/\/lesmouffettes.fr\/index.php\/wp-json\/wp\/v2\/users\/1"}],"version-history":[{"count":1,"href":"https:\/\/lesmouffettes.fr\/index.php\/wp-json\/wp\/v2\/tribe_events\/2113\/revisions"}],"predecessor-version":[{"id":2115,"href":"https:\/\/lesmouffettes.fr\/index.php\/wp-json\/wp\/v2\/tribe_events\/2113\/revisions\/2115"}],"wp:featuredmedia":[{"embeddable":true,"href":"https:\/\/lesmouffettes.fr\/index.php\/wp-json\/wp\/v2\/media\/2116"}],"wp:attachment":[{"href":"https:\/\/lesmouffettes.fr\/index.php\/wp-json\/wp\/v2\/media?parent=2113"}],"wp:term":[{"taxonomy":"post_tag","embeddable":true,"href":"https:\/\/lesmouffettes.fr\/index.php\/wp-json\/wp\/v2\/tags?post=2113"},{"taxonomy":"tribe_events_cat","embeddable":true,"href":"https:\/\/lesmouffettes.fr\/index.php\/wp-json\/wp\/v2\/tribe_events_cat?post=2113"}],"curies":[{"name":"wp","href":"https:\/\/api.w.org\/{rel}","templated":true}]}}

T&rsquo;écris toi?

<h5>Scène ouverte à tes textes</h5>
<p>Un rendez vous en partenariat avec La Badiane association, pour partager et échanger des textes en création au café des Mouffettes.<br />
Que ce soit du slam, de la poésie ou de la prose, une lettre, une chanson ou une critique littéraire, l&rsquo;idée c&rsquo;est de venir avec tes mots, ceux que tu as écris et que tu as envie de partager en public.</p>
<p><strong>Pas d&rsquo;enjeu, juste le plaisir des mots!</strong></p>
<p>Pour jouer, il faut:</p>
<ul>
<li>un texte unique de TA création</li>
<li>lisible en 5 min maximum</li>
<li>envoyé avant le 20 juin par mail à: labadiane.asso@gmail.com</li>
<li>Respectant la charte sécure des Mouffettes: Propos  non discriminants, non violents et ouverts à la discussion.</li>
</ul>
<p>Toute participation remportera un lot « Mouffettes »!<br />
Soirée gratuite et ouverte à toustes!<br />
Il sera aussi possible de participer sur place.</p>
<p>&nbsp;</p>
<p><img loading="lazy" decoding="async" class="size-medium wp-image-2093 alignleft" src="https://lesmouffettes.fr/wp-content/uploads/2025/05/LaBadiane.logo1-copie-300x228.jpg" alt="" width="300" height="228" srcset="https://lesmouffettes.fr/wp-content/uploads/2025/05/LaBadiane.logo1-copie-300x228.jpg 300w, https://lesmouffettes.fr/wp-content/uploads/2025/05/LaBadiane.logo1-copie.jpg 365w" sizes="auto, (max-width: 300px) 100vw, 300px" /></p>

<p>Scène ouverte à tes textes Un rendez vous en partenariat avec La Badiane association, pour partager et échanger des textes en création au café des Mouffettes. Que ce soit du [&hellip;]</p>
