{"id":2129,"date":"2025-06-06T16:04:08","date_gmt":"2025-06-06T14:04:08","guid":{"rendered":"https:\/\/lesmouffettes.fr\/?post_type=tribe_events&#038;p=2129"},"modified":"2025-07-18T11:50:17","modified_gmt":"2025-07-18T09:50:17","slug":"soiree-tango-avec-le-duo-aguilera-bracco","status":"publish","type":"tribe_events","link":"https:\/\/lesmouffettes.fr\/index.php\/event\/soiree-tango-avec-le-duo-aguilera-bracco\/","title":{"rendered":"Soir\u00e9e Tango avec le duo Aguilera Bracco"},"content":{"rendered":"<h5>La musique, la danse et l&rsquo;\u00e9nergie Rioplatense : tangos, milongas et valses.<\/h5>\n<p>Flabio Aguilera, bandoneon et chant, Olivier Bracco, guitare, vous entra\u00eenent avec des morceaux de<br \/>\ncompositeurs tels que A. Troilo, S.Piana, E.S. Disc\u00e9polo et d\u2019autres.<\/p>\n<p>1h de repertoire \u00e0 \u00e9couter ou \u00e0 danser.<\/p>\n<p>D\u00e9monstration et\/ou initiation:<br \/>\nFlabio (Maestro de tango) accompagn\u00e9 de Marina vous transmettront les bases de la danse tango lors d\u2019une d\u00e9monstration et\/ou d\u2019une initiation en musique.<\/p>\n<p>&nbsp;<\/p>\n<p>&#8211; &#8211; &#8211; &#8211; &gt; TRAITEUSE SUR LA TERRASSE &lt; &#8211; &#8211; &#8211; &#8211;<\/p>\n<p>Virginia propose des <strong>empanadas argentines artisanales<\/strong>, pr\u00e9par\u00e9es avec des produits bio et locaux, ainsi que des petits plats sal\u00e9s faits maison, comme des salades et des soupes.<br \/>\n<em>\u00ab\u00a0Mon engagement est de cr\u00e9er une cuisine authentique et gourmande, en privil\u00e9giant la qualit\u00e9 des ingr\u00e9dients et la fra\u00eecheur des saveurs, alliant le go\u00fbt de l&rsquo;Argentine et la <\/em><em>richesse des produits de notre terroir.\u00a0\u00bb<\/em><\/p>\n<p><img loading=\"lazy\" decoding=\"async\" class=\"size-medium wp-image-2202 alignleft\" src=\"https:\/\/lesmouffettes.fr\/wp-content\/uploads\/2025\/06\/photo-Chiringuito--300x300.jpg\" alt=\"\" width=\"300\" height=\"300\" srcset=\"https:\/\/lesmouffettes.fr\/wp-content\/uploads\/2025\/06\/photo-Chiringuito--300x300.jpg 300w, https:\/\/lesmouffettes.fr\/wp-content\/uploads\/2025\/06\/photo-Chiringuito--1024x1024.jpg 1024w, https:\/\/lesmouffettes.fr\/wp-content\/uploads\/2025\/06\/photo-Chiringuito--150x150.jpg 150w, https:\/\/lesmouffettes.fr\/wp-content\/uploads\/2025\/06\/photo-Chiringuito--768x768.jpg 768w, https:\/\/lesmouffettes.fr\/wp-content\/uploads\/2025\/06\/photo-Chiringuito--1200x1200.jpg 1200w, https:\/\/lesmouffettes.fr\/wp-content\/uploads\/2025\/06\/photo-Chiringuito-.jpg 1500w\" sizes=\"auto, (max-width: 300px) 100vw, 300px\" \/><\/p>\n","protected":false},"excerpt":{"rendered":"<p>La musique, la danse et l&rsquo;\u00e9nergie Rioplatense : tangos, milongas et valses. Flabio Aguilera, bandoneon et chant, Olivier Bracco, guitare, vous entra\u00eenent avec des morceaux de compositeurs tels que A. [&hellip;]<\/p>\n","protected":false},"author":1,"featured_media":2130,"template":"","meta":{"_tribe_events_status":"","_tribe_events_status_reason":"","footnotes":""},"tags":[],"tribe_events_cat":[10,8],"class_list":["post-2129","tribe_events","type-tribe_events","status-publish","has-post-thumbnail","hentry","tribe_events_cat-juillet","tribe_events_cat-soiree-speciale","cat_juillet","cat_soiree-speciale"],"_links":{"self":[{"href":"https:\/\/lesmouffettes.fr\/index.php\/wp-json\/wp\/v2\/tribe_events\/2129","targetHints":{"allow":["GET"]}}],"collection":[{"href":"https:\/\/lesmouffettes.fr\/index.php\/wp-json\/wp\/v2\/tribe_events"}],"about":[{"href":"https:\/\/lesmouffettes.fr\/index.php\/wp-json\/wp\/v2\/types\/tribe_events"}],"author":[{"embeddable":true,"href":"https:\/\/lesmouffettes.fr\/index.php\/wp-json\/wp\/v2\/users\/1"}],"version-history":[{"count":5,"href":"https:\/\/lesmouffettes.fr\/index.php\/wp-json\/wp\/v2\/tribe_events\/2129\/revisions"}],"predecessor-version":[{"id":2205,"href":"https:\/\/lesmouffettes.fr\/index.php\/wp-json\/wp\/v2\/tribe_events\/2129\/revisions\/2205"}],"wp:featuredmedia":[{"embeddable":true,"href":"https:\/\/lesmouffettes.fr\/index.php\/wp-json\/wp\/v2\/media\/2130"}],"wp:attachment":[{"href":"https:\/\/lesmouffettes.fr\/index.php\/wp-json\/wp\/v2\/media?parent=2129"}],"wp:term":[{"taxonomy":"post_tag","embeddable":true,"href":"https:\/\/lesmouffettes.fr\/index.php\/wp-json\/wp\/v2\/tags?post=2129"},{"taxonomy":"tribe_events_cat","embeddable":true,"href":"https:\/\/lesmouffettes.fr\/index.php\/wp-json\/wp\/v2\/tribe_events_cat?post=2129"}],"curies":[{"name":"wp","href":"https:\/\/api.w.org\/{rel}","templated":true}]}}

Soirée Tango avec le duo Aguilera Bracco

<h5>La musique, la danse et l&rsquo;énergie Rioplatense : tangos, milongas et valses.</h5>
<p>Flabio Aguilera, bandoneon et chant, Olivier Bracco, guitare, vous entraînent avec des morceaux de<br />
compositeurs tels que A. Troilo, S.Piana, E.S. Discépolo et d’autres.</p>
<p>1h de repertoire à écouter ou à danser.</p>
<p>Démonstration et/ou initiation:<br />
Flabio (Maestro de tango) accompagné de Marina vous transmettront les bases de la danse tango lors d’une démonstration et/ou d’une initiation en musique.</p>
<p>&nbsp;</p>
<p>&#8211; &#8211; &#8211; &#8211; &gt; TRAITEUSE SUR LA TERRASSE &lt; &#8211; &#8211; &#8211; &#8211;</p>
<p>Virginia propose des <strong>empanadas argentines artisanales</strong>, préparées avec des produits bio et locaux, ainsi que des petits plats salés faits maison, comme des salades et des soupes.<br />
<em>« Mon engagement est de créer une cuisine authentique et gourmande, en privilégiant la qualité des ingrédients et la fraîcheur des saveurs, alliant le goût de l&rsquo;Argentine et la </em><em>richesse des produits de notre terroir. »</em></p>
<p><img loading="lazy" decoding="async" class="size-medium wp-image-2202 alignleft" src="https://lesmouffettes.fr/wp-content/uploads/2025/06/photo-Chiringuito--300x300.jpg" alt="" width="300" height="300" srcset="https://lesmouffettes.fr/wp-content/uploads/2025/06/photo-Chiringuito--300x300.jpg 300w, https://lesmouffettes.fr/wp-content/uploads/2025/06/photo-Chiringuito--1024x1024.jpg 1024w, https://lesmouffettes.fr/wp-content/uploads/2025/06/photo-Chiringuito--150x150.jpg 150w, https://lesmouffettes.fr/wp-content/uploads/2025/06/photo-Chiringuito--768x768.jpg 768w, https://lesmouffettes.fr/wp-content/uploads/2025/06/photo-Chiringuito--1200x1200.jpg 1200w, https://lesmouffettes.fr/wp-content/uploads/2025/06/photo-Chiringuito-.jpg 1500w" sizes="auto, (max-width: 300px) 100vw, 300px" /></p>

<p>La musique, la danse et l&rsquo;énergie Rioplatense : tangos, milongas et valses. Flabio Aguilera, bandoneon et chant, Olivier Bracco, guitare, vous entraînent avec des morceaux de compositeurs tels que A. [&hellip;]</p>
