{"id":2206,"date":"2025-07-18T12:39:21","date_gmt":"2025-07-18T10:39:21","guid":{"rendered":"https:\/\/lesmouffettes.fr\/?post_type=tribe_events&#038;p=2206"},"modified":"2025-07-18T14:55:51","modified_gmt":"2025-07-18T12:55:51","slug":"radio-michel-le-temps-quil-nous-reste","status":"publish","type":"tribe_events","link":"https:\/\/lesmouffettes.fr\/index.php\/event\/radio-michel-le-temps-quil-nous-reste\/","title":{"rendered":"Radio Michel \u00ab\u00a0Le temps qu&rsquo;il nous reste\u00a0\u00bb"},"content":{"rendered":"<h5>Spectacle de rue &#8211; Marionnettes et Radio<\/h5>\n<p><strong>Tout public \u00e0 partir de 8 ans<\/strong><\/p>\n<p>\u00ab\u00a0Radio Michel\u00a0\u00bb est un spectacle de rue qui m\u00eale marionnettes et \u00e9missions de radio pour explorer avec sensibilit\u00e9 les th\u00e8mes du grand \u00e2ge et de la fin de vie. Bas\u00e9 sur des entretiens r\u00e9els avec des personnes \u00e2g\u00e9es, il cr\u00e9e une fiction po\u00e9tique et tendre qui pose des questions sur le libre-arbitre, la m\u00e9moire et le pr\u00e9sent.<\/p>\n<p>En mettant en sc\u00e8ne des r\u00e9sidents d&rsquo;une maison de repos et un infirmier id\u00e9al, la pi\u00e8ce offre une vision authentique et non-jugeante du vieillissement. Elle \u00e9volue au fil des repr\u00e9sentations, gagnant en finesse, en sensibilit\u00e9 et en humour, pour proposer une image inattendue et juste du grand \u00e2ge.<\/p>\n<p><iframe loading=\"lazy\" title=\"Radio Michel Teaser Aurillac 2024\" width=\"580\" height=\"326\" src=\"https:\/\/www.youtube.com\/embed\/6WEdYgPt-4g?feature=oembed\" frameborder=\"0\" allow=\"accelerometer; autoplay; clipboard-write; encrypted-media; gyroscope; picture-in-picture; web-share\" referrerpolicy=\"strict-origin-when-cross-origin\" allowfullscreen><\/iframe><\/p>\n<p><a href=\"https:\/\/viktorfrench.be\/\">https:\/\/viktorfrench.be\/<\/a><\/p>\n<p><img loading=\"lazy\" decoding=\"async\" class=\"wp-image-2207 size-full aligncenter\" src=\"https:\/\/lesmouffettes.fr\/wp-content\/uploads\/2025\/07\/RadioMichel\u00a9Jefito.jpg\" alt=\"\" width=\"2048\" height=\"1536\" srcset=\"https:\/\/lesmouffettes.fr\/wp-content\/uploads\/2025\/07\/RadioMichel\u00a9Jefito.jpg 2048w, https:\/\/lesmouffettes.fr\/wp-content\/uploads\/2025\/07\/RadioMichel\u00a9Jefito-300x225.jpg 300w, https:\/\/lesmouffettes.fr\/wp-content\/uploads\/2025\/07\/RadioMichel\u00a9Jefito-1024x768.jpg 1024w, https:\/\/lesmouffettes.fr\/wp-content\/uploads\/2025\/07\/RadioMichel\u00a9Jefito-768x576.jpg 768w, https:\/\/lesmouffettes.fr\/wp-content\/uploads\/2025\/07\/RadioMichel\u00a9Jefito-1536x1152.jpg 1536w, https:\/\/lesmouffettes.fr\/wp-content\/uploads\/2025\/07\/RadioMichel\u00a9Jefito-1200x900.jpg 1200w, https:\/\/lesmouffettes.fr\/wp-content\/uploads\/2025\/07\/RadioMichel\u00a9Jefito-1980x1485.jpg 1980w\" sizes=\"auto, (max-width: 2048px) 100vw, 2048px\" \/><\/p>\n<p>Cr\u00e9ation : 2022 \/ 23<br \/>\nTout public \u00e0 partir de 8 ans (pour une bonne compr\u00e9hension)<br \/>\nTextes : Benjamin Hubin, Jean-Michel Distexhe et les participants.<br \/>\nDramaturgie : Benjamin Hubin, Nicolas Turon<br \/>\nMise en sc\u00e8ne : Jean -Michel Distexhe<br \/>\nCr\u00e9ation marionnette : Niels Gryspeirt<br \/>\nD\u00e9cors : le Pied en Coulisses \/ Jean-Paul Jeuniaux<br \/>\nMusiques : Martin Daniel &#8211; 45T : Dj soFa<br \/>\nPhotos : Maison de la Marionnette \/ Tournai<\/p>\n<p>Avec le soutien du C.A.R. Ath, du Pied en Coulisses, du th\u00e9\u00e2tre \u00ab\u00a0Le Ratinet\u00a0\u00bb ; du c.c. Jodoigne\/Orp-Jauche ; de la F\u00e9d\u00e9ration Wallonie-Bruxelles (un futur pour la culture).<\/p>\n","protected":false},"excerpt":{"rendered":"<p>Spectacle de rue &#8211; Marionnettes et Radio Tout public \u00e0 partir de 8 ans \u00ab\u00a0Radio Michel\u00a0\u00bb est un spectacle de rue qui m\u00eale marionnettes et \u00e9missions de radio pour explorer [&hellip;]<\/p>\n","protected":false},"author":1,"featured_media":2208,"template":"","meta":{"_tribe_events_status":"","_tribe_events_status_reason":"","footnotes":""},"tags":[],"tribe_events_cat":[10],"class_list":["post-2206","tribe_events","type-tribe_events","status-publish","has-post-thumbnail","hentry","tribe_events_cat-juillet","cat_juillet"],"_links":{"self":[{"href":"https:\/\/lesmouffettes.fr\/index.php\/wp-json\/wp\/v2\/tribe_events\/2206","targetHints":{"allow":["GET"]}}],"collection":[{"href":"https:\/\/lesmouffettes.fr\/index.php\/wp-json\/wp\/v2\/tribe_events"}],"about":[{"href":"https:\/\/lesmouffettes.fr\/index.php\/wp-json\/wp\/v2\/types\/tribe_events"}],"author":[{"embeddable":true,"href":"https:\/\/lesmouffettes.fr\/index.php\/wp-json\/wp\/v2\/users\/1"}],"version-history":[{"count":7,"href":"https:\/\/lesmouffettes.fr\/index.php\/wp-json\/wp\/v2\/tribe_events\/2206\/revisions"}],"predecessor-version":[{"id":2215,"href":"https:\/\/lesmouffettes.fr\/index.php\/wp-json\/wp\/v2\/tribe_events\/2206\/revisions\/2215"}],"wp:featuredmedia":[{"embeddable":true,"href":"https:\/\/lesmouffettes.fr\/index.php\/wp-json\/wp\/v2\/media\/2208"}],"wp:attachment":[{"href":"https:\/\/lesmouffettes.fr\/index.php\/wp-json\/wp\/v2\/media?parent=2206"}],"wp:term":[{"taxonomy":"post_tag","embeddable":true,"href":"https:\/\/lesmouffettes.fr\/index.php\/wp-json\/wp\/v2\/tags?post=2206"},{"taxonomy":"tribe_events_cat","embeddable":true,"href":"https:\/\/lesmouffettes.fr\/index.php\/wp-json\/wp\/v2\/tribe_events_cat?post=2206"}],"curies":[{"name":"wp","href":"https:\/\/api.w.org\/{rel}","templated":true}]}}

<h5>Spectacle de rue &#8211; Marionnettes et Radio</h5>
<p><strong>Tout public à partir de 8 ans</strong></p>
<p>« Radio Michel » est un spectacle de rue qui mêle marionnettes et émissions de radio pour explorer avec sensibilité les thèmes du grand âge et de la fin de vie. Basé sur des entretiens réels avec des personnes âgées, il crée une fiction poétique et tendre qui pose des questions sur le libre-arbitre, la mémoire et le présent.</p>
<p>En mettant en scène des résidents d&rsquo;une maison de repos et un infirmier idéal, la pièce offre une vision authentique et non-jugeante du vieillissement. Elle évolue au fil des représentations, gagnant en finesse, en sensibilité et en humour, pour proposer une image inattendue et juste du grand âge.</p>
<p><iframe loading="lazy" title="Radio Michel Teaser Aurillac 2024" width="580" height="326" src="https://www.youtube.com/embed/6WEdYgPt-4g?feature=oembed" frameborder="0" allow="accelerometer; autoplay; clipboard-write; encrypted-media; gyroscope; picture-in-picture; web-share" referrerpolicy="strict-origin-when-cross-origin" allowfullscreen></iframe></p>
<p><a href="https://viktorfrench.be/">https://viktorfrench.be/</a></p>
<p><img loading="lazy" decoding="async" class="wp-image-2207 size-full aligncenter" src="https://lesmouffettes.fr/wp-content/uploads/2025/07/RadioMichel©Jefito.jpg" alt="" width="2048" height="1536" srcset="https://lesmouffettes.fr/wp-content/uploads/2025/07/RadioMichel©Jefito.jpg 2048w, https://lesmouffettes.fr/wp-content/uploads/2025/07/RadioMichel©Jefito-300x225.jpg 300w, https://lesmouffettes.fr/wp-content/uploads/2025/07/RadioMichel©Jefito-1024x768.jpg 1024w, https://lesmouffettes.fr/wp-content/uploads/2025/07/RadioMichel©Jefito-768x576.jpg 768w, https://lesmouffettes.fr/wp-content/uploads/2025/07/RadioMichel©Jefito-1536x1152.jpg 1536w, https://lesmouffettes.fr/wp-content/uploads/2025/07/RadioMichel©Jefito-1200x900.jpg 1200w, https://lesmouffettes.fr/wp-content/uploads/2025/07/RadioMichel©Jefito-1980x1485.jpg 1980w" sizes="auto, (max-width: 2048px) 100vw, 2048px" /></p>
<p>Création : 2022 / 23<br />
Tout public à partir de 8 ans (pour une bonne compréhension)<br />
Textes : Benjamin Hubin, Jean-Michel Distexhe et les participants.<br />
Dramaturgie : Benjamin Hubin, Nicolas Turon<br />
Mise en scène : Jean -Michel Distexhe<br />
Création marionnette : Niels Gryspeirt<br />
Décors : le Pied en Coulisses / Jean-Paul Jeuniaux<br />
Musiques : Martin Daniel &#8211; 45T : Dj soFa<br />
Photos : Maison de la Marionnette / Tournai</p>
<p>Avec le soutien du C.A.R. Ath, du Pied en Coulisses, du théâtre « Le Ratinet » ; du c.c. Jodoigne/Orp-Jauche ; de la Fédération Wallonie-Bruxelles (un futur pour la culture).</p>

<p>Spectacle de rue &#8211; Marionnettes et Radio Tout public à partir de 8 ans « Radio Michel » est un spectacle de rue qui mêle marionnettes et émissions de radio pour explorer [&hellip;]</p>
