{"id":2249,"date":"2025-08-23T11:55:34","date_gmt":"2025-08-23T09:55:34","guid":{"rendered":"https:\/\/lesmouffettes.fr\/?post_type=tribe_events&#038;p=2249"},"modified":"2025-08-23T11:55:34","modified_gmt":"2025-08-23T09:55:34","slug":"alberi-sonori-duo-non-solo-tarantella","status":"publish","type":"tribe_events","link":"https:\/\/lesmouffettes.fr\/index.php\/event\/alberi-sonori-duo-non-solo-tarantella\/","title":{"rendered":"ALBERI SONORI Duo &#8211; Non solo Tarantella"},"content":{"rendered":"<h5>Trad italien actuel<\/h5>\n<p><strong>Tout public<\/strong><\/p>\n<p>Entre hommage aux traditions et qu\u00eate de nouveaux langages sonores, \u00ab\u00a0Non solo tarantella\u00a0\u00bb est un dialogue complice et sensible, qui ouvre un passage vers l\u2019univers vibrant et onirique des traditions musicales du Sud de l\u2019Italie.<\/p>\n<p>Si la Tarantella en est le c\u0153ur battant, elle n\u2019est qu\u2019un pr\u00e9texte pour explorer la richesse sonore de cette terre. La sagesse populaire y trace une voie musicale : simple, essentielle, directe.<\/p>\n<p>C\u2019est la force du duo qui m\u00eale avec brio interpr\u00e9tation, cr\u00e9ation et mise en musique. Les instruments traditionnels vibrent d\u2019une audacieuse modernit\u00e9, tandis que le chant, brut et timbr\u00e9, s\u2019\u00e9l\u00e8ve en une mosa\u00efque de dialectes et s\u2019entrelace aux pulsations du tambour, aux cordes dansantes, au souffle des vents.<\/p>\n<p>La sc\u00e8ne devient un seuil o\u00f9 la musique se m\u00e9tamorphose, sans cesse nourrie par la puissance de ses racines.<\/p>\n<p><strong>Giuseppe Ponzo<\/strong> : guitare battente, lira calabraise, mandole, mandoline, fl\u00fbtes traditionnelles, guimbarde, accord\u00e9on.<\/p>\n<p><strong>Cinzia Minotti<\/strong> : voix, tambours m\u00e9diterran\u00e9ens, tambourin \u00e0 corde, fl\u00fbtes harmoniques.<\/p>\n<p>&nbsp;<\/p>\n<p><iframe loading=\"lazy\" title=\"Vid\u00e9o promo - Alberi Sonori duo - &quot;Non solo Tarantella&quot; - 2025\" width=\"580\" height=\"326\" src=\"https:\/\/www.youtube.com\/embed\/y-F-jmn2vEo?feature=oembed\" frameborder=\"0\" allow=\"accelerometer; autoplay; clipboard-write; encrypted-media; gyroscope; picture-in-picture; web-share\" referrerpolicy=\"strict-origin-when-cross-origin\" allowfullscreen><\/iframe><\/p>\n","protected":false},"excerpt":{"rendered":"<p>Trad italien actuel Tout public Entre hommage aux traditions et qu\u00eate de nouveaux langages sonores, \u00ab\u00a0Non solo tarantella\u00a0\u00bb est un dialogue complice et sensible, qui ouvre un passage vers l\u2019univers [&hellip;]<\/p>\n","protected":false},"author":1,"featured_media":2250,"template":"","meta":{"_tribe_events_status":"","_tribe_events_status_reason":"","footnotes":""},"tags":[],"tribe_events_cat":[10,8],"class_list":["post-2249","tribe_events","type-tribe_events","status-publish","has-post-thumbnail","hentry","tribe_events_cat-juillet","tribe_events_cat-soiree-speciale","cat_juillet","cat_soiree-speciale"],"_links":{"self":[{"href":"https:\/\/lesmouffettes.fr\/index.php\/wp-json\/wp\/v2\/tribe_events\/2249","targetHints":{"allow":["GET"]}}],"collection":[{"href":"https:\/\/lesmouffettes.fr\/index.php\/wp-json\/wp\/v2\/tribe_events"}],"about":[{"href":"https:\/\/lesmouffettes.fr\/index.php\/wp-json\/wp\/v2\/types\/tribe_events"}],"author":[{"embeddable":true,"href":"https:\/\/lesmouffettes.fr\/index.php\/wp-json\/wp\/v2\/users\/1"}],"version-history":[{"count":1,"href":"https:\/\/lesmouffettes.fr\/index.php\/wp-json\/wp\/v2\/tribe_events\/2249\/revisions"}],"predecessor-version":[{"id":2251,"href":"https:\/\/lesmouffettes.fr\/index.php\/wp-json\/wp\/v2\/tribe_events\/2249\/revisions\/2251"}],"wp:featuredmedia":[{"embeddable":true,"href":"https:\/\/lesmouffettes.fr\/index.php\/wp-json\/wp\/v2\/media\/2250"}],"wp:attachment":[{"href":"https:\/\/lesmouffettes.fr\/index.php\/wp-json\/wp\/v2\/media?parent=2249"}],"wp:term":[{"taxonomy":"post_tag","embeddable":true,"href":"https:\/\/lesmouffettes.fr\/index.php\/wp-json\/wp\/v2\/tags?post=2249"},{"taxonomy":"tribe_events_cat","embeddable":true,"href":"https:\/\/lesmouffettes.fr\/index.php\/wp-json\/wp\/v2\/tribe_events_cat?post=2249"}],"curies":[{"name":"wp","href":"https:\/\/api.w.org\/{rel}","templated":true}]}}

<h5>Trad italien actuel</h5>
<p><strong>Tout public</strong></p>
<p>Entre hommage aux traditions et quête de nouveaux langages sonores, « Non solo tarantella » est un dialogue complice et sensible, qui ouvre un passage vers l’univers vibrant et onirique des traditions musicales du Sud de l’Italie.</p>
<p>Si la Tarantella en est le cœur battant, elle n’est qu’un prétexte pour explorer la richesse sonore de cette terre. La sagesse populaire y trace une voie musicale : simple, essentielle, directe.</p>
<p>C’est la force du duo qui mêle avec brio interprétation, création et mise en musique. Les instruments traditionnels vibrent d’une audacieuse modernité, tandis que le chant, brut et timbré, s’élève en une mosaïque de dialectes et s’entrelace aux pulsations du tambour, aux cordes dansantes, au souffle des vents.</p>
<p>La scène devient un seuil où la musique se métamorphose, sans cesse nourrie par la puissance de ses racines.</p>
<p><strong>Giuseppe Ponzo</strong> : guitare battente, lira calabraise, mandole, mandoline, flûtes traditionnelles, guimbarde, accordéon.</p>
<p><strong>Cinzia Minotti</strong> : voix, tambours méditerranéens, tambourin à corde, flûtes harmoniques.</p>
<p>&nbsp;</p>
<p><iframe loading="lazy" title="Vidéo promo - Alberi Sonori duo - &quot;Non solo Tarantella&quot; - 2025" width="580" height="326" src="https://www.youtube.com/embed/y-F-jmn2vEo?feature=oembed" frameborder="0" allow="accelerometer; autoplay; clipboard-write; encrypted-media; gyroscope; picture-in-picture; web-share" referrerpolicy="strict-origin-when-cross-origin" allowfullscreen></iframe></p>

<p>Trad italien actuel Tout public Entre hommage aux traditions et quête de nouveaux langages sonores, « Non solo tarantella » est un dialogue complice et sensible, qui ouvre un passage vers l’univers [&hellip;]</p>
