{"id":2261,"date":"2025-09-02T10:49:06","date_gmt":"2025-09-02T08:49:06","guid":{"rendered":"https:\/\/lesmouffettes.fr\/?post_type=tribe_events&#038;p=2261"},"modified":"2025-09-02T10:51:16","modified_gmt":"2025-09-02T08:51:16","slug":"a-birchola-trio","status":"publish","type":"tribe_events","link":"https:\/\/lesmouffettes.fr\/index.php\/event\/a-birchola-trio\/","title":{"rendered":"A Birchola Trio"},"content":{"rendered":"<h6>Chansons br\u00e9siliennes et compositions : de la bossa nova \u00e0 la samba populaire<\/h6>\n<p>Agathe Francopoulo, Francesco Cosentini et Nils Wekstein, respectivement voix, guitare et percussions rendent hommage aux ma\u00eetres de la Chanson br\u00e9silienne \u00e0 travers un r\u00e9pertoire choisi et quelques compositions. Ce Trio propose un concert qui exprime dans chacune de ses nuances le charme de cette musique, de la bossa nova \u00e0 la samba populaire.<\/p>\n<p>Il r\u00e9unit trois musiciens aux parcours singuliers : un percussionniste dipl\u00f4m\u00e9 en rythmes afro-cubains, un guitariste de jazz et de musique tzigane et une chanteuse passionn\u00e9e depuis toujours par le Br\u00e9sil.<\/p>\n<p>Guid\u00e9s par la voix intense et a\u00e9rienne d\u2019Agathe, ils interpr\u00e8tent ce style avec des arrangements personnels, passant de la saudade la plus d\u00e9licate aux rythmes entra\u00eenants qui font la richesse de la musique br\u00e9silienne.<\/p>\n<p>&nbsp;<\/p>\n<p><iframe loading=\"lazy\" title=\"A Birchola - No Mesmo Manto (Beto Correa\/L\u00facio Curvello)\" width=\"580\" height=\"326\" src=\"https:\/\/www.youtube.com\/embed\/y-qg_yww4f4?feature=oembed\" frameborder=\"0\" allow=\"accelerometer; autoplay; clipboard-write; encrypted-media; gyroscope; picture-in-picture; web-share\" referrerpolicy=\"strict-origin-when-cross-origin\" allowfullscreen><\/iframe><\/p>\n","protected":false},"excerpt":{"rendered":"<p>Chansons br\u00e9siliennes et compositions : de la bossa nova \u00e0 la samba populaire Agathe Francopoulo, Francesco Cosentini et Nils Wekstein, respectivement voix, guitare et percussions rendent hommage aux ma\u00eetres de [&hellip;]<\/p>\n","protected":false},"author":1,"featured_media":2265,"template":"","meta":{"_tribe_events_status":"","_tribe_events_status_reason":"","footnotes":""},"tags":[],"tribe_events_cat":[11,7],"class_list":["post-2261","tribe_events","type-tribe_events","status-publish","has-post-thumbnail","hentry","tribe_events_cat-septembre-octobre","tribe_events_cat-spectacles","cat_septembre-octobre","cat_spectacles"],"_links":{"self":[{"href":"https:\/\/lesmouffettes.fr\/index.php\/wp-json\/wp\/v2\/tribe_events\/2261","targetHints":{"allow":["GET"]}}],"collection":[{"href":"https:\/\/lesmouffettes.fr\/index.php\/wp-json\/wp\/v2\/tribe_events"}],"about":[{"href":"https:\/\/lesmouffettes.fr\/index.php\/wp-json\/wp\/v2\/types\/tribe_events"}],"author":[{"embeddable":true,"href":"https:\/\/lesmouffettes.fr\/index.php\/wp-json\/wp\/v2\/users\/1"}],"version-history":[{"count":1,"href":"https:\/\/lesmouffettes.fr\/index.php\/wp-json\/wp\/v2\/tribe_events\/2261\/revisions"}],"predecessor-version":[{"id":2263,"href":"https:\/\/lesmouffettes.fr\/index.php\/wp-json\/wp\/v2\/tribe_events\/2261\/revisions\/2263"}],"wp:featuredmedia":[{"embeddable":true,"href":"https:\/\/lesmouffettes.fr\/index.php\/wp-json\/wp\/v2\/media\/2265"}],"wp:attachment":[{"href":"https:\/\/lesmouffettes.fr\/index.php\/wp-json\/wp\/v2\/media?parent=2261"}],"wp:term":[{"taxonomy":"post_tag","embeddable":true,"href":"https:\/\/lesmouffettes.fr\/index.php\/wp-json\/wp\/v2\/tags?post=2261"},{"taxonomy":"tribe_events_cat","embeddable":true,"href":"https:\/\/lesmouffettes.fr\/index.php\/wp-json\/wp\/v2\/tribe_events_cat?post=2261"}],"curies":[{"name":"wp","href":"https:\/\/api.w.org\/{rel}","templated":true}]}}

<h6>Chansons brésiliennes et compositions : de la bossa nova à la samba populaire</h6>
<p>Agathe Francopoulo, Francesco Cosentini et Nils Wekstein, respectivement voix, guitare et percussions rendent hommage aux maîtres de la Chanson brésilienne à travers un répertoire choisi et quelques compositions. Ce Trio propose un concert qui exprime dans chacune de ses nuances le charme de cette musique, de la bossa nova à la samba populaire.</p>
<p>Il réunit trois musiciens aux parcours singuliers : un percussionniste diplômé en rythmes afro-cubains, un guitariste de jazz et de musique tzigane et une chanteuse passionnée depuis toujours par le Brésil.</p>
<p>Guidés par la voix intense et aérienne d’Agathe, ils interprètent ce style avec des arrangements personnels, passant de la saudade la plus délicate aux rythmes entraînants qui font la richesse de la musique brésilienne.</p>
<p>&nbsp;</p>
<p><iframe loading="lazy" title="A Birchola - No Mesmo Manto (Beto Correa/Lúcio Curvello)" width="580" height="326" src="https://www.youtube.com/embed/y-qg_yww4f4?feature=oembed" frameborder="0" allow="accelerometer; autoplay; clipboard-write; encrypted-media; gyroscope; picture-in-picture; web-share" referrerpolicy="strict-origin-when-cross-origin" allowfullscreen></iframe></p>

<p>Chansons brésiliennes et compositions : de la bossa nova à la samba populaire Agathe Francopoulo, Francesco Cosentini et Nils Wekstein, respectivement voix, guitare et percussions rendent hommage aux maîtres de [&hellip;]</p>
