{"id":2272,"date":"2025-09-02T11:09:23","date_gmt":"2025-09-02T09:09:23","guid":{"rendered":"https:\/\/lesmouffettes.fr\/?post_type=tribe_events&#038;p=2272"},"modified":"2025-09-02T11:10:25","modified_gmt":"2025-09-02T09:10:25","slug":"cadavres-exquises","status":"publish","type":"tribe_events","link":"https:\/\/lesmouffettes.fr\/index.php\/event\/cadavres-exquises\/","title":{"rendered":"Cadavres exquises"},"content":{"rendered":"<h6>Polyphonies pour femmes mortes<\/h6>\n<div id=\"m_-6307188079662082600ydp2c556457yiv2992372044\">La voix de celles qui n&rsquo;en ont plus.<\/div>\n<div id=\"m_-6307188079662082600ydp2c556457yiv2992372044\">Spectacle polyphoniques pour femmes mortes.<\/div>\n<div id=\"m_-6307188079662082600ydp2c556457yiv2992372044\">Avec humour ce trio mortel de veuves joyeuses, s&#8217;empare d&rsquo;un motif r\u00e9current dans la musique populaire : les femmes mortes, en recontextualisant ces chants du r\u00e9pertoire traditionnel, elles d\u00e9noncent les f\u00e9minicides d&rsquo;hier et d&rsquo;aujourd&rsquo;hui.<\/div>\n<div><\/div>\n<div>\n<p><iframe loading=\"lazy\" title=\"EN CALAN DE CIMIEZ - CADAVRES EXQUISES\" width=\"580\" height=\"326\" src=\"https:\/\/www.youtube.com\/embed\/kqynSmh_1zI?feature=oembed\" frameborder=\"0\" allow=\"accelerometer; autoplay; clipboard-write; encrypted-media; gyroscope; picture-in-picture; web-share\" referrerpolicy=\"strict-origin-when-cross-origin\" allowfullscreen><\/iframe><\/p>\n<\/div>\n","protected":false},"excerpt":{"rendered":"<p>Polyphonies pour femmes mortes La voix de celles qui n&rsquo;en ont plus. Spectacle polyphoniques pour femmes mortes. Avec humour ce trio mortel de veuves joyeuses, s&#8217;empare d&rsquo;un motif r\u00e9current dans [&hellip;]<\/p>\n","protected":false},"author":1,"featured_media":2273,"template":"","meta":{"_tribe_events_status":"","_tribe_events_status_reason":"","footnotes":""},"tags":[],"tribe_events_cat":[11,7],"class_list":["post-2272","tribe_events","type-tribe_events","status-publish","has-post-thumbnail","hentry","tribe_events_cat-septembre-octobre","tribe_events_cat-spectacles","cat_septembre-octobre","cat_spectacles"],"_links":{"self":[{"href":"https:\/\/lesmouffettes.fr\/index.php\/wp-json\/wp\/v2\/tribe_events\/2272","targetHints":{"allow":["GET"]}}],"collection":[{"href":"https:\/\/lesmouffettes.fr\/index.php\/wp-json\/wp\/v2\/tribe_events"}],"about":[{"href":"https:\/\/lesmouffettes.fr\/index.php\/wp-json\/wp\/v2\/types\/tribe_events"}],"author":[{"embeddable":true,"href":"https:\/\/lesmouffettes.fr\/index.php\/wp-json\/wp\/v2\/users\/1"}],"version-history":[{"count":2,"href":"https:\/\/lesmouffettes.fr\/index.php\/wp-json\/wp\/v2\/tribe_events\/2272\/revisions"}],"predecessor-version":[{"id":2275,"href":"https:\/\/lesmouffettes.fr\/index.php\/wp-json\/wp\/v2\/tribe_events\/2272\/revisions\/2275"}],"wp:featuredmedia":[{"embeddable":true,"href":"https:\/\/lesmouffettes.fr\/index.php\/wp-json\/wp\/v2\/media\/2273"}],"wp:attachment":[{"href":"https:\/\/lesmouffettes.fr\/index.php\/wp-json\/wp\/v2\/media?parent=2272"}],"wp:term":[{"taxonomy":"post_tag","embeddable":true,"href":"https:\/\/lesmouffettes.fr\/index.php\/wp-json\/wp\/v2\/tags?post=2272"},{"taxonomy":"tribe_events_cat","embeddable":true,"href":"https:\/\/lesmouffettes.fr\/index.php\/wp-json\/wp\/v2\/tribe_events_cat?post=2272"}],"curies":[{"name":"wp","href":"https:\/\/api.w.org\/{rel}","templated":true}]}}

<h6>Polyphonies pour femmes mortes</h6>
<div id="m_-6307188079662082600ydp2c556457yiv2992372044">La voix de celles qui n&rsquo;en ont plus.</div>
<div id="m_-6307188079662082600ydp2c556457yiv2992372044">Spectacle polyphoniques pour femmes mortes.</div>
<div id="m_-6307188079662082600ydp2c556457yiv2992372044">Avec humour ce trio mortel de veuves joyeuses, s&#8217;empare d&rsquo;un motif récurrent dans la musique populaire : les femmes mortes, en recontextualisant ces chants du répertoire traditionnel, elles dénoncent les féminicides d&rsquo;hier et d&rsquo;aujourd&rsquo;hui.</div>
<div></div>
<div>
<p><iframe loading="lazy" title="EN CALAN DE CIMIEZ - CADAVRES EXQUISES" width="580" height="326" src="https://www.youtube.com/embed/kqynSmh_1zI?feature=oembed" frameborder="0" allow="accelerometer; autoplay; clipboard-write; encrypted-media; gyroscope; picture-in-picture; web-share" referrerpolicy="strict-origin-when-cross-origin" allowfullscreen></iframe></p>
</div>

<p>Polyphonies pour femmes mortes La voix de celles qui n&rsquo;en ont plus. Spectacle polyphoniques pour femmes mortes. Avec humour ce trio mortel de veuves joyeuses, s&#8217;empare d&rsquo;un motif récurrent dans [&hellip;]</p>
