{"id":2317,"date":"2025-09-23T16:06:29","date_gmt":"2025-09-23T14:06:29","guid":{"rendered":"https:\/\/lesmouffettes.fr\/?post_type=tribe_events&#038;p=2317"},"modified":"2025-09-23T16:17:03","modified_gmt":"2025-09-23T14:17:03","slug":"baltazar-montanaro","status":"publish","type":"tribe_events","link":"https:\/\/lesmouffettes.fr\/index.php\/event\/baltazar-montanaro\/","title":{"rendered":"Baltazar Montanaro"},"content":{"rendered":"<div>\n<div>\n<h5><b>Amours (solo)\u00a0<\/b><\/h5>\n<\/div>\n<\/div>\n<p>Baltazar d\u00e9finit sa musique comme inclassable, utilisant diff\u00e9rents modes au croisement des musiques traditionnelles, improvis\u00e9es ou jazz. Il explore toute la palette de son violon baryton, en accordant une place tr\u00e8s singuli\u00e8re au silence. L\u2019originalit\u00e9 de son jeu et sa pr\u00e9occupation pour le public lui permettent d\u2019offrir un espace temps de l\u00e2cher prise, de mise en ab\u00eeme et d\u2019\u00e9coute mutuelle.<\/p>\n<p><img loading=\"lazy\" decoding=\"async\" class=\"size-medium wp-image-2318 alignleft\" style=\"font-family: NonBreakingSpaceOverride, 'Hoefler Text', 'Noto Serif', Garamond, 'Times New Roman', serif; letter-spacing: normal;\" src=\"https:\/\/lesmouffettes.fr\/wp-content\/uploads\/2025\/09\/artwork-cover-Amours-300x282.jpg\" alt=\"\" width=\"300\" height=\"282\" srcset=\"https:\/\/lesmouffettes.fr\/wp-content\/uploads\/2025\/09\/artwork-cover-Amours-300x282.jpg 300w, https:\/\/lesmouffettes.fr\/wp-content\/uploads\/2025\/09\/artwork-cover-Amours-1024x963.jpg 1024w, https:\/\/lesmouffettes.fr\/wp-content\/uploads\/2025\/09\/artwork-cover-Amours-768x723.jpg 768w, https:\/\/lesmouffettes.fr\/wp-content\/uploads\/2025\/09\/artwork-cover-Amours-1536x1445.jpg 1536w, https:\/\/lesmouffettes.fr\/wp-content\/uploads\/2025\/09\/artwork-cover-Amours-2048x1927.jpg 2048w, https:\/\/lesmouffettes.fr\/wp-content\/uploads\/2025\/09\/artwork-cover-Amours-1200x1129.jpg 1200w, https:\/\/lesmouffettes.fr\/wp-content\/uploads\/2025\/09\/artwork-cover-Amours-1980x1863.jpg 1980w\" sizes=\"auto, (max-width: 300px) 100vw, 300px\" \/><\/p>\n<p><em><strong>\u00ab Amours \u00bb<\/strong><\/em><\/p>\n<p>Faisant suite \u00e0 N\u00fc (2013) et Szoledad (2007), Amours est un r\u00e9pertoire de compositions originales engag\u00e9es, \u00e9crites et interpr\u00e9t\u00e9es par Baltazar Montanaro au violon baryton. Il entend, par ce solo, clamer la n\u00e9cessit\u00e9 d\u2019un tournant : celui de retrouver l\u2019essence du vivre ensemble, dans la joie, pour retrouver la beaut\u00e9 de la po\u00e9sie et du temps qui passe.<br \/>\n\u00ab Amours \u00bb, comme le t\u00e9moin des combats n\u00e9cessaires pour endiguer les fondamentalismes, la haine de l&rsquo;inconnu, de l&rsquo;\u00e9tranger et des diff\u00e9rences ; \u00ab Amours \u00bb, comme un marqueur pour laisser la place \u00e0 la beaut\u00e9 dont chaque \u00eatre est capable s&rsquo;il est \u00e9cout\u00e9 et respect\u00e9, sans oublier celle pr\u00e9sente dans chaque chose que la nature propose, et dont l&rsquo;artiste cherche \u00e0 reproduire la sensibilit\u00e9, la perfection.<br \/>\n\u00c0 travers 10 titres plein d\u2019\u00e9l\u00e9gance et de relief, Baltazar rappelle de grands \u00e9v\u00e9nements historiques, tel que la chute du fascisme en Italie un 25 avril ou encore le g\u00e9nocide rwandais, et embarque son auditoire dans l\u2019\u00e9motion que procure l\u2019histoire.<\/p>\n<p><iframe loading=\"lazy\" title=\"Baltazar Montanaro - Flor Vermelha [CLIP OFFICIEL]\" width=\"580\" height=\"326\" src=\"https:\/\/www.youtube.com\/embed\/5UrfoTORHn0?feature=oembed\" frameborder=\"0\" allow=\"accelerometer; autoplay; clipboard-write; encrypted-media; gyroscope; picture-in-picture; web-share\" referrerpolicy=\"strict-origin-when-cross-origin\" allowfullscreen><\/iframe><\/p>\n<p>&nbsp;<\/p>\n","protected":false},"excerpt":{"rendered":"<p>Amours (solo)\u00a0 Baltazar d\u00e9finit sa musique comme inclassable, utilisant diff\u00e9rents modes au croisement des musiques traditionnelles, improvis\u00e9es ou jazz. Il explore toute la palette de son violon baryton, en accordant [&hellip;]<\/p>\n","protected":false},"author":1,"featured_media":2319,"template":"","meta":{"_tribe_events_status":"","_tribe_events_status_reason":"","footnotes":""},"tags":[],"tribe_events_cat":[11,7],"class_list":["post-2317","tribe_events","type-tribe_events","status-publish","has-post-thumbnail","hentry","tribe_events_cat-septembre-octobre","tribe_events_cat-spectacles","cat_septembre-octobre","cat_spectacles"],"_links":{"self":[{"href":"https:\/\/lesmouffettes.fr\/index.php\/wp-json\/wp\/v2\/tribe_events\/2317","targetHints":{"allow":["GET"]}}],"collection":[{"href":"https:\/\/lesmouffettes.fr\/index.php\/wp-json\/wp\/v2\/tribe_events"}],"about":[{"href":"https:\/\/lesmouffettes.fr\/index.php\/wp-json\/wp\/v2\/types\/tribe_events"}],"author":[{"embeddable":true,"href":"https:\/\/lesmouffettes.fr\/index.php\/wp-json\/wp\/v2\/users\/1"}],"version-history":[{"count":5,"href":"https:\/\/lesmouffettes.fr\/index.php\/wp-json\/wp\/v2\/tribe_events\/2317\/revisions"}],"predecessor-version":[{"id":2324,"href":"https:\/\/lesmouffettes.fr\/index.php\/wp-json\/wp\/v2\/tribe_events\/2317\/revisions\/2324"}],"wp:featuredmedia":[{"embeddable":true,"href":"https:\/\/lesmouffettes.fr\/index.php\/wp-json\/wp\/v2\/media\/2319"}],"wp:attachment":[{"href":"https:\/\/lesmouffettes.fr\/index.php\/wp-json\/wp\/v2\/media?parent=2317"}],"wp:term":[{"taxonomy":"post_tag","embeddable":true,"href":"https:\/\/lesmouffettes.fr\/index.php\/wp-json\/wp\/v2\/tags?post=2317"},{"taxonomy":"tribe_events_cat","embeddable":true,"href":"https:\/\/lesmouffettes.fr\/index.php\/wp-json\/wp\/v2\/tribe_events_cat?post=2317"}],"curies":[{"name":"wp","href":"https:\/\/api.w.org\/{rel}","templated":true}]}}

<div>
<div>
<h5><b>Amours (solo) </b></h5>
</div>
</div>
<p>Baltazar définit sa musique comme inclassable, utilisant différents modes au croisement des musiques traditionnelles, improvisées ou jazz. Il explore toute la palette de son violon baryton, en accordant une place très singulière au silence. L’originalité de son jeu et sa préoccupation pour le public lui permettent d’offrir un espace temps de lâcher prise, de mise en abîme et d’écoute mutuelle.</p>
<p><img loading="lazy" decoding="async" class="size-medium wp-image-2318 alignleft" style="font-family: NonBreakingSpaceOverride, 'Hoefler Text', 'Noto Serif', Garamond, 'Times New Roman', serif; letter-spacing: normal;" src="https://lesmouffettes.fr/wp-content/uploads/2025/09/artwork-cover-Amours-300x282.jpg" alt="" width="300" height="282" srcset="https://lesmouffettes.fr/wp-content/uploads/2025/09/artwork-cover-Amours-300x282.jpg 300w, https://lesmouffettes.fr/wp-content/uploads/2025/09/artwork-cover-Amours-1024x963.jpg 1024w, https://lesmouffettes.fr/wp-content/uploads/2025/09/artwork-cover-Amours-768x723.jpg 768w, https://lesmouffettes.fr/wp-content/uploads/2025/09/artwork-cover-Amours-1536x1445.jpg 1536w, https://lesmouffettes.fr/wp-content/uploads/2025/09/artwork-cover-Amours-2048x1927.jpg 2048w, https://lesmouffettes.fr/wp-content/uploads/2025/09/artwork-cover-Amours-1200x1129.jpg 1200w, https://lesmouffettes.fr/wp-content/uploads/2025/09/artwork-cover-Amours-1980x1863.jpg 1980w" sizes="auto, (max-width: 300px) 100vw, 300px" /></p>
<p><em><strong>« Amours »</strong></em></p>
<p>Faisant suite à Nü (2013) et Szoledad (2007), Amours est un répertoire de compositions originales engagées, écrites et interprétées par Baltazar Montanaro au violon baryton. Il entend, par ce solo, clamer la nécessité d’un tournant : celui de retrouver l’essence du vivre ensemble, dans la joie, pour retrouver la beauté de la poésie et du temps qui passe.<br />
« Amours », comme le témoin des combats nécessaires pour endiguer les fondamentalismes, la haine de l&rsquo;inconnu, de l&rsquo;étranger et des différences ; « Amours », comme un marqueur pour laisser la place à la beauté dont chaque être est capable s&rsquo;il est écouté et respecté, sans oublier celle présente dans chaque chose que la nature propose, et dont l&rsquo;artiste cherche à reproduire la sensibilité, la perfection.<br />
À travers 10 titres plein d’élégance et de relief, Baltazar rappelle de grands événements historiques, tel que la chute du fascisme en Italie un 25 avril ou encore le génocide rwandais, et embarque son auditoire dans l’émotion que procure l’histoire.</p>
<p><iframe loading="lazy" title="Baltazar Montanaro - Flor Vermelha [CLIP OFFICIEL]" width="580" height="326" src="https://www.youtube.com/embed/5UrfoTORHn0?feature=oembed" frameborder="0" allow="accelerometer; autoplay; clipboard-write; encrypted-media; gyroscope; picture-in-picture; web-share" referrerpolicy="strict-origin-when-cross-origin" allowfullscreen></iframe></p>
<p>&nbsp;</p>

<p>Amours (solo)  Baltazar définit sa musique comme inclassable, utilisant différents modes au croisement des musiques traditionnelles, improvisées ou jazz. Il explore toute la palette de son violon baryton, en accordant [&hellip;]</p>
