{"id":2341,"date":"2025-09-26T13:14:03","date_gmt":"2025-09-26T11:14:03","guid":{"rendered":"https:\/\/lesmouffettes.fr\/?post_type=tribe_events&#038;p=2341"},"modified":"2025-09-26T13:14:03","modified_gmt":"2025-09-26T11:14:03","slug":"cafe-cocon","status":"publish","type":"tribe_events","link":"https:\/\/lesmouffettes.fr\/index.php\/event\/cafe-cocon\/","title":{"rendered":"Caf\u00e9 Cocon"},"content":{"rendered":"<h5>Soir\u00e9e sp\u00e9ciale<\/h5>\n<p>A l&rsquo;occasion de la venue de M\u00e9lanie Coerchon et des ses massages amma assis, le caf\u00e9 se met en mode cocon, petites lumi\u00e8res, bougies, plaid chaud, tapis douillets, du lait d&rsquo;or et des chocolats chauds au comptoir &#8230; On se fait du bien tout en douceur pour accueillir le wkd automnal.<\/p>\n<p>Les Massages sont \u00e0 prix conseill\u00e9s de 10\u20ac, sans r\u00e9servation.<\/p>\n<p>&nbsp;<\/p>\n<p data-wp-editing=\"1\"><img loading=\"lazy\" decoding=\"async\" class=\"alignleft wp-image-1937 size-large\" src=\"https:\/\/lesmouffettes.fr\/wp-content\/uploads\/2025\/02\/Amma-Assis-A5-Entreprise-BIEN-ETRE-143-x-210-mm-2_Page_1-696x1024.jpg\" alt=\"\" width=\"580\" height=\"853\" srcset=\"https:\/\/lesmouffettes.fr\/wp-content\/uploads\/2025\/02\/Amma-Assis-A5-Entreprise-BIEN-ETRE-143-x-210-mm-2_Page_1-696x1024.jpg 696w, https:\/\/lesmouffettes.fr\/wp-content\/uploads\/2025\/02\/Amma-Assis-A5-Entreprise-BIEN-ETRE-143-x-210-mm-2_Page_1-204x300.jpg 204w, https:\/\/lesmouffettes.fr\/wp-content\/uploads\/2025\/02\/Amma-Assis-A5-Entreprise-BIEN-ETRE-143-x-210-mm-2_Page_1-768x1130.jpg 768w, https:\/\/lesmouffettes.fr\/wp-content\/uploads\/2025\/02\/Amma-Assis-A5-Entreprise-BIEN-ETRE-143-x-210-mm-2_Page_1-1044x1536.jpg 1044w, https:\/\/lesmouffettes.fr\/wp-content\/uploads\/2025\/02\/Amma-Assis-A5-Entreprise-BIEN-ETRE-143-x-210-mm-2_Page_1.jpg 1125w\" sizes=\"auto, (max-width: 580px) 100vw, 580px\" \/> <img loading=\"lazy\" decoding=\"async\" class=\"alignnone wp-image-1936 size-large\" src=\"https:\/\/lesmouffettes.fr\/wp-content\/uploads\/2025\/02\/Amma-Assis-A5-Entreprise-BIEN-ETRE-143-x-210-mm-2_Page_2-696x1024.jpg\" alt=\"\" width=\"580\" height=\"853\" srcset=\"https:\/\/lesmouffettes.fr\/wp-content\/uploads\/2025\/02\/Amma-Assis-A5-Entreprise-BIEN-ETRE-143-x-210-mm-2_Page_2-696x1024.jpg 696w, https:\/\/lesmouffettes.fr\/wp-content\/uploads\/2025\/02\/Amma-Assis-A5-Entreprise-BIEN-ETRE-143-x-210-mm-2_Page_2-204x300.jpg 204w, https:\/\/lesmouffettes.fr\/wp-content\/uploads\/2025\/02\/Amma-Assis-A5-Entreprise-BIEN-ETRE-143-x-210-mm-2_Page_2-768x1130.jpg 768w, https:\/\/lesmouffettes.fr\/wp-content\/uploads\/2025\/02\/Amma-Assis-A5-Entreprise-BIEN-ETRE-143-x-210-mm-2_Page_2-1044x1536.jpg 1044w, https:\/\/lesmouffettes.fr\/wp-content\/uploads\/2025\/02\/Amma-Assis-A5-Entreprise-BIEN-ETRE-143-x-210-mm-2_Page_2.jpg 1125w\" sizes=\"auto, (max-width: 580px) 100vw, 580px\" \/><\/p>\n<p>&nbsp;<\/p>\n","protected":false},"excerpt":{"rendered":"<p>Soir\u00e9e sp\u00e9ciale A l&rsquo;occasion de la venue de M\u00e9lanie Coerchon et des ses massages amma assis, le caf\u00e9 se met en mode cocon, petites lumi\u00e8res, bougies, plaid chaud, tapis douillets, [&hellip;]<\/p>\n","protected":false},"author":1,"featured_media":2342,"template":"","meta":{"_tribe_events_status":"","_tribe_events_status_reason":"","footnotes":""},"tags":[],"tribe_events_cat":[13,8],"class_list":["post-2341","tribe_events","type-tribe_events","status-publish","has-post-thumbnail","hentry","tribe_events_cat-rencontres-ateliers","tribe_events_cat-soiree-speciale","cat_rencontres-ateliers","cat_soiree-speciale"],"_links":{"self":[{"href":"https:\/\/lesmouffettes.fr\/index.php\/wp-json\/wp\/v2\/tribe_events\/2341","targetHints":{"allow":["GET"]}}],"collection":[{"href":"https:\/\/lesmouffettes.fr\/index.php\/wp-json\/wp\/v2\/tribe_events"}],"about":[{"href":"https:\/\/lesmouffettes.fr\/index.php\/wp-json\/wp\/v2\/types\/tribe_events"}],"author":[{"embeddable":true,"href":"https:\/\/lesmouffettes.fr\/index.php\/wp-json\/wp\/v2\/users\/1"}],"version-history":[{"count":3,"href":"https:\/\/lesmouffettes.fr\/index.php\/wp-json\/wp\/v2\/tribe_events\/2341\/revisions"}],"predecessor-version":[{"id":2345,"href":"https:\/\/lesmouffettes.fr\/index.php\/wp-json\/wp\/v2\/tribe_events\/2341\/revisions\/2345"}],"wp:featuredmedia":[{"embeddable":true,"href":"https:\/\/lesmouffettes.fr\/index.php\/wp-json\/wp\/v2\/media\/2342"}],"wp:attachment":[{"href":"https:\/\/lesmouffettes.fr\/index.php\/wp-json\/wp\/v2\/media?parent=2341"}],"wp:term":[{"taxonomy":"post_tag","embeddable":true,"href":"https:\/\/lesmouffettes.fr\/index.php\/wp-json\/wp\/v2\/tags?post=2341"},{"taxonomy":"tribe_events_cat","embeddable":true,"href":"https:\/\/lesmouffettes.fr\/index.php\/wp-json\/wp\/v2\/tribe_events_cat?post=2341"}],"curies":[{"name":"wp","href":"https:\/\/api.w.org\/{rel}","templated":true}]}}

Café Cocon

<h5>Soirée spéciale</h5>
<p>A l&rsquo;occasion de la venue de Mélanie Coerchon et des ses massages amma assis, le café se met en mode cocon, petites lumières, bougies, plaid chaud, tapis douillets, du lait d&rsquo;or et des chocolats chauds au comptoir &#8230; On se fait du bien tout en douceur pour accueillir le wkd automnal.</p>
<p>Les Massages sont à prix conseillés de 10€, sans réservation.</p>
<p>&nbsp;</p>
<p data-wp-editing="1"><img loading="lazy" decoding="async" class="alignleft wp-image-1937 size-large" src="https://lesmouffettes.fr/wp-content/uploads/2025/02/Amma-Assis-A5-Entreprise-BIEN-ETRE-143-x-210-mm-2_Page_1-696x1024.jpg" alt="" width="580" height="853" srcset="https://lesmouffettes.fr/wp-content/uploads/2025/02/Amma-Assis-A5-Entreprise-BIEN-ETRE-143-x-210-mm-2_Page_1-696x1024.jpg 696w, https://lesmouffettes.fr/wp-content/uploads/2025/02/Amma-Assis-A5-Entreprise-BIEN-ETRE-143-x-210-mm-2_Page_1-204x300.jpg 204w, https://lesmouffettes.fr/wp-content/uploads/2025/02/Amma-Assis-A5-Entreprise-BIEN-ETRE-143-x-210-mm-2_Page_1-768x1130.jpg 768w, https://lesmouffettes.fr/wp-content/uploads/2025/02/Amma-Assis-A5-Entreprise-BIEN-ETRE-143-x-210-mm-2_Page_1-1044x1536.jpg 1044w, https://lesmouffettes.fr/wp-content/uploads/2025/02/Amma-Assis-A5-Entreprise-BIEN-ETRE-143-x-210-mm-2_Page_1.jpg 1125w" sizes="auto, (max-width: 580px) 100vw, 580px" /> <img loading="lazy" decoding="async" class="alignnone wp-image-1936 size-large" src="https://lesmouffettes.fr/wp-content/uploads/2025/02/Amma-Assis-A5-Entreprise-BIEN-ETRE-143-x-210-mm-2_Page_2-696x1024.jpg" alt="" width="580" height="853" srcset="https://lesmouffettes.fr/wp-content/uploads/2025/02/Amma-Assis-A5-Entreprise-BIEN-ETRE-143-x-210-mm-2_Page_2-696x1024.jpg 696w, https://lesmouffettes.fr/wp-content/uploads/2025/02/Amma-Assis-A5-Entreprise-BIEN-ETRE-143-x-210-mm-2_Page_2-204x300.jpg 204w, https://lesmouffettes.fr/wp-content/uploads/2025/02/Amma-Assis-A5-Entreprise-BIEN-ETRE-143-x-210-mm-2_Page_2-768x1130.jpg 768w, https://lesmouffettes.fr/wp-content/uploads/2025/02/Amma-Assis-A5-Entreprise-BIEN-ETRE-143-x-210-mm-2_Page_2-1044x1536.jpg 1044w, https://lesmouffettes.fr/wp-content/uploads/2025/02/Amma-Assis-A5-Entreprise-BIEN-ETRE-143-x-210-mm-2_Page_2.jpg 1125w" sizes="auto, (max-width: 580px) 100vw, 580px" /></p>
<p>&nbsp;</p>

<p>Soirée spéciale A l&rsquo;occasion de la venue de Mélanie Coerchon et des ses massages amma assis, le café se met en mode cocon, petites lumières, bougies, plaid chaud, tapis douillets, [&hellip;]</p>
