{"id":2353,"date":"2025-09-26T13:40:25","date_gmt":"2025-09-26T11:40:25","guid":{"rendered":"https:\/\/lesmouffettes.fr\/?post_type=tribe_events&#038;p=2353"},"modified":"2025-12-06T13:11:26","modified_gmt":"2025-12-06T12:11:26","slug":"marche-de-lartisanat","status":"publish","type":"tribe_events","link":"https:\/\/lesmouffettes.fr\/index.php\/event\/marche-de-lartisanat\/","title":{"rendered":"March\u00e9 de l&rsquo;Artisanat"},"content":{"rendered":"<h5 align=\"justify\">Tr\u00e9sors locaux<\/h5>\n<p align=\"justify\"><strong>March\u00e9 des cr\u00e9ateurices au caf\u00e9 des Mouffettes dimanche 14 d\u00e9cembre de 11h \u00e0 19h<\/strong><\/p>\n<p align=\"justify\">No\u00ebl arrive on a bien compris mais avant tout c\u2019est le moment de mettre en valeur l\u2019artisanat local pour se faire plaisir en (s\u2019)offrant un cadeau.<\/p>\n<p align=\"justify\">Vous retrouverez des belles c\u00e9ramiques, des bijoux,des hydrolats, des cyanotypes, des cr\u00e9ations textiles et encore plein d&rsquo;autre jolies choses &#8230;<br class=\"html-br\" \/>Venez fl\u00e2ner, chiner, soutenir l&rsquo;artisanat local!<\/p>\n<p align=\"justify\">&gt; Adh\u00e9sion \u00e0 l\u2019association \u00e0 prix libre pour les exposant.e.s<\/p>\n","protected":false},"excerpt":{"rendered":"<p>Tr\u00e9sors locaux March\u00e9 des cr\u00e9ateurices au caf\u00e9 des Mouffettes dimanche 14 d\u00e9cembre de 11h \u00e0 19h No\u00ebl arrive on a bien compris mais avant tout c\u2019est le moment de mettre [&hellip;]<\/p>\n","protected":false},"author":1,"featured_media":2455,"template":"","meta":{"_tribe_events_status":"","_tribe_events_status_reason":"","footnotes":""},"tags":[],"tribe_events_cat":[12,13],"class_list":["post-2353","tribe_events","type-tribe_events","status-publish","has-post-thumbnail","hentry","tribe_events_cat-novembre-decembre","tribe_events_cat-rencontres-ateliers","cat_novembre-decembre","cat_rencontres-ateliers"],"_links":{"self":[{"href":"https:\/\/lesmouffettes.fr\/index.php\/wp-json\/wp\/v2\/tribe_events\/2353","targetHints":{"allow":["GET"]}}],"collection":[{"href":"https:\/\/lesmouffettes.fr\/index.php\/wp-json\/wp\/v2\/tribe_events"}],"about":[{"href":"https:\/\/lesmouffettes.fr\/index.php\/wp-json\/wp\/v2\/types\/tribe_events"}],"author":[{"embeddable":true,"href":"https:\/\/lesmouffettes.fr\/index.php\/wp-json\/wp\/v2\/users\/1"}],"version-history":[{"count":3,"href":"https:\/\/lesmouffettes.fr\/index.php\/wp-json\/wp\/v2\/tribe_events\/2353\/revisions"}],"predecessor-version":[{"id":2457,"href":"https:\/\/lesmouffettes.fr\/index.php\/wp-json\/wp\/v2\/tribe_events\/2353\/revisions\/2457"}],"wp:featuredmedia":[{"embeddable":true,"href":"https:\/\/lesmouffettes.fr\/index.php\/wp-json\/wp\/v2\/media\/2455"}],"wp:attachment":[{"href":"https:\/\/lesmouffettes.fr\/index.php\/wp-json\/wp\/v2\/media?parent=2353"}],"wp:term":[{"taxonomy":"post_tag","embeddable":true,"href":"https:\/\/lesmouffettes.fr\/index.php\/wp-json\/wp\/v2\/tags?post=2353"},{"taxonomy":"tribe_events_cat","embeddable":true,"href":"https:\/\/lesmouffettes.fr\/index.php\/wp-json\/wp\/v2\/tribe_events_cat?post=2353"}],"curies":[{"name":"wp","href":"https:\/\/api.w.org\/{rel}","templated":true}]}}

Marché de l&rsquo;Artisanat

<h5 align="justify">Trésors locaux</h5>
<p align="justify"><strong>Marché des créateurices au café des Mouffettes dimanche 14 décembre de 11h à 19h</strong></p>
<p align="justify">Noël arrive on a bien compris mais avant tout c’est le moment de mettre en valeur l’artisanat local pour se faire plaisir en (s’)offrant un cadeau.</p>
<p align="justify">Vous retrouverez des belles céramiques, des bijoux,des hydrolats, des cyanotypes, des créations textiles et encore plein d&rsquo;autre jolies choses &#8230;<br class="html-br" />Venez flâner, chiner, soutenir l&rsquo;artisanat local!</p>
<p align="justify">&gt; Adhésion à l’association à prix libre pour les exposant.e.s</p>

<p>Trésors locaux Marché des créateurices au café des Mouffettes dimanche 14 décembre de 11h à 19h Noël arrive on a bien compris mais avant tout c’est le moment de mettre [&hellip;]</p>
