{"id":2355,"date":"2025-09-26T14:05:31","date_gmt":"2025-09-26T12:05:31","guid":{"rendered":"https:\/\/lesmouffettes.fr\/?post_type=tribe_events&#038;p=2355"},"modified":"2025-12-23T11:16:01","modified_gmt":"2025-12-23T10:16:01","slug":"cantadas","status":"publish","type":"tribe_events","link":"https:\/\/lesmouffettes.fr\/index.php\/event\/cantadas\/","title":{"rendered":"Cantadas!"},"content":{"rendered":"<h5>Soir\u00e9e chant<\/h5>\n<p>La compagnie du Z\u00e9zargo et des chanteuses du coin propose de se retrouver pour chanter en occitan (mais pas que !) au caf\u00e9 des moufettes le samedi 3 janvier entre 18h et 21h.<\/p>\n<p>Cette partie de chant mi-spontan\u00e9e, mi-organis\u00e9e est ouverte aux gens qui savent chanter et aussi \u00e0 celles et ceux qui ne savent pas, qui ont envie, qui ne sont pas au courant aussi.<\/p>\n<p>L&rsquo;id\u00e9e est de proposer un espace-temps de chant collectif, de partage de r\u00e9pertoire et d&rsquo;initiation \u00e0 cette pratique pour qui veut ! On essayera de trouver des chants en communs aux personnes pr\u00e9sentes et si l&rsquo;envie est l\u00e0, on pourra aussi apprendre un chant en occitan.<\/p>\n<p>&nbsp;<\/p>\n<p><em>Ce projet est d\u00e9velopp\u00e9 en \u00e9cho avec des groupes des Hautes Pyr\u00e9n\u00e9es.<\/em><\/p>\n<p>illustration: Colline Bonnet<\/p>\n","protected":false},"excerpt":{"rendered":"<p>Soir\u00e9e chant La compagnie du Z\u00e9zargo et des chanteuses du coin propose de se retrouver pour chanter en occitan (mais pas que !) au caf\u00e9 des moufettes le samedi 3 [&hellip;]<\/p>\n","protected":false},"author":1,"featured_media":2356,"template":"","meta":{"_tribe_events_status":"","_tribe_events_status_reason":"","footnotes":""},"tags":[],"tribe_events_cat":[14,13],"class_list":["post-2355","tribe_events","type-tribe_events","status-publish","has-post-thumbnail","hentry","tribe_events_cat-janvier-fevrier","tribe_events_cat-rencontres-ateliers","cat_janvier-fevrier","cat_rencontres-ateliers"],"_links":{"self":[{"href":"https:\/\/lesmouffettes.fr\/index.php\/wp-json\/wp\/v2\/tribe_events\/2355","targetHints":{"allow":["GET"]}}],"collection":[{"href":"https:\/\/lesmouffettes.fr\/index.php\/wp-json\/wp\/v2\/tribe_events"}],"about":[{"href":"https:\/\/lesmouffettes.fr\/index.php\/wp-json\/wp\/v2\/types\/tribe_events"}],"author":[{"embeddable":true,"href":"https:\/\/lesmouffettes.fr\/index.php\/wp-json\/wp\/v2\/users\/1"}],"version-history":[{"count":2,"href":"https:\/\/lesmouffettes.fr\/index.php\/wp-json\/wp\/v2\/tribe_events\/2355\/revisions"}],"predecessor-version":[{"id":2474,"href":"https:\/\/lesmouffettes.fr\/index.php\/wp-json\/wp\/v2\/tribe_events\/2355\/revisions\/2474"}],"wp:featuredmedia":[{"embeddable":true,"href":"https:\/\/lesmouffettes.fr\/index.php\/wp-json\/wp\/v2\/media\/2356"}],"wp:attachment":[{"href":"https:\/\/lesmouffettes.fr\/index.php\/wp-json\/wp\/v2\/media?parent=2355"}],"wp:term":[{"taxonomy":"post_tag","embeddable":true,"href":"https:\/\/lesmouffettes.fr\/index.php\/wp-json\/wp\/v2\/tags?post=2355"},{"taxonomy":"tribe_events_cat","embeddable":true,"href":"https:\/\/lesmouffettes.fr\/index.php\/wp-json\/wp\/v2\/tribe_events_cat?post=2355"}],"curies":[{"name":"wp","href":"https:\/\/api.w.org\/{rel}","templated":true}]}}

<h5>Soirée chant</h5>
<p>La compagnie du Zézargo et des chanteuses du coin propose de se retrouver pour chanter en occitan (mais pas que !) au café des moufettes le samedi 3 janvier entre 18h et 21h.</p>
<p>Cette partie de chant mi-spontanée, mi-organisée est ouverte aux gens qui savent chanter et aussi à celles et ceux qui ne savent pas, qui ont envie, qui ne sont pas au courant aussi.</p>
<p>L&rsquo;idée est de proposer un espace-temps de chant collectif, de partage de répertoire et d&rsquo;initiation à cette pratique pour qui veut ! On essayera de trouver des chants en communs aux personnes présentes et si l&rsquo;envie est là, on pourra aussi apprendre un chant en occitan.</p>
<p>&nbsp;</p>
<p><em>Ce projet est développé en écho avec des groupes des Hautes Pyrénées.</em></p>
<p>illustration: Colline Bonnet</p>

<p>Soirée chant La compagnie du Zézargo et des chanteuses du coin propose de se retrouver pour chanter en occitan (mais pas que !) au café des moufettes le samedi 3 [&hellip;]</p>
