{"id":2490,"date":"2025-12-23T12:21:02","date_gmt":"2025-12-23T11:21:02","guid":{"rendered":"https:\/\/lesmouffettes.fr\/?post_type=tribe_events&#038;p=2490"},"modified":"2025-12-23T12:21:02","modified_gmt":"2025-12-23T11:21:02","slug":"peter-piek","status":"publish","type":"tribe_events","link":"https:\/\/lesmouffettes.fr\/index.php\/event\/peter-piek\/","title":{"rendered":"Peter Piek"},"content":{"rendered":"<h5>Folk electro pop<\/h5>\n<p>Originaire de Leipzig en Allemagne, Peter parcourt le monde en solo avec sa guitare, ses pinceaux et ses machines \u00e9lectroniques. Depuis 2006, il a donn\u00e9 pr\u00e8s de 1400 concerts et r\u00e9alis\u00e9 des expositions dans une trentaine de pays sur trois continents (Europe, Asie, Am\u00e9rique du Nord).<\/p>\n<p>Son style musical, initialement tr\u00e8s folk, s&rsquo;est enrichi au fil de 8 albums de sonorit\u00e9s \u00e9lectro-pop sur lesquelles il pose sa voix si particuli\u00e8re, presque enfantine. Adepte d&rsquo;exp\u00e9riences originales, il a notamment enregistr\u00e9 un album \u00e0 la sortie du confinement dans le Transsib\u00e9rien, voyageant d&rsquo;Allemagne en Chine via la Russie et la Mongolie. Il y a sampl\u00e9 les sons du train (sifflements, bruits m\u00e9caniques&#8230;) comme base musicale et rythmique du projet\u00a0<em>The Time Travelling<\/em>\u00a0(2020).<\/p>\n<p>La d\u00e9marche artistique de Peter m\u00eale constamment dimensions musicale et visuelle. Il collabore r\u00e9guli\u00e8rement avec le r\u00e9alisateur Denis Herzog, d\u00e9veloppant une esth\u00e9tique minimaliste et po\u00e9tique qui sublime l&rsquo;intensit\u00e9 \u00e9motionnelle de sa musique. Il associe \u00e9galement la peinture \u00e0 son univers musical en r\u00e9alisant ses pochettes d&rsquo;albums dans son style abstrait et color\u00e9, ou en peignant sur de multiples supports (murs, toiles, ponts, for\u00eats&#8230;). Enfin sur sc\u00e8ne Peter est habill\u00e9 par Ari Fuchs (Supercool Universe) styliste dont le gout pour la couleur et l&rsquo;upcycling entre profond\u00e9ment en r\u00e9sonance avec son univers polymorphe.<\/p>\n<p>Aujourd&rsquo;hui reconnu autant comme peintre que comme musicien, Peter vient de sortir son huiti\u00e8me album\u00a0<em>Lakes<\/em>\u00a0(ao\u00fbt 2024), o\u00f9 il chante en duo avec Ava Freddy (Norv\u00e8ge), Danny Malone (\u00c9tats-Unis) et Lucky Fonz III (Pays-Bas). Cette tourn\u00e9e europ\u00e9enne hivernale sera l&rsquo;occasion de d\u00e9fendre ce nouveau projet en version solo intimiste.<\/p>\n<p><b>Site officiel :<\/b>\u00a0<a href=\"https:\/\/peterpiek.com\/\" target=\"_blank\" rel=\"noopener\" data-saferedirecturl=\"https:\/\/www.google.com\/url?q=https:\/\/peterpiek.com\/&amp;source=gmail&amp;ust=1766574972633000&amp;usg=AOvVaw3YYkwlNoM8KIbNLIqBLQQI\">https:\/\/peterpiek.com\/<\/a><\/p>\n<p><iframe loading=\"lazy\" title=\"Peter Piek - Nobody Knows - Painting Room Live\" width=\"580\" height=\"326\" src=\"https:\/\/www.youtube.com\/embed\/IpJtEzMGtXQ?list=PLu88i3xNa9XzR25WxQA-9wrk5XDahyFZn\" frameborder=\"0\" allow=\"accelerometer; autoplay; clipboard-write; encrypted-media; gyroscope; picture-in-picture; web-share\" referrerpolicy=\"strict-origin-when-cross-origin\" allowfullscreen><\/iframe><\/p>\n","protected":false},"excerpt":{"rendered":"<p>Folk electro pop Originaire de Leipzig en Allemagne, Peter parcourt le monde en solo avec sa guitare, ses pinceaux et ses machines \u00e9lectroniques. Depuis 2006, il a donn\u00e9 pr\u00e8s de [&hellip;]<\/p>\n","protected":false},"author":1,"featured_media":2491,"template":"","meta":{"_tribe_events_status":"","_tribe_events_status_reason":"","footnotes":""},"tags":[],"tribe_events_cat":[14,7],"class_list":["post-2490","tribe_events","type-tribe_events","status-publish","has-post-thumbnail","hentry","tribe_events_cat-janvier-fevrier","tribe_events_cat-spectacles","cat_janvier-fevrier","cat_spectacles"],"_links":{"self":[{"href":"https:\/\/lesmouffettes.fr\/index.php\/wp-json\/wp\/v2\/tribe_events\/2490","targetHints":{"allow":["GET"]}}],"collection":[{"href":"https:\/\/lesmouffettes.fr\/index.php\/wp-json\/wp\/v2\/tribe_events"}],"about":[{"href":"https:\/\/lesmouffettes.fr\/index.php\/wp-json\/wp\/v2\/types\/tribe_events"}],"author":[{"embeddable":true,"href":"https:\/\/lesmouffettes.fr\/index.php\/wp-json\/wp\/v2\/users\/1"}],"version-history":[{"count":1,"href":"https:\/\/lesmouffettes.fr\/index.php\/wp-json\/wp\/v2\/tribe_events\/2490\/revisions"}],"predecessor-version":[{"id":2492,"href":"https:\/\/lesmouffettes.fr\/index.php\/wp-json\/wp\/v2\/tribe_events\/2490\/revisions\/2492"}],"wp:featuredmedia":[{"embeddable":true,"href":"https:\/\/lesmouffettes.fr\/index.php\/wp-json\/wp\/v2\/media\/2491"}],"wp:attachment":[{"href":"https:\/\/lesmouffettes.fr\/index.php\/wp-json\/wp\/v2\/media?parent=2490"}],"wp:term":[{"taxonomy":"post_tag","embeddable":true,"href":"https:\/\/lesmouffettes.fr\/index.php\/wp-json\/wp\/v2\/tags?post=2490"},{"taxonomy":"tribe_events_cat","embeddable":true,"href":"https:\/\/lesmouffettes.fr\/index.php\/wp-json\/wp\/v2\/tribe_events_cat?post=2490"}],"curies":[{"name":"wp","href":"https:\/\/api.w.org\/{rel}","templated":true}]}}

<h5>Folk electro pop</h5>
<p>Originaire de Leipzig en Allemagne, Peter parcourt le monde en solo avec sa guitare, ses pinceaux et ses machines électroniques. Depuis 2006, il a donné près de 1400 concerts et réalisé des expositions dans une trentaine de pays sur trois continents (Europe, Asie, Amérique du Nord).</p>
<p>Son style musical, initialement très folk, s&rsquo;est enrichi au fil de 8 albums de sonorités électro-pop sur lesquelles il pose sa voix si particulière, presque enfantine. Adepte d&rsquo;expériences originales, il a notamment enregistré un album à la sortie du confinement dans le Transsibérien, voyageant d&rsquo;Allemagne en Chine via la Russie et la Mongolie. Il y a samplé les sons du train (sifflements, bruits mécaniques&#8230;) comme base musicale et rythmique du projet <em>The Time Travelling</em> (2020).</p>
<p>La démarche artistique de Peter mêle constamment dimensions musicale et visuelle. Il collabore régulièrement avec le réalisateur Denis Herzog, développant une esthétique minimaliste et poétique qui sublime l&rsquo;intensité émotionnelle de sa musique. Il associe également la peinture à son univers musical en réalisant ses pochettes d&rsquo;albums dans son style abstrait et coloré, ou en peignant sur de multiples supports (murs, toiles, ponts, forêts&#8230;). Enfin sur scène Peter est habillé par Ari Fuchs (Supercool Universe) styliste dont le gout pour la couleur et l&rsquo;upcycling entre profondément en résonance avec son univers polymorphe.</p>
<p>Aujourd&rsquo;hui reconnu autant comme peintre que comme musicien, Peter vient de sortir son huitième album <em>Lakes</em> (août 2024), où il chante en duo avec Ava Freddy (Norvège), Danny Malone (États-Unis) et Lucky Fonz III (Pays-Bas). Cette tournée européenne hivernale sera l&rsquo;occasion de défendre ce nouveau projet en version solo intimiste.</p>
<p><b>Site officiel :</b> <a href="https://peterpiek.com/" target="_blank" rel="noopener" data-saferedirecturl="https://www.google.com/url?q=https://peterpiek.com/&amp;source=gmail&amp;ust=1766574972633000&amp;usg=AOvVaw3YYkwlNoM8KIbNLIqBLQQI">https://peterpiek.com/</a></p>
<p><iframe loading="lazy" title="Peter Piek - Nobody Knows - Painting Room Live" width="580" height="326" src="https://www.youtube.com/embed/IpJtEzMGtXQ?list=PLu88i3xNa9XzR25WxQA-9wrk5XDahyFZn" frameborder="0" allow="accelerometer; autoplay; clipboard-write; encrypted-media; gyroscope; picture-in-picture; web-share" referrerpolicy="strict-origin-when-cross-origin" allowfullscreen></iframe></p>

<p>Folk electro pop Originaire de Leipzig en Allemagne, Peter parcourt le monde en solo avec sa guitare, ses pinceaux et ses machines électroniques. Depuis 2006, il a donné près de [&hellip;]</p>
