{"id":2503,"date":"2025-12-23T12:49:52","date_gmt":"2025-12-23T11:49:52","guid":{"rendered":"https:\/\/lesmouffettes.fr\/?post_type=tribe_events&#038;p=2503"},"modified":"2025-12-23T12:49:52","modified_gmt":"2025-12-23T11:49:52","slug":"atelier-decriture-de-poesie-3","status":"publish","type":"tribe_events","link":"https:\/\/lesmouffettes.fr\/index.php\/event\/atelier-decriture-de-poesie-3\/","title":{"rendered":"Atelier d&rsquo;\u00e9criture de po\u00e9sie"},"content":{"rendered":"<h5>Carnaval Nous : Atelier d\u2019\u00e9criture avec Ana\u00efs Vaillant, anthropologue et artiste pour la sc\u00e8ne, la rue et les ondes.<\/h5>\n<p>La p\u00e9riode hivernale et carnavalesque est propice \u00e0 la fermentation d\u2019une po\u00e9sie populaire de proximit\u00e9 : nous explorerons le d\u00e9j\u00e0-l\u00e0 et l\u2019invisible, le-dur-\u00e0-dire et le qui-n\u2019a-pas-de-nom, la salissure et le pouet-pouet pour un atelier collectif exutoire. Atelier d\u2019\u00e9criture et d\u2019oralit\u00e9, nous jouerons avec les mots pour chuchoter, clamer, chanter&#8230; Fai petar !<\/p>\n<ul>\n<li>Les dates: 15 et 22 janvier, 12 f\u00e9vrier, de 18h \u00e0 20h.<\/li>\n<li>\u00c0 partir de 15 ans<\/li>\n<li>Tarif unique pour les 3 ateliers: 10 euros<\/li>\n<li>sur inscription uniquement en billetterie du th\u00e9\u00e2tre Albar\u00e8de:<br \/>\n<strong>www.theatre-albarede.fr<\/strong><br \/>\ncontact billetterie: 04 67 73 15 62<br \/>\nbilletterie.albarede@cdcgangesumene.fr<\/li>\n<\/ul>\n","protected":false},"excerpt":{"rendered":"<p>Carnaval Nous : Atelier d\u2019\u00e9criture avec Ana\u00efs Vaillant, anthropologue et artiste pour la sc\u00e8ne, la rue et les ondes. La p\u00e9riode hivernale et carnavalesque est propice \u00e0 la fermentation d\u2019une [&hellip;]<\/p>\n","protected":false},"author":1,"featured_media":0,"template":"","meta":{"_tribe_events_status":"","_tribe_events_status_reason":"","footnotes":""},"tags":[],"tribe_events_cat":[14,13],"class_list":["post-2503","tribe_events","type-tribe_events","status-publish","hentry","tribe_events_cat-janvier-fevrier","tribe_events_cat-rencontres-ateliers","cat_janvier-fevrier","cat_rencontres-ateliers"],"_links":{"self":[{"href":"https:\/\/lesmouffettes.fr\/index.php\/wp-json\/wp\/v2\/tribe_events\/2503","targetHints":{"allow":["GET"]}}],"collection":[{"href":"https:\/\/lesmouffettes.fr\/index.php\/wp-json\/wp\/v2\/tribe_events"}],"about":[{"href":"https:\/\/lesmouffettes.fr\/index.php\/wp-json\/wp\/v2\/types\/tribe_events"}],"author":[{"embeddable":true,"href":"https:\/\/lesmouffettes.fr\/index.php\/wp-json\/wp\/v2\/users\/1"}],"version-history":[{"count":1,"href":"https:\/\/lesmouffettes.fr\/index.php\/wp-json\/wp\/v2\/tribe_events\/2503\/revisions"}],"predecessor-version":[{"id":2504,"href":"https:\/\/lesmouffettes.fr\/index.php\/wp-json\/wp\/v2\/tribe_events\/2503\/revisions\/2504"}],"wp:attachment":[{"href":"https:\/\/lesmouffettes.fr\/index.php\/wp-json\/wp\/v2\/media?parent=2503"}],"wp:term":[{"taxonomy":"post_tag","embeddable":true,"href":"https:\/\/lesmouffettes.fr\/index.php\/wp-json\/wp\/v2\/tags?post=2503"},{"taxonomy":"tribe_events_cat","embeddable":true,"href":"https:\/\/lesmouffettes.fr\/index.php\/wp-json\/wp\/v2\/tribe_events_cat?post=2503"}],"curies":[{"name":"wp","href":"https:\/\/api.w.org\/{rel}","templated":true}]}}

Atelier d&rsquo;écriture de poésie

<h5>Carnaval Nous : Atelier d’écriture avec Anaïs Vaillant, anthropologue et artiste pour la scène, la rue et les ondes.</h5>
<p>La période hivernale et carnavalesque est propice à la fermentation d’une poésie populaire de proximité : nous explorerons le déjà-là et l’invisible, le-dur-à-dire et le qui-n’a-pas-de-nom, la salissure et le pouet-pouet pour un atelier collectif exutoire. Atelier d’écriture et d’oralité, nous jouerons avec les mots pour chuchoter, clamer, chanter&#8230; Fai petar !</p>
<ul>
<li>Les dates: 15 et 22 janvier, 12 février, de 18h à 20h.</li>
<li>À partir de 15 ans</li>
<li>Tarif unique pour les 3 ateliers: 10 euros</li>
<li>sur inscription uniquement en billetterie du théâtre Albarède:<br />
<strong>www.theatre-albarede.fr</strong><br />
contact billetterie: 04 67 73 15 62<br />
billetterie.albarede@cdcgangesumene.fr</li>
</ul>

<p>Carnaval Nous : Atelier d’écriture avec Anaïs Vaillant, anthropologue et artiste pour la scène, la rue et les ondes. La période hivernale et carnavalesque est propice à la fermentation d’une [&hellip;]</p>
