{"id":2505,"date":"2025-12-23T13:17:19","date_gmt":"2025-12-23T12:17:19","guid":{"rendered":"https:\/\/lesmouffettes.fr\/?post_type=tribe_events&#038;p=2505"},"modified":"2025-12-23T13:17:19","modified_gmt":"2025-12-23T12:17:19","slug":"temps-fort-poesie-au-theatre-albarede","status":"publish","type":"tribe_events","link":"https:\/\/lesmouffettes.fr\/index.php\/event\/temps-fort-poesie-au-theatre-albarede\/","title":{"rendered":"Temps fort po\u00e9sie au th\u00e9\u00e2tre Albar\u00e8de"},"content":{"rendered":"<h5>Sc\u00e8ne ouverte po\u00e9sie<\/h5>\n<p>After Caf\u00e9 du th\u00e9\u00e2tre, suite aux performances de Manon Alla et \u00c9lo\u00efse Br\u00e9zillon.<br \/>\nRendre la po\u00e9sie contagieuse et bousculer le r\u00e9el : telle pourrait \u00eatre la devise de cette sc\u00e8ne ouverte au Caf\u00e9 du Th\u00e9\u00e2tre.<br \/>\nChacun\u00b7e est invit\u00e9\u00b7e \u00e0 monter sur sc\u00e8ne pour d\u00e9clamer un po\u00e8me, slamer, chanter un air ou simplement partager quelques mots d\u2019esprit.<\/p>\n<p>Po\u00e8tes confirm\u00e9s, amateurs passionn\u00e9s ou fl\u00e2neurs de passage : tout le monde est le bienvenu. Les mots pourront se poser sur l\u2019accompagnement musical des artistes invit\u00e9s pour l\u2019occasion, Soli et Domi.<\/p>\n<p>Et pour prolonger le plaisir, on pourra boire et manger gr\u00e2ce au Caf\u00e9 des Mouffettes, qui s\u2019installe sp\u00e9cialement au Caf\u00e9 du Th\u00e9\u00e2tre le temps de la soir\u00e9e.<br \/>\nAna\u00efs Vaillant et ses complices des ateliers d\u2019\u00e9criture seront aussi invit\u00e9s \u00e0 se saisir du micro.<\/p>\n<h5>les repr\u00e9sentations de la soir\u00e9e au th\u00e9atre:<\/h5>\n<ul>\n<li><em><strong>Bleu Sanguine<\/strong><\/em> de MANON ALLA \u00e0 18h<\/li>\n<li><em><strong>P\u00e9riod2<\/strong><\/em> de H\u00c9LO\u00cfSE BR\u00c9ZILLON et BROOHAHA \u00e0 20h<\/li>\n<\/ul>\n<p>plus d&rsquo;infos: <a href=\"http:\/\/www.theatre-albarede.fr\">www.theatre-albarede.fr<\/a><\/p>\n","protected":false},"excerpt":{"rendered":"<p>Sc\u00e8ne ouverte po\u00e9sie After Caf\u00e9 du th\u00e9\u00e2tre, suite aux performances de Manon Alla et \u00c9lo\u00efse Br\u00e9zillon. Rendre la po\u00e9sie contagieuse et bousculer le r\u00e9el : telle pourrait \u00eatre la devise [&hellip;]<\/p>\n","protected":false},"author":1,"featured_media":0,"template":"","meta":{"_tribe_events_status":"","_tribe_events_status_reason":"","footnotes":""},"tags":[],"tribe_events_cat":[14,8],"class_list":["post-2505","tribe_events","type-tribe_events","status-publish","hentry","tribe_events_cat-janvier-fevrier","tribe_events_cat-soiree-speciale","cat_janvier-fevrier","cat_soiree-speciale"],"_links":{"self":[{"href":"https:\/\/lesmouffettes.fr\/index.php\/wp-json\/wp\/v2\/tribe_events\/2505","targetHints":{"allow":["GET"]}}],"collection":[{"href":"https:\/\/lesmouffettes.fr\/index.php\/wp-json\/wp\/v2\/tribe_events"}],"about":[{"href":"https:\/\/lesmouffettes.fr\/index.php\/wp-json\/wp\/v2\/types\/tribe_events"}],"author":[{"embeddable":true,"href":"https:\/\/lesmouffettes.fr\/index.php\/wp-json\/wp\/v2\/users\/1"}],"version-history":[{"count":2,"href":"https:\/\/lesmouffettes.fr\/index.php\/wp-json\/wp\/v2\/tribe_events\/2505\/revisions"}],"predecessor-version":[{"id":2508,"href":"https:\/\/lesmouffettes.fr\/index.php\/wp-json\/wp\/v2\/tribe_events\/2505\/revisions\/2508"}],"wp:attachment":[{"href":"https:\/\/lesmouffettes.fr\/index.php\/wp-json\/wp\/v2\/media?parent=2505"}],"wp:term":[{"taxonomy":"post_tag","embeddable":true,"href":"https:\/\/lesmouffettes.fr\/index.php\/wp-json\/wp\/v2\/tags?post=2505"},{"taxonomy":"tribe_events_cat","embeddable":true,"href":"https:\/\/lesmouffettes.fr\/index.php\/wp-json\/wp\/v2\/tribe_events_cat?post=2505"}],"curies":[{"name":"wp","href":"https:\/\/api.w.org\/{rel}","templated":true}]}}

Temps fort poésie au théâtre Albarède

<h5>Scène ouverte poésie</h5>
<p>After Café du théâtre, suite aux performances de Manon Alla et Éloïse Brézillon.<br />
Rendre la poésie contagieuse et bousculer le réel : telle pourrait être la devise de cette scène ouverte au Café du Théâtre.<br />
Chacun·e est invité·e à monter sur scène pour déclamer un poème, slamer, chanter un air ou simplement partager quelques mots d’esprit.</p>
<p>Poètes confirmés, amateurs passionnés ou flâneurs de passage : tout le monde est le bienvenu. Les mots pourront se poser sur l’accompagnement musical des artistes invités pour l’occasion, Soli et Domi.</p>
<p>Et pour prolonger le plaisir, on pourra boire et manger grâce au Café des Mouffettes, qui s’installe spécialement au Café du Théâtre le temps de la soirée.<br />
Anaïs Vaillant et ses complices des ateliers d’écriture seront aussi invités à se saisir du micro.</p>
<h5>les représentations de la soirée au théatre:</h5>
<ul>
<li><em><strong>Bleu Sanguine</strong></em> de MANON ALLA à 18h</li>
<li><em><strong>Périod2</strong></em> de HÉLOÏSE BRÉZILLON et BROOHAHA à 20h</li>
</ul>
<p>plus d&rsquo;infos: <a href="http://www.theatre-albarede.fr">www.theatre-albarede.fr</a></p>

<p>Scène ouverte poésie After Café du théâtre, suite aux performances de Manon Alla et Éloïse Brézillon. Rendre la poésie contagieuse et bousculer le réel : telle pourrait être la devise [&hellip;]</p>
