{"id":257,"date":"2022-08-02T12:45:57","date_gmt":"2022-08-02T10:45:57","guid":{"rendered":"http:\/\/lesmouffettes.fr\/?post_type=tribe_events&#038;p=257"},"modified":"2022-08-02T12:47:44","modified_gmt":"2022-08-02T10:47:44","slug":"de-lorigine-du-monde","status":"publish","type":"tribe_events","link":"https:\/\/lesmouffettes.fr\/index.php\/event\/de-lorigine-du-monde\/","title":{"rendered":"DE L&rsquo;ORIGINE DU MONDE"},"content":{"rendered":"<p>Spectacle \u00e0 dur\u00e9e d\u00e9termin\u00e9e (avril-novembre 2022) de th\u00e9\u00e2tre documentaire propos\u00e9 par le <strong>D\u00e9tachement International du Muerto Coco<\/strong>, avec Rapha\u00eblle Bouvier et Charlotte Perrin de Boussac.<\/p>\n<blockquote><p>Dur\u00e9e : 1h \/ Tout public \u00e0 partir de 8 ans.<\/p>\n<p><a href=\"https:\/\/muertococo.jimdofree.com\/cr%C3%A9ations-en-cours-de-fabrication\/de-l-origine-du-monde\/#:~:text=%23%20DE%20L'ORIGINE%20DU%20MONDE%20%2D%20D%C3%A9tachement%20International%20du%20Muerto%20Coco&amp;text=En%202020%2C%20pendant%20le%20Grand,propos%20de%20la%20reproduction%20humaine.\">MUERTOCOCO<\/a><\/p><\/blockquote>\n<p><img loading=\"lazy\" decoding=\"async\" class=\"size-medium wp-image-258 alignleft\" src=\"https:\/\/lesmouffettes.fr\/wp-content\/uploads\/2022\/08\/image-177x300.jpg\" alt=\"\" width=\"177\" height=\"300\" srcset=\"https:\/\/lesmouffettes.fr\/wp-content\/uploads\/2022\/08\/image-177x300.jpg 177w, https:\/\/lesmouffettes.fr\/wp-content\/uploads\/2022\/08\/image.jpg 229w\" sizes=\"auto, (max-width: 177px) 100vw, 177px\" \/><\/p>\n<p align=\"center\"><span style=\"font-size: xx-large;\">DE L\u2019ORIGINE DU MONDE<\/span><\/p>\n<p align=\"center\"><span style=\"font-size: x-large;\">\u00c9PISODE 2<\/span><\/p>\n<p align=\"center\">La parole des hommes.<\/p>\n<p align=\"justify\"><span style=\"font-family: Times New Roman, serif;\"><span style=\"color: #000000;\"><span style=\"font-family: Candara, serif;\">En 2020, pendant le Grand Confinement, un peu par la force des choses, est n\u00e9 la premi\u00e8re \u00e9tape de ce projet sur la parentalit\u00e9 &#8211; et plus globalement \u00e0 propos de la reproduction humaine. \u00a0<\/span><\/span><\/span><\/p>\n<p align=\"justify\"><span style=\"font-family: Times New Roman, serif;\"><span style=\"color: #000000;\"><span style=\"font-family: Candara, serif;\">Toujours par la force des choses, le premier volet \u00e9ph\u00e9m\u00e8re qui s\u2019est \u00e9crit \u00e0 l\u2019\u00e9poque ne relayait que des paroles de femmes.\u00a0<\/span><\/span><\/span><\/p>\n<p align=\"justify\"><span style=\"font-family: Times New Roman, serif;\"><span style=\"color: #000000;\"><span style=\"font-family: Candara, serif;\">La recherche continue cette ann\u00e9e avec un deuxi\u00e8me volet \u00e9ph\u00e9m\u00e8re, qui jouera uniquement entre avril et novembre 2022, et qui est cette fois int\u00e9gralement construit \u00e0 partir de paroles masculines. <\/span><\/span><\/span><\/p>\n<p align=\"justify\"><span style=\"font-family: Times New Roman, serif;\"><span style=\"color: #000000;\"><span style=\"font-family: Candara, serif;\">L\u2019ann\u00e9e prochaine, nous irons cette fois cueillir la parole des enfants, des engendr\u00e9\u00b7e\u00b7s, pour compl\u00e9ter le panel des regards sur la question, et \u00e9crire notre troisi\u00e8me \u00e9pisode \u00e9ph\u00e9m\u00e8re. <\/span><\/span><\/span><\/p>\n<p align=\"justify\"><span style=\"font-family: Times New Roman, serif;\"><span style=\"color: #000000;\"><span style=\"font-family: Candara, serif;\">Puis, l\u2019ann\u00e9e suivante, nous remettrons tout \u00e7a \u00e0 plat et attaquerons la cr\u00e9ation du spectacle p\u00e9renne, global, qui sortira \u00e0 la fin 2024.<\/span><\/span><\/span><\/p>\n<p><span style=\"color: #000000;\"><span style=\"font-family: Candara, serif;\">Mais pour l\u2019instant on s\u2019int\u00e9resse \u00e0 la parole des hommes. Pas pour la binarit\u00e9 homme-femme, non : simplement pour faire entendre les paroles qui se livrent moins spontan\u00e9ment, comme nous l&rsquo;avons remarqu\u00e9 lors de la premi\u00e8re fourn\u00e9e de collectages en 2020.<\/span><\/span><\/p>\n<p><span style=\"color: #000000;\"><span style=\"font-family: Candara, serif;\">Et puis n&rsquo;oublions pas : en tant qu&rsquo;individus comme en tant que parents, il y a au final bien plus de points communs entre les hommes et les femmes que de diff\u00e9rences.<br \/>\n<\/span><\/span><br \/>\n<span style=\"color: #000000;\"><span style=\"font-family: Candara, serif;\">Et de toute fa\u00e7on, la p\u00eache aux t\u00e9moignages sur ce sujet de la parentalit\u00e9 ne sera jamais exhaustive. Nous le savons bien.<\/span><\/span><\/p>\n<p><span style=\"color: #000000;\"><span style=\"font-family: Candara, serif;\">Maintenant, au travail.<\/span><\/span><\/p>\n<p><span style=\"font-family: Times New Roman, serif;\"><span style=\"color: #000000;\"><span style=\"font-family: Candara, serif;\"><strong>De l&rsquo;origine du monde, \u00e9pisode 2.<\/strong> <\/span><\/span><\/span><\/p>\n<p align=\"right\">\u201c<span style=\"font-family: Times New Roman, serif;\"><span style=\"font-family: Arial, serif;\"><span style=\"font-size: small;\">Je ne veux pas jeter la pierre \u00e0 tout ce c\u00f4t\u00e9 des hommes qui se tait, parce que je trouve qu\u2019il a aussi une certaine beaut\u00e9. Mais c\u2019est pas parce qu\u2019on est un homme qu\u2019on est condamn\u00e9 \u00e0 se taire et \u00e0 supporter sa vie ; ni parce qu\u2019on est une femme qu\u2019on est condamn\u00e9e \u00e0 parler tout le temps.\u00a0<\/span><\/span><\/span><span style=\"font-family: Candara, serif;\"><br \/>\n<\/span><span style=\"font-family: Arial, serif;\"><span style=\"font-size: small;\">Moi, en tant que p\u00e8re, je ne peux pas me taire.\u201d<\/span><\/span><span style=\"font-family: Candara, serif;\">\u00a0<\/span><\/p>\n<p align=\"right\"><span style=\"font-family: Times New Roman, serif;\"><span style=\"font-family: Arial, serif;\"><span style=\"font-size: small;\"><i>(extrait des t\u00e9moignages recueillis)<\/i><\/span><\/span><\/span><\/p>\n","protected":false},"excerpt":{"rendered":"<p>Un spectacle \u00e0 dur\u00e9e d\u00e9termin\u00e9e (avril-novembre 2022) de th\u00e9\u00e2tre documentaire propos\u00e9 par le D\u00e9tachement International du Muerto Coco. Th\u00e8me de la parentalit\u00e9, \u00e9pisode 2: La parole des hommes.<\/p>\n","protected":false},"author":1,"featured_media":259,"template":"","meta":{"_tribe_events_status":"","_tribe_events_status_reason":"","footnotes":""},"tags":[],"tribe_events_cat":[11,7],"class_list":["post-257","tribe_events","type-tribe_events","status-publish","has-post-thumbnail","hentry","tribe_events_cat-septembre-octobre","tribe_events_cat-spectacles","cat_septembre-octobre","cat_spectacles"],"_links":{"self":[{"href":"https:\/\/lesmouffettes.fr\/index.php\/wp-json\/wp\/v2\/tribe_events\/257","targetHints":{"allow":["GET"]}}],"collection":[{"href":"https:\/\/lesmouffettes.fr\/index.php\/wp-json\/wp\/v2\/tribe_events"}],"about":[{"href":"https:\/\/lesmouffettes.fr\/index.php\/wp-json\/wp\/v2\/types\/tribe_events"}],"author":[{"embeddable":true,"href":"https:\/\/lesmouffettes.fr\/index.php\/wp-json\/wp\/v2\/users\/1"}],"version-history":[{"count":2,"href":"https:\/\/lesmouffettes.fr\/index.php\/wp-json\/wp\/v2\/tribe_events\/257\/revisions"}],"predecessor-version":[{"id":261,"href":"https:\/\/lesmouffettes.fr\/index.php\/wp-json\/wp\/v2\/tribe_events\/257\/revisions\/261"}],"wp:featuredmedia":[{"embeddable":true,"href":"https:\/\/lesmouffettes.fr\/index.php\/wp-json\/wp\/v2\/media\/259"}],"wp:attachment":[{"href":"https:\/\/lesmouffettes.fr\/index.php\/wp-json\/wp\/v2\/media?parent=257"}],"wp:term":[{"taxonomy":"post_tag","embeddable":true,"href":"https:\/\/lesmouffettes.fr\/index.php\/wp-json\/wp\/v2\/tags?post=257"},{"taxonomy":"tribe_events_cat","embeddable":true,"href":"https:\/\/lesmouffettes.fr\/index.php\/wp-json\/wp\/v2\/tribe_events_cat?post=257"}],"curies":[{"name":"wp","href":"https:\/\/api.w.org\/{rel}","templated":true}]}}

<p>Spectacle à durée déterminée (avril-novembre 2022) de théâtre documentaire proposé par le <strong>Détachement International du Muerto Coco</strong>, avec Raphaëlle Bouvier et Charlotte Perrin de Boussac.</p>
<blockquote><p>Durée : 1h / Tout public à partir de 8 ans.</p>
<p><a href="https://muertococo.jimdofree.com/cr%C3%A9ations-en-cours-de-fabrication/de-l-origine-du-monde/#:~:text=%23%20DE%20L'ORIGINE%20DU%20MONDE%20%2D%20D%C3%A9tachement%20International%20du%20Muerto%20Coco&amp;text=En%202020%2C%20pendant%20le%20Grand,propos%20de%20la%20reproduction%20humaine.">MUERTOCOCO</a></p></blockquote>
<p><img loading="lazy" decoding="async" class="size-medium wp-image-258 alignleft" src="https://lesmouffettes.fr/wp-content/uploads/2022/08/image-177x300.jpg" alt="" width="177" height="300" srcset="https://lesmouffettes.fr/wp-content/uploads/2022/08/image-177x300.jpg 177w, https://lesmouffettes.fr/wp-content/uploads/2022/08/image.jpg 229w" sizes="auto, (max-width: 177px) 100vw, 177px" /></p>
<p align="center"><span style="font-size: xx-large;">DE L’ORIGINE DU MONDE</span></p>
<p align="center"><span style="font-size: x-large;">ÉPISODE 2</span></p>
<p align="center">La parole des hommes.</p>
<p align="justify"><span style="font-family: Times New Roman, serif;"><span style="color: #000000;"><span style="font-family: Candara, serif;">En 2020, pendant le Grand Confinement, un peu par la force des choses, est né la première étape de ce projet sur la parentalité &#8211; et plus globalement à propos de la reproduction humaine.  </span></span></span></p>
<p align="justify"><span style="font-family: Times New Roman, serif;"><span style="color: #000000;"><span style="font-family: Candara, serif;">Toujours par la force des choses, le premier volet éphémère qui s’est écrit à l’époque ne relayait que des paroles de femmes. </span></span></span></p>
<p align="justify"><span style="font-family: Times New Roman, serif;"><span style="color: #000000;"><span style="font-family: Candara, serif;">La recherche continue cette année avec un deuxième volet éphémère, qui jouera uniquement entre avril et novembre 2022, et qui est cette fois intégralement construit à partir de paroles masculines. </span></span></span></p>
<p align="justify"><span style="font-family: Times New Roman, serif;"><span style="color: #000000;"><span style="font-family: Candara, serif;">L’année prochaine, nous irons cette fois cueillir la parole des enfants, des engendré·e·s, pour compléter le panel des regards sur la question, et écrire notre troisième épisode éphémère. </span></span></span></p>
<p align="justify"><span style="font-family: Times New Roman, serif;"><span style="color: #000000;"><span style="font-family: Candara, serif;">Puis, l’année suivante, nous remettrons tout ça à plat et attaquerons la création du spectacle pérenne, global, qui sortira à la fin 2024.</span></span></span></p>
<p><span style="color: #000000;"><span style="font-family: Candara, serif;">Mais pour l’instant on s’intéresse à la parole des hommes. Pas pour la binarité homme-femme, non : simplement pour faire entendre les paroles qui se livrent moins spontanément, comme nous l&rsquo;avons remarqué lors de la première fournée de collectages en 2020.</span></span></p>
<p><span style="color: #000000;"><span style="font-family: Candara, serif;">Et puis n&rsquo;oublions pas : en tant qu&rsquo;individus comme en tant que parents, il y a au final bien plus de points communs entre les hommes et les femmes que de différences.<br />
</span></span><br />
<span style="color: #000000;"><span style="font-family: Candara, serif;">Et de toute façon, la pêche aux témoignages sur ce sujet de la parentalité ne sera jamais exhaustive. Nous le savons bien.</span></span></p>
<p><span style="color: #000000;"><span style="font-family: Candara, serif;">Maintenant, au travail.</span></span></p>
<p><span style="font-family: Times New Roman, serif;"><span style="color: #000000;"><span style="font-family: Candara, serif;"><strong>De l&rsquo;origine du monde, épisode 2.</strong> </span></span></span></p>
<p align="right">“<span style="font-family: Times New Roman, serif;"><span style="font-family: Arial, serif;"><span style="font-size: small;">Je ne veux pas jeter la pierre à tout ce côté des hommes qui se tait, parce que je trouve qu’il a aussi une certaine beauté. Mais c’est pas parce qu’on est un homme qu’on est condamné à se taire et à supporter sa vie ; ni parce qu’on est une femme qu’on est condamnée à parler tout le temps. </span></span></span><span style="font-family: Candara, serif;"><br />
</span><span style="font-family: Arial, serif;"><span style="font-size: small;">Moi, en tant que père, je ne peux pas me taire.”</span></span><span style="font-family: Candara, serif;"> </span></p>
<p align="right"><span style="font-family: Times New Roman, serif;"><span style="font-family: Arial, serif;"><span style="font-size: small;"><i>(extrait des témoignages recueillis)</i></span></span></span></p>

<p>Un spectacle à durée déterminée (avril-novembre 2022) de théâtre documentaire proposé par le Détachement International du Muerto Coco. Thème de la parentalité, épisode 2: La parole des hommes.</p>
