{"id":2591,"date":"2026-02-19T14:53:36","date_gmt":"2026-02-19T13:53:36","guid":{"rendered":"https:\/\/lesmouffettes.fr\/?post_type=tribe_events&#038;p=2591"},"modified":"2026-02-19T14:53:36","modified_gmt":"2026-02-19T13:53:36","slug":"les-fredonneuses","status":"publish","type":"tribe_events","link":"https:\/\/lesmouffettes.fr\/index.php\/event\/les-fredonneuses\/","title":{"rendered":"Les fredonneuses"},"content":{"rendered":"<h5>Polyphonies \u00e0 8 voix, histoires de vies, d&rsquo;amour et de combats au f\u00e9minin.<\/h5>\n<p>&nbsp;<\/p>\n<p><em>Tout le wkd, retrouvez aussi l&rsquo;immanquable festival Mauvais Genre au Vigan \u00e0 l&rsquo;occasion des journ\u00e9es mondiales de lutte pour les droits des femmes et de l&rsquo;\u00e9galit\u00e9 des genres. Tout le programme sur le site<\/em> <a href=\"http:\/\/www.levigan.fr\">levigan.fr<\/a><\/p>\n<p><img loading=\"lazy\" decoding=\"async\" class=\"alignnone wp-image-2593 size-full\" src=\"https:\/\/lesmouffettes.fr\/wp-content\/uploads\/2026\/02\/mauvaisgenre.jpg\" alt=\"\" width=\"600\" height=\"280\" srcset=\"https:\/\/lesmouffettes.fr\/wp-content\/uploads\/2026\/02\/mauvaisgenre.jpg 600w, https:\/\/lesmouffettes.fr\/wp-content\/uploads\/2026\/02\/mauvaisgenre-300x140.jpg 300w\" sizes=\"auto, (max-width: 600px) 100vw, 600px\" \/><\/p>\n","protected":false},"excerpt":{"rendered":"<p>Polyphonies \u00e0 8 voix, histoires de vies, d&rsquo;amour et de combats au f\u00e9minin. &nbsp; Tout le wkd, retrouvez aussi l&rsquo;immanquable festival Mauvais Genre au Vigan \u00e0 l&rsquo;occasion des journ\u00e9es mondiales [&hellip;]<\/p>\n","protected":false},"author":1,"featured_media":2592,"template":"","meta":{"_tribe_events_status":"","_tribe_events_status_reason":"","footnotes":""},"tags":[],"tribe_events_cat":[15],"class_list":["post-2591","tribe_events","type-tribe_events","status-publish","has-post-thumbnail","hentry","tribe_events_cat-mars-avril","cat_mars-avril"],"_links":{"self":[{"href":"https:\/\/lesmouffettes.fr\/index.php\/wp-json\/wp\/v2\/tribe_events\/2591","targetHints":{"allow":["GET"]}}],"collection":[{"href":"https:\/\/lesmouffettes.fr\/index.php\/wp-json\/wp\/v2\/tribe_events"}],"about":[{"href":"https:\/\/lesmouffettes.fr\/index.php\/wp-json\/wp\/v2\/types\/tribe_events"}],"author":[{"embeddable":true,"href":"https:\/\/lesmouffettes.fr\/index.php\/wp-json\/wp\/v2\/users\/1"}],"version-history":[{"count":3,"href":"https:\/\/lesmouffettes.fr\/index.php\/wp-json\/wp\/v2\/tribe_events\/2591\/revisions"}],"predecessor-version":[{"id":2596,"href":"https:\/\/lesmouffettes.fr\/index.php\/wp-json\/wp\/v2\/tribe_events\/2591\/revisions\/2596"}],"wp:featuredmedia":[{"embeddable":true,"href":"https:\/\/lesmouffettes.fr\/index.php\/wp-json\/wp\/v2\/media\/2592"}],"wp:attachment":[{"href":"https:\/\/lesmouffettes.fr\/index.php\/wp-json\/wp\/v2\/media?parent=2591"}],"wp:term":[{"taxonomy":"post_tag","embeddable":true,"href":"https:\/\/lesmouffettes.fr\/index.php\/wp-json\/wp\/v2\/tags?post=2591"},{"taxonomy":"tribe_events_cat","embeddable":true,"href":"https:\/\/lesmouffettes.fr\/index.php\/wp-json\/wp\/v2\/tribe_events_cat?post=2591"}],"curies":[{"name":"wp","href":"https:\/\/api.w.org\/{rel}","templated":true}]}}

<h5>Polyphonies à 8 voix, histoires de vies, d&rsquo;amour et de combats au féminin.</h5>
<p>&nbsp;</p>
<p><em>Tout le wkd, retrouvez aussi l&rsquo;immanquable festival Mauvais Genre au Vigan à l&rsquo;occasion des journées mondiales de lutte pour les droits des femmes et de l&rsquo;égalité des genres. Tout le programme sur le site</em> <a href="http://www.levigan.fr">levigan.fr</a></p>
<p><img loading="lazy" decoding="async" class="alignnone wp-image-2593 size-full" src="https://lesmouffettes.fr/wp-content/uploads/2026/02/mauvaisgenre.jpg" alt="" width="600" height="280" srcset="https://lesmouffettes.fr/wp-content/uploads/2026/02/mauvaisgenre.jpg 600w, https://lesmouffettes.fr/wp-content/uploads/2026/02/mauvaisgenre-300x140.jpg 300w" sizes="auto, (max-width: 600px) 100vw, 600px" /></p>

<p>Polyphonies à 8 voix, histoires de vies, d&rsquo;amour et de combats au féminin. &nbsp; Tout le wkd, retrouvez aussi l&rsquo;immanquable festival Mauvais Genre au Vigan à l&rsquo;occasion des journées mondiales [&hellip;]</p>
