{"id":2687,"date":"2026-04-24T13:29:51","date_gmt":"2026-04-24T11:29:51","guid":{"rendered":"https:\/\/lesmouffettes.fr\/?post_type=tribe_events&#038;p=2687"},"modified":"2026-04-24T13:29:51","modified_gmt":"2026-04-24T11:29:51","slug":"trio-scott-taylor-lucie-land-clement-chauvet","status":"publish","type":"tribe_events","link":"https:\/\/lesmouffettes.fr\/index.php\/event\/trio-scott-taylor-lucie-land-clement-chauvet\/","title":{"rendered":"Trio Scott Taylor\/ Lucie Land\/ Cl\u00e9ment Chauvet"},"content":{"rendered":"<div dir=\"ltr\">\n<div>\n<h5>Spectacle \u00e0 \u00e9couter, po\u00e9sie engag\u00e9e et musiques sinc\u00e8res<\/h5>\n<div><\/div>\n<div><b>Scott Taylor<\/b>, \u00ab un ame\u0301ricain a\u0300 Paris \u00bb, est multi-instrumentiste, accorde\u0301on, concertina, trompette, flu\u0302tes, kalimba. Il collabore avec les Te\u0302tes raides (4 ans\u20132 albums), Les Barking dogs, Adjabel, Loop, Lojo, l\u2019Atelier grand de\u0301lire, David Lafore, John Greaves, Sages comme des sauvages etc. En 2019, il accompagnait Yolande Moreau et Christian Olivier sur une tourne\u0301e autour de l\u2019\u0153uvre de Pre\u0301vert.<\/div>\n<p>Son approche musicale est libre, avant-gardiste et souvent improvise\u0301e. Dans ses albums personnels, Scott concocte des sons faits maison accompagne\u0301s de livres-objets. On le voit partout avec son accorde\u0301on, aux Nuits de nacre, dans des jardins bretons, languedociens, des festivals, des the\u0301a\u0302tres, des bistrots et me\u0302me en Ge\u0301orgie. Certains pensent qu\u2019il y a plusieurs Scott Taylor.<\/p>\n<div title=\"Page 1\">\n<div>\n<div>\n<p><b>Lucie\u00a0Land<\/b>\u00a0est poe\u0300te et romancie\u0300re. Apre\u0300s un bac passe\u0301 sur l\u2019i\u0302le de Vancouver, elle part en tourne\u0301e europe\u0301enne avec Cymbeline de Shakespeare et plus de soixante acteurs et acrobates. Proche des milieux circassiens, elle danse avec le feu a\u0300 Montmartre pendant ses e\u0301tudes aux Langues orientales a\u0300 Paris. Inspire\u0301e par le cine\u0301ma, le jazz et l\u2019Orient, elle rapporte des carnets noircis de ses voyages improvise\u0301s.<\/p>\n<p>Elle a publie\u0301 deux romans chez Sarbacane (Gadji et Good morning mister Paprika) et le troisie\u0300me chez Grasset (La de\u0301brouillardise, 2018). Elle fait des ateliers d\u2019e\u0301criture, des lectures et slame des poe\u0300mes avec diffe\u0301rents musiciens.<\/p>\n<\/div>\n<\/div>\n<\/div>\n<\/div>\n<\/div>\n<div dir=\"ltr\">\n<div>\n<div><b>Cl\u00e9ment Chauvet<\/b>\u00a0est artisan polymorphe tric\u00e9phale, tant\u00f4t percussionniste (pandeiro, Tamburello, rik, bendhir) et chanteur, il gratte dans le fond de la marmite des traditions orales occitanes, bretonnes, italiennes et br\u00e9siliennes et se r\u00e9gale \u00e0 les interpr\u00e9ter sur disque (une dizaine) , sur scene ou autour d&rsquo;un banquet chant\u00e9 ( Du Bartas, KBA, Grail&rsquo;\u00f2li, kan a taula&#8230;).<\/div>\n<div>Tantot typographe et s\u00e9rigraphe amateur d&rsquo;impressions po\u00e9tiques et d&rsquo;encrage al\u00e9atoire, il met au service ses presses et ses caract\u00e8res pour sublimer la po\u00e9sie ou la musique (atelier La Bestiole, Bestiari, Urtzu..). Tantot conteur, il aime \u00e0 montrer les liens entre conte et chansons traditionnelles, comme deux jambes du m\u00eame g\u00e9nie populaire (Urtzu, Ploukistan, Bestiari..).<\/div>\n<\/div>\n<div><img loading=\"lazy\" decoding=\"async\" class=\"wp-image-2689 size-large alignleft\" src=\"https:\/\/lesmouffettes.fr\/wp-content\/uploads\/2026\/04\/melando-070225-7909-683x1024.jpg\" alt=\"\" width=\"580\" height=\"870\" srcset=\"https:\/\/lesmouffettes.fr\/wp-content\/uploads\/2026\/04\/melando-070225-7909-683x1024.jpg 683w, https:\/\/lesmouffettes.fr\/wp-content\/uploads\/2026\/04\/melando-070225-7909-200x300.jpg 200w, https:\/\/lesmouffettes.fr\/wp-content\/uploads\/2026\/04\/melando-070225-7909-768x1152.jpg 768w, https:\/\/lesmouffettes.fr\/wp-content\/uploads\/2026\/04\/melando-070225-7909-1024x1536.jpg 1024w, https:\/\/lesmouffettes.fr\/wp-content\/uploads\/2026\/04\/melando-070225-7909.jpg 1067w\" sizes=\"auto, (max-width: 580px) 100vw, 580px\" \/><\/div>\n<\/div>\n","protected":false},"excerpt":{"rendered":"<p>Spectacle \u00e0 \u00e9couter, po\u00e9sie engag\u00e9e et musiques sinc\u00e8res Scott Taylor, \u00ab un ame\u0301ricain a\u0300 Paris \u00bb, est multi-instrumentiste, accorde\u0301on, concertina, trompette, flu\u0302tes, kalimba. Il collabore avec les Te\u0302tes raides (4 [&hellip;]<\/p>\n","protected":false},"author":1,"featured_media":2688,"template":"","meta":{"_tribe_events_status":"","_tribe_events_status_reason":"","footnotes":""},"tags":[],"tribe_events_cat":[16,7],"class_list":["post-2687","tribe_events","type-tribe_events","status-publish","has-post-thumbnail","hentry","tribe_events_cat-mai-juin","tribe_events_cat-spectacles","cat_mai-juin","cat_spectacles"],"_links":{"self":[{"href":"https:\/\/lesmouffettes.fr\/index.php\/wp-json\/wp\/v2\/tribe_events\/2687","targetHints":{"allow":["GET"]}}],"collection":[{"href":"https:\/\/lesmouffettes.fr\/index.php\/wp-json\/wp\/v2\/tribe_events"}],"about":[{"href":"https:\/\/lesmouffettes.fr\/index.php\/wp-json\/wp\/v2\/types\/tribe_events"}],"author":[{"embeddable":true,"href":"https:\/\/lesmouffettes.fr\/index.php\/wp-json\/wp\/v2\/users\/1"}],"version-history":[{"count":3,"href":"https:\/\/lesmouffettes.fr\/index.php\/wp-json\/wp\/v2\/tribe_events\/2687\/revisions"}],"predecessor-version":[{"id":2692,"href":"https:\/\/lesmouffettes.fr\/index.php\/wp-json\/wp\/v2\/tribe_events\/2687\/revisions\/2692"}],"wp:featuredmedia":[{"embeddable":true,"href":"https:\/\/lesmouffettes.fr\/index.php\/wp-json\/wp\/v2\/media\/2688"}],"wp:attachment":[{"href":"https:\/\/lesmouffettes.fr\/index.php\/wp-json\/wp\/v2\/media?parent=2687"}],"wp:term":[{"taxonomy":"post_tag","embeddable":true,"href":"https:\/\/lesmouffettes.fr\/index.php\/wp-json\/wp\/v2\/tags?post=2687"},{"taxonomy":"tribe_events_cat","embeddable":true,"href":"https:\/\/lesmouffettes.fr\/index.php\/wp-json\/wp\/v2\/tribe_events_cat?post=2687"}],"curies":[{"name":"wp","href":"https:\/\/api.w.org\/{rel}","templated":true}]}}

Trio Scott Taylor/ Lucie Land/ Clément Chauvet

<div dir="ltr">
<div>
<h5>Spectacle à écouter, poésie engagée et musiques sincères</h5>
<div></div>
<div><b>Scott Taylor</b>, « un américain à Paris », est multi-instrumentiste, accordéon, concertina, trompette, flûtes, kalimba. Il collabore avec les Têtes raides (4 ans–2 albums), Les Barking dogs, Adjabel, Loop, Lojo, l’Atelier grand délire, David Lafore, John Greaves, Sages comme des sauvages etc. En 2019, il accompagnait Yolande Moreau et Christian Olivier sur une tournée autour de l’œuvre de Prévert.</div>
<p>Son approche musicale est libre, avant-gardiste et souvent improvisée. Dans ses albums personnels, Scott concocte des sons faits maison accompagnés de livres-objets. On le voit partout avec son accordéon, aux Nuits de nacre, dans des jardins bretons, languedociens, des festivals, des théâtres, des bistrots et même en Géorgie. Certains pensent qu’il y a plusieurs Scott Taylor.</p>
<div title="Page 1">
<div>
<div>
<p><b>Lucie Land</b> est poète et romancière. Après un bac passé sur l’île de Vancouver, elle part en tournée européenne avec Cymbeline de Shakespeare et plus de soixante acteurs et acrobates. Proche des milieux circassiens, elle danse avec le feu à Montmartre pendant ses études aux Langues orientales à Paris. Inspirée par le cinéma, le jazz et l’Orient, elle rapporte des carnets noircis de ses voyages improvisés.</p>
<p>Elle a publié deux romans chez Sarbacane (Gadji et Good morning mister Paprika) et le troisième chez Grasset (La débrouillardise, 2018). Elle fait des ateliers d’écriture, des lectures et slame des poèmes avec différents musiciens.</p>
</div>
</div>
</div>
</div>
</div>
<div dir="ltr">
<div>
<div><b>Clément Chauvet</b> est artisan polymorphe tricéphale, tantôt percussionniste (pandeiro, Tamburello, rik, bendhir) et chanteur, il gratte dans le fond de la marmite des traditions orales occitanes, bretonnes, italiennes et brésiliennes et se régale à les interpréter sur disque (une dizaine) , sur scene ou autour d&rsquo;un banquet chanté ( Du Bartas, KBA, Grail&rsquo;òli, kan a taula&#8230;).</div>
<div>Tantot typographe et sérigraphe amateur d&rsquo;impressions poétiques et d&rsquo;encrage aléatoire, il met au service ses presses et ses caractères pour sublimer la poésie ou la musique (atelier La Bestiole, Bestiari, Urtzu..). Tantot conteur, il aime à montrer les liens entre conte et chansons traditionnelles, comme deux jambes du même génie populaire (Urtzu, Ploukistan, Bestiari..).</div>
</div>
<div><img loading="lazy" decoding="async" class="wp-image-2689 size-large alignleft" src="https://lesmouffettes.fr/wp-content/uploads/2026/04/melando-070225-7909-683x1024.jpg" alt="" width="580" height="870" srcset="https://lesmouffettes.fr/wp-content/uploads/2026/04/melando-070225-7909-683x1024.jpg 683w, https://lesmouffettes.fr/wp-content/uploads/2026/04/melando-070225-7909-200x300.jpg 200w, https://lesmouffettes.fr/wp-content/uploads/2026/04/melando-070225-7909-768x1152.jpg 768w, https://lesmouffettes.fr/wp-content/uploads/2026/04/melando-070225-7909-1024x1536.jpg 1024w, https://lesmouffettes.fr/wp-content/uploads/2026/04/melando-070225-7909.jpg 1067w" sizes="auto, (max-width: 580px) 100vw, 580px" /></div>
</div>

<p>Spectacle à écouter, poésie engagée et musiques sincères Scott Taylor, « un américain à Paris », est multi-instrumentiste, accordéon, concertina, trompette, flûtes, kalimba. Il collabore avec les Têtes raides (4 [&hellip;]</p>
