{"id":312,"date":"2022-09-05T17:00:04","date_gmt":"2022-09-05T15:00:04","guid":{"rendered":"http:\/\/lesmouffettes.fr\/?post_type=tribe_events&#038;p=312"},"modified":"2022-09-19T09:52:50","modified_gmt":"2022-09-19T07:52:50","slug":"cuica","status":"publish","type":"tribe_events","link":"https:\/\/lesmouffettes.fr\/index.php\/event\/cuica\/","title":{"rendered":"CUICA"},"content":{"rendered":"<div dir=\"auto\">N\u00e9 d&rsquo;un d\u00e9sir commun de revisiter les m\u00e9lodies chaloup\u00e9es et envo\u00fbtantes de la Bossa Nova, de la Samba et de la MPB (musique populaire br\u00e9silienne), Pierre Raj et Aurore vous invitent \u00e0 d\u00e9couvrir ce nouveau m\u00e9tissage teint\u00e9 de Groove, Funk et Jazz avec une vision moderne et festive.<\/div>\n<div dir=\"auto\"><\/div>\n<div dir=\"auto\">Les influences sont Djavan, Joao Bosco, Joao Gilberto, Antonio Carlos Jobim, etc&#8230;<\/div>\n<div dir=\"auto\"><\/div>\n<h4 dir=\"auto\" style=\"text-align: center;\">*<\/h4>\n<div dir=\"auto\"><\/div>\n<h6 dir=\"auto\">MIAM sur place avec Le Four mobile \u00e0 pain et pizza de Lulu<\/h6>\n<div dir=\"auto\">Pizza ch\u00e8vre\/pesto (base cr\u00e8me) ou Pizza poivrons grill\u00e9s\/ jambon de pays (base tomate), accompagn\u00e9e d&rsquo;une salade compos\u00e9e et Tarte tatin au feu de bois en dessert!<\/div>\n","protected":false},"excerpt":{"rendered":"<p>N\u00e9 d&rsquo;un d\u00e9sir commun de revisiter les m\u00e9lodies chaloup\u00e9es et envo\u00fbtantes de la Bossa Nova, de la Samba et de la MPB (musique populaire br\u00e9silienne), Pierre Raj et Aurore vous [&hellip;]<\/p>\n","protected":false},"author":1,"featured_media":313,"template":"","meta":{"_tribe_events_status":"","_tribe_events_status_reason":"","footnotes":""},"tags":[],"tribe_events_cat":[11,7],"class_list":["post-312","tribe_events","type-tribe_events","status-publish","has-post-thumbnail","hentry","tribe_events_cat-septembre-octobre","tribe_events_cat-spectacles","cat_septembre-octobre","cat_spectacles"],"_links":{"self":[{"href":"https:\/\/lesmouffettes.fr\/index.php\/wp-json\/wp\/v2\/tribe_events\/312","targetHints":{"allow":["GET"]}}],"collection":[{"href":"https:\/\/lesmouffettes.fr\/index.php\/wp-json\/wp\/v2\/tribe_events"}],"about":[{"href":"https:\/\/lesmouffettes.fr\/index.php\/wp-json\/wp\/v2\/types\/tribe_events"}],"author":[{"embeddable":true,"href":"https:\/\/lesmouffettes.fr\/index.php\/wp-json\/wp\/v2\/users\/1"}],"version-history":[{"count":5,"href":"https:\/\/lesmouffettes.fr\/index.php\/wp-json\/wp\/v2\/tribe_events\/312\/revisions"}],"predecessor-version":[{"id":343,"href":"https:\/\/lesmouffettes.fr\/index.php\/wp-json\/wp\/v2\/tribe_events\/312\/revisions\/343"}],"wp:featuredmedia":[{"embeddable":true,"href":"https:\/\/lesmouffettes.fr\/index.php\/wp-json\/wp\/v2\/media\/313"}],"wp:attachment":[{"href":"https:\/\/lesmouffettes.fr\/index.php\/wp-json\/wp\/v2\/media?parent=312"}],"wp:term":[{"taxonomy":"post_tag","embeddable":true,"href":"https:\/\/lesmouffettes.fr\/index.php\/wp-json\/wp\/v2\/tags?post=312"},{"taxonomy":"tribe_events_cat","embeddable":true,"href":"https:\/\/lesmouffettes.fr\/index.php\/wp-json\/wp\/v2\/tribe_events_cat?post=312"}],"curies":[{"name":"wp","href":"https:\/\/api.w.org\/{rel}","templated":true}]}}

<div dir="auto">Né d&rsquo;un désir commun de revisiter les mélodies chaloupées et envoûtantes de la Bossa Nova, de la Samba et de la MPB (musique populaire brésilienne), Pierre Raj et Aurore vous invitent à découvrir ce nouveau métissage teinté de Groove, Funk et Jazz avec une vision moderne et festive.</div>
<div dir="auto"></div>
<div dir="auto">Les influences sont Djavan, Joao Bosco, Joao Gilberto, Antonio Carlos Jobim, etc&#8230;</div>
<div dir="auto"></div>
<h4 dir="auto" style="text-align: center;">*</h4>
<div dir="auto"></div>
<h6 dir="auto">MIAM sur place avec Le Four mobile à pain et pizza de Lulu</h6>
<div dir="auto">Pizza chèvre/pesto (base crème) ou Pizza poivrons grillés/ jambon de pays (base tomate), accompagnée d&rsquo;une salade composée et Tarte tatin au feu de bois en dessert!</div>

<p>Né d&rsquo;un désir commun de revisiter les mélodies chaloupées et envoûtantes de la Bossa Nova, de la Samba et de la MPB (musique populaire brésilienne), Pierre Raj et Aurore vous [&hellip;]</p>
