{"id":331,"date":"2022-09-13T14:42:20","date_gmt":"2022-09-13T12:42:20","guid":{"rendered":"http:\/\/lesmouffettes.fr\/?post_type=tribe_events&#038;p=331"},"modified":"2022-09-13T14:42:20","modified_gmt":"2022-09-13T12:42:20","slug":"facon-facon","status":"publish","type":"tribe_events","link":"https:\/\/lesmouffettes.fr\/index.php\/event\/facon-facon\/","title":{"rendered":"FACON FACON"},"content":{"rendered":"<p><span style=\"font-family: Avenir Light;\">Autour d\u2019un verre, ce duo nous offre simplement un moment sensible, un concert qui devient spectacle, po\u00e8me&#8230; Un instant onirique et de proximit\u00e9 qui se d\u00e9ploie. Des chansons qui dansent et qui nous touchent\u00a0! <\/span><\/p>\n<p><span style=\"color: #500050;\"><span style=\"font-family: Avenir Light;\">8 cordes, quelques peaux et un pavillon pour donner la parole aux images, aux voix, parfois m\u00eame aux signes\u2026 Une fa\u00e7on de dessiner le temps\u00a0!<\/span><\/span><\/p>\n<p>&nbsp;<\/p>\n<p><iframe loading=\"lazy\" title=\"FA\u00c7ON-FA\u00c7ON - Fragile\" width=\"580\" height=\"326\" src=\"https:\/\/www.youtube.com\/embed\/IhcTvHsGJy0?feature=oembed\" frameborder=\"0\" allow=\"accelerometer; autoplay; clipboard-write; encrypted-media; gyroscope; picture-in-picture; web-share\" referrerpolicy=\"strict-origin-when-cross-origin\" allowfullscreen><\/iframe><\/p>\n","protected":false},"excerpt":{"rendered":"<p>Autour d\u2019un verre, ce duo nous offre simplement un moment sensible, un concert qui devient spectacle, po\u00e8me&#8230; Un instant onirique et de proximit\u00e9 qui se d\u00e9ploie. Des chansons qui dansent [&hellip;]<\/p>\n","protected":false},"author":1,"featured_media":332,"template":"","meta":{"_tribe_events_status":"","_tribe_events_status_reason":"","footnotes":""},"tags":[],"tribe_events_cat":[11,8],"class_list":["post-331","tribe_events","type-tribe_events","status-publish","has-post-thumbnail","hentry","tribe_events_cat-septembre-octobre","tribe_events_cat-soiree-speciale","cat_septembre-octobre","cat_soiree-speciale"],"_links":{"self":[{"href":"https:\/\/lesmouffettes.fr\/index.php\/wp-json\/wp\/v2\/tribe_events\/331","targetHints":{"allow":["GET"]}}],"collection":[{"href":"https:\/\/lesmouffettes.fr\/index.php\/wp-json\/wp\/v2\/tribe_events"}],"about":[{"href":"https:\/\/lesmouffettes.fr\/index.php\/wp-json\/wp\/v2\/types\/tribe_events"}],"author":[{"embeddable":true,"href":"https:\/\/lesmouffettes.fr\/index.php\/wp-json\/wp\/v2\/users\/1"}],"version-history":[{"count":1,"href":"https:\/\/lesmouffettes.fr\/index.php\/wp-json\/wp\/v2\/tribe_events\/331\/revisions"}],"predecessor-version":[{"id":333,"href":"https:\/\/lesmouffettes.fr\/index.php\/wp-json\/wp\/v2\/tribe_events\/331\/revisions\/333"}],"wp:featuredmedia":[{"embeddable":true,"href":"https:\/\/lesmouffettes.fr\/index.php\/wp-json\/wp\/v2\/media\/332"}],"wp:attachment":[{"href":"https:\/\/lesmouffettes.fr\/index.php\/wp-json\/wp\/v2\/media?parent=331"}],"wp:term":[{"taxonomy":"post_tag","embeddable":true,"href":"https:\/\/lesmouffettes.fr\/index.php\/wp-json\/wp\/v2\/tags?post=331"},{"taxonomy":"tribe_events_cat","embeddable":true,"href":"https:\/\/lesmouffettes.fr\/index.php\/wp-json\/wp\/v2\/tribe_events_cat?post=331"}],"curies":[{"name":"wp","href":"https:\/\/api.w.org\/{rel}","templated":true}]}}

<p><span style="font-family: Avenir Light;">Autour d’un verre, ce duo nous offre simplement un moment sensible, un concert qui devient spectacle, poème&#8230; Un instant onirique et de proximité qui se déploie. Des chansons qui dansent et qui nous touchent ! </span></p>
<p><span style="color: #500050;"><span style="font-family: Avenir Light;">8 cordes, quelques peaux et un pavillon pour donner la parole aux images, aux voix, parfois même aux signes… Une façon de dessiner le temps !</span></span></p>
<p>&nbsp;</p>
<p><iframe loading="lazy" title="FAÇON-FAÇON - Fragile" width="580" height="326" src="https://www.youtube.com/embed/IhcTvHsGJy0?feature=oembed" frameborder="0" allow="accelerometer; autoplay; clipboard-write; encrypted-media; gyroscope; picture-in-picture; web-share" referrerpolicy="strict-origin-when-cross-origin" allowfullscreen></iframe></p>

<p>Autour d’un verre, ce duo nous offre simplement un moment sensible, un concert qui devient spectacle, poème&#8230; Un instant onirique et de proximité qui se déploie. Des chansons qui dansent [&hellip;]</p>
