{"id":412,"date":"2022-10-20T14:36:07","date_gmt":"2022-10-20T12:36:07","guid":{"rendered":"http:\/\/lesmouffettes.fr\/?post_type=tribe_events&#038;p=412"},"modified":"2022-10-20T14:36:07","modified_gmt":"2022-10-20T12:36:07","slug":"vincent-feret","status":"publish","type":"tribe_events","link":"https:\/\/lesmouffettes.fr\/index.php\/event\/vincent-feret\/","title":{"rendered":"VINCENT FERET"},"content":{"rendered":"<p>Accompagn\u00e9 de sa guitare depuis maintenant une vingtaine d&rsquo;ann\u00e9es, Vincent F\u00e9ret est un auteur compositeur interpr\u00e8te qui partage son go\u00fbt pour la langue fran\u00e7aise au travers de ses chansons. Il nous parle de relations humaines ou d&rsquo;\u00e9cologie mais garde toujours sa part d&rsquo;enfant et une certaine sensibilit\u00e9. On retrouve dans ses m\u00e9lodies et ses textes des influences qu&rsquo;il se pla\u00eet \u00e0 citer, Mathieu Boogaerts, Albin de la Simone ou encore Alain Souchon.<\/p>\n<p>&nbsp;<\/p>\n<p><iframe loading=\"lazy\" title=\"Vincent F\u00e9ret - Ta peau\" width=\"580\" height=\"326\" src=\"https:\/\/www.youtube.com\/embed\/I2XsLVjmKSQ?feature=oembed\" frameborder=\"0\" allow=\"accelerometer; autoplay; clipboard-write; encrypted-media; gyroscope; picture-in-picture; web-share\" referrerpolicy=\"strict-origin-when-cross-origin\" allowfullscreen><\/iframe><\/p>\n","protected":false},"excerpt":{"rendered":"<p>Accompagn\u00e9 de sa guitare depuis maintenant une vingtaine d&rsquo;ann\u00e9es, Vincent F\u00e9ret est un auteur compositeur interpr\u00e8te qui partage son go\u00fbt pour la langue fran\u00e7aise au travers de ses chansons. Il [&hellip;]<\/p>\n","protected":false},"author":1,"featured_media":413,"template":"","meta":{"_tribe_events_status":"","_tribe_events_status_reason":"","footnotes":""},"tags":[],"tribe_events_cat":[12,7],"class_list":["post-412","tribe_events","type-tribe_events","status-publish","has-post-thumbnail","hentry","tribe_events_cat-novembre-decembre","tribe_events_cat-spectacles","cat_novembre-decembre","cat_spectacles"],"_links":{"self":[{"href":"https:\/\/lesmouffettes.fr\/index.php\/wp-json\/wp\/v2\/tribe_events\/412","targetHints":{"allow":["GET"]}}],"collection":[{"href":"https:\/\/lesmouffettes.fr\/index.php\/wp-json\/wp\/v2\/tribe_events"}],"about":[{"href":"https:\/\/lesmouffettes.fr\/index.php\/wp-json\/wp\/v2\/types\/tribe_events"}],"author":[{"embeddable":true,"href":"https:\/\/lesmouffettes.fr\/index.php\/wp-json\/wp\/v2\/users\/1"}],"version-history":[{"count":1,"href":"https:\/\/lesmouffettes.fr\/index.php\/wp-json\/wp\/v2\/tribe_events\/412\/revisions"}],"predecessor-version":[{"id":414,"href":"https:\/\/lesmouffettes.fr\/index.php\/wp-json\/wp\/v2\/tribe_events\/412\/revisions\/414"}],"wp:featuredmedia":[{"embeddable":true,"href":"https:\/\/lesmouffettes.fr\/index.php\/wp-json\/wp\/v2\/media\/413"}],"wp:attachment":[{"href":"https:\/\/lesmouffettes.fr\/index.php\/wp-json\/wp\/v2\/media?parent=412"}],"wp:term":[{"taxonomy":"post_tag","embeddable":true,"href":"https:\/\/lesmouffettes.fr\/index.php\/wp-json\/wp\/v2\/tags?post=412"},{"taxonomy":"tribe_events_cat","embeddable":true,"href":"https:\/\/lesmouffettes.fr\/index.php\/wp-json\/wp\/v2\/tribe_events_cat?post=412"}],"curies":[{"name":"wp","href":"https:\/\/api.w.org\/{rel}","templated":true}]}}

<p>Accompagné de sa guitare depuis maintenant une vingtaine d&rsquo;années, Vincent Féret est un auteur compositeur interprète qui partage son goût pour la langue française au travers de ses chansons. Il nous parle de relations humaines ou d&rsquo;écologie mais garde toujours sa part d&rsquo;enfant et une certaine sensibilité. On retrouve dans ses mélodies et ses textes des influences qu&rsquo;il se plaît à citer, Mathieu Boogaerts, Albin de la Simone ou encore Alain Souchon.</p>
<p>&nbsp;</p>
<p><iframe loading="lazy" title="Vincent Féret - Ta peau" width="580" height="326" src="https://www.youtube.com/embed/I2XsLVjmKSQ?feature=oembed" frameborder="0" allow="accelerometer; autoplay; clipboard-write; encrypted-media; gyroscope; picture-in-picture; web-share" referrerpolicy="strict-origin-when-cross-origin" allowfullscreen></iframe></p>

<p>Accompagné de sa guitare depuis maintenant une vingtaine d&rsquo;années, Vincent Féret est un auteur compositeur interprète qui partage son goût pour la langue française au travers de ses chansons. Il [&hellip;]</p>
