{"id":478,"date":"2022-10-31T12:06:57","date_gmt":"2022-10-31T11:06:57","guid":{"rendered":"http:\/\/lesmouffettes.fr\/?post_type=tribe_events&#038;p=478"},"modified":"2022-10-31T12:32:11","modified_gmt":"2022-10-31T11:32:11","slug":"debat-punk","status":"publish","type":"tribe_events","link":"https:\/\/lesmouffettes.fr\/index.php\/event\/debat-punk\/","title":{"rendered":"D\u00e9bat PUNK"},"content":{"rendered":"\r\n<p><strong>A partir de 19h <br \/><\/strong>Contre quels clich\u00e9s et st\u00e9r\u00e9otypes ce courant doit faire face ? Est ce qu\u2019anar et keupon se rejoignent forc\u00e9ment ? Est ce qu\u2019aujourd\u2019hui \u00ab Punk Not Dead \u00bb vraiment ?<\/p>\r\n\r\n\r\n\r\n<p>D\u00e9bat anim\u00e9 par Kilian et Raoul du groupuscule LES TARDIGRADES, avec des sp\u00e9cial guests venus du kjbi , des projections de , des jeux et plein d\u2019autres surprises. Ce d\u00e9bat pr\u00e9c\u00e9dera la premi\u00e8re \u00e9dition de la <a href=\"https:\/\/www.facebook.com\/events\/3230435823836685\/?ref=newsfeed\" target=\"_blank\" rel=\"noreferrer noopener\" data-type=\"URL\" data-id=\"https:\/\/www.facebook.com\/events\/3230435823836685\/?ref=newsfeed\">PUNKY PUTOIS PARTY<\/a>, la nouvelle fiesta punk c\u00e9venole.<\/p>\r\n","protected":false},"excerpt":{"rendered":"<p>A partir de 19h Contre quels clich\u00e9s et st\u00e9r\u00e9otypes ce courant doit faire face ? Est ce qu\u2019anar et keupon se rejoignent forc\u00e9ment ? Est ce qu\u2019aujourd\u2019hui \u00ab Punk Not [&hellip;]<\/p>\n","protected":false},"author":1,"featured_media":440,"template":"","meta":{"_tribe_events_status":"","_tribe_events_status_reason":"","footnotes":""},"tags":[],"tribe_events_cat":[12,8],"class_list":["post-478","tribe_events","type-tribe_events","status-publish","has-post-thumbnail","hentry","tribe_events_cat-novembre-decembre","tribe_events_cat-soiree-speciale","cat_novembre-decembre","cat_soiree-speciale"],"_links":{"self":[{"href":"https:\/\/lesmouffettes.fr\/index.php\/wp-json\/wp\/v2\/tribe_events\/478","targetHints":{"allow":["GET"]}}],"collection":[{"href":"https:\/\/lesmouffettes.fr\/index.php\/wp-json\/wp\/v2\/tribe_events"}],"about":[{"href":"https:\/\/lesmouffettes.fr\/index.php\/wp-json\/wp\/v2\/types\/tribe_events"}],"author":[{"embeddable":true,"href":"https:\/\/lesmouffettes.fr\/index.php\/wp-json\/wp\/v2\/users\/1"}],"version-history":[{"count":2,"href":"https:\/\/lesmouffettes.fr\/index.php\/wp-json\/wp\/v2\/tribe_events\/478\/revisions"}],"predecessor-version":[{"id":488,"href":"https:\/\/lesmouffettes.fr\/index.php\/wp-json\/wp\/v2\/tribe_events\/478\/revisions\/488"}],"wp:featuredmedia":[{"embeddable":true,"href":"https:\/\/lesmouffettes.fr\/index.php\/wp-json\/wp\/v2\/media\/440"}],"wp:attachment":[{"href":"https:\/\/lesmouffettes.fr\/index.php\/wp-json\/wp\/v2\/media?parent=478"}],"wp:term":[{"taxonomy":"post_tag","embeddable":true,"href":"https:\/\/lesmouffettes.fr\/index.php\/wp-json\/wp\/v2\/tags?post=478"},{"taxonomy":"tribe_events_cat","embeddable":true,"href":"https:\/\/lesmouffettes.fr\/index.php\/wp-json\/wp\/v2\/tribe_events_cat?post=478"}],"curies":[{"name":"wp","href":"https:\/\/api.w.org\/{rel}","templated":true}]}}

Débat PUNK

<p><strong>A partir de 19h <br /></strong>Contre quels clichés et stéréotypes ce courant doit faire face ? Est ce qu’anar et keupon se rejoignent forcément ? Est ce qu’aujourd’hui « Punk Not Dead » vraiment ?</p>



<p>Débat animé par Kilian et Raoul du groupuscule LES TARDIGRADES, avec des spécial guests venus du kjbi , des projections de , des jeux et plein d’autres surprises. Ce débat précédera la première édition de la <a href="https://www.facebook.com/events/3230435823836685/?ref=newsfeed" target="_blank" rel="noreferrer noopener" data-type="URL" data-id="https://www.facebook.com/events/3230435823836685/?ref=newsfeed">PUNKY PUTOIS PARTY</a>, la nouvelle fiesta punk cévenole.</p>

<p>A partir de 19h Contre quels clichés et stéréotypes ce courant doit faire face ? Est ce qu’anar et keupon se rejoignent forcément ? Est ce qu’aujourd’hui « Punk Not [&hellip;]</p>
