{"id":495,"date":"2022-10-31T12:59:53","date_gmt":"2022-10-31T11:59:53","guid":{"rendered":"http:\/\/lesmouffettes.fr\/?post_type=tribe_events&#038;p=495"},"modified":"2022-10-31T13:03:40","modified_gmt":"2022-10-31T12:03:40","slug":"rencontre-dauteur-patrice-dion","status":"publish","type":"tribe_events","link":"https:\/\/lesmouffettes.fr\/index.php\/event\/rencontre-dauteur-patrice-dion\/","title":{"rendered":"Rencontre d&rsquo;auteur &#8211; Patrice Dion"},"content":{"rendered":"<p><strong>Rencontre au caf\u00e9 de l&rsquo;auteur et plasticien Patrice DION, autour de son dernier ouvrage \u00ab\u00a0PAN\u00a0\u00bb, une exp\u00e9rience sensible qui nous plonge dans la dimension d\u2019un Livre-Arbre.<\/strong><\/p>\n<p>Le livre PAN est n\u00e9 dans un jardin durant l\u2019\u00e9t\u00e9 2019. Sur les feuilles des arbres qui l\u2019entourent, le catalpa, l\u2019amarante, le m\u00fbrier du Japon, la vigne&#8230; Patrice Dion exp\u00e9rimente patiemment et reproduit ses photographies gr\u00e2ce \u00e0 la seule action du soleil. Sans chimie, ni \u00e9lectricit\u00e9, il am\u00e9liore son proc\u00e9d\u00e9 et obtient une image pr\u00e9cise sur chaque feuille d\u2019arbre utilis\u00e9e en lieu d\u2019un papier photosensible.<\/p>\n<p>La beaut\u00e9 du livre PAN m\u00eame transpara\u00eet dans la relation entre la fine feuille d\u2019arbre, support des photographies de Patrice Dion, et la feuille de papier choisie pour leur reproduction. Il s\u2019agit de retrouver<br \/>\navec la texture de cet objet-livre la m\u00eame sensation que nos doigts peuvent ressentir en touchant une feuille naturelle.<\/p>\n<blockquote><p><strong>PAN<\/strong><br \/>\nPhotographies de Patrice Dion<br \/>\nTexte de Fabrice Ribery<\/p><\/blockquote>\n<figure id=\"attachment_496\" aria-describedby=\"caption-attachment-496\" style=\"width: 215px\" class=\"wp-caption alignleft\"><img loading=\"lazy\" decoding=\"async\" class=\"wp-image-496 size-medium\" src=\"https:\/\/lesmouffettes.fr\/wp-content\/uploads\/2022\/10\/feuille_cerf-215x300.jpg\" alt=\"\" width=\"215\" height=\"300\" srcset=\"https:\/\/lesmouffettes.fr\/wp-content\/uploads\/2022\/10\/feuille_cerf-215x300.jpg 215w, https:\/\/lesmouffettes.fr\/wp-content\/uploads\/2022\/10\/feuille_cerf-734x1024.jpg 734w, https:\/\/lesmouffettes.fr\/wp-content\/uploads\/2022\/10\/feuille_cerf-768x1072.jpg 768w, https:\/\/lesmouffettes.fr\/wp-content\/uploads\/2022\/10\/feuille_cerf-1100x1536.jpg 1100w, https:\/\/lesmouffettes.fr\/wp-content\/uploads\/2022\/10\/feuille_cerf-1467x2048.jpg 1467w, https:\/\/lesmouffettes.fr\/wp-content\/uploads\/2022\/10\/feuille_cerf-1200x1675.jpg 1200w, https:\/\/lesmouffettes.fr\/wp-content\/uploads\/2022\/10\/feuille_cerf-scaled.jpg 1834w\" sizes=\"auto, (max-width: 215px) 100vw, 215px\" \/><figcaption id=\"caption-attachment-496\" class=\"wp-caption-text\">@Patrice Dion<\/figcaption><\/figure>\n","protected":false},"excerpt":{"rendered":"<p>Rencontre au caf\u00e9 de l&rsquo;auteur et plasticien Patrice DION, autour de son dernier ouvrage \u00ab\u00a0PAN\u00a0\u00bb, une exp\u00e9rience sensible qui nous plonge dans la dimension d\u2019un Livre-Arbre. Le livre PAN est [&hellip;]<\/p>\n","protected":false},"author":1,"featured_media":497,"template":"","meta":{"_tribe_events_status":"","_tribe_events_status_reason":"","footnotes":""},"tags":[],"tribe_events_cat":[12,13],"class_list":["post-495","tribe_events","type-tribe_events","status-publish","has-post-thumbnail","hentry","tribe_events_cat-novembre-decembre","tribe_events_cat-rencontres-ateliers","cat_novembre-decembre","cat_rencontres-ateliers"],"_links":{"self":[{"href":"https:\/\/lesmouffettes.fr\/index.php\/wp-json\/wp\/v2\/tribe_events\/495","targetHints":{"allow":["GET"]}}],"collection":[{"href":"https:\/\/lesmouffettes.fr\/index.php\/wp-json\/wp\/v2\/tribe_events"}],"about":[{"href":"https:\/\/lesmouffettes.fr\/index.php\/wp-json\/wp\/v2\/types\/tribe_events"}],"author":[{"embeddable":true,"href":"https:\/\/lesmouffettes.fr\/index.php\/wp-json\/wp\/v2\/users\/1"}],"version-history":[{"count":3,"href":"https:\/\/lesmouffettes.fr\/index.php\/wp-json\/wp\/v2\/tribe_events\/495\/revisions"}],"predecessor-version":[{"id":500,"href":"https:\/\/lesmouffettes.fr\/index.php\/wp-json\/wp\/v2\/tribe_events\/495\/revisions\/500"}],"wp:featuredmedia":[{"embeddable":true,"href":"https:\/\/lesmouffettes.fr\/index.php\/wp-json\/wp\/v2\/media\/497"}],"wp:attachment":[{"href":"https:\/\/lesmouffettes.fr\/index.php\/wp-json\/wp\/v2\/media?parent=495"}],"wp:term":[{"taxonomy":"post_tag","embeddable":true,"href":"https:\/\/lesmouffettes.fr\/index.php\/wp-json\/wp\/v2\/tags?post=495"},{"taxonomy":"tribe_events_cat","embeddable":true,"href":"https:\/\/lesmouffettes.fr\/index.php\/wp-json\/wp\/v2\/tribe_events_cat?post=495"}],"curies":[{"name":"wp","href":"https:\/\/api.w.org\/{rel}","templated":true}]}}

<p><strong>Rencontre au café de l&rsquo;auteur et plasticien Patrice DION, autour de son dernier ouvrage « PAN », une expérience sensible qui nous plonge dans la dimension d’un Livre-Arbre.</strong></p>
<p>Le livre PAN est né dans un jardin durant l’été 2019. Sur les feuilles des arbres qui l’entourent, le catalpa, l’amarante, le mûrier du Japon, la vigne&#8230; Patrice Dion expérimente patiemment et reproduit ses photographies grâce à la seule action du soleil. Sans chimie, ni électricité, il améliore son procédé et obtient une image précise sur chaque feuille d’arbre utilisée en lieu d’un papier photosensible.</p>
<p>La beauté du livre PAN même transparaît dans la relation entre la fine feuille d’arbre, support des photographies de Patrice Dion, et la feuille de papier choisie pour leur reproduction. Il s’agit de retrouver<br />
avec la texture de cet objet-livre la même sensation que nos doigts peuvent ressentir en touchant une feuille naturelle.</p>
<blockquote><p><strong>PAN</strong><br />
Photographies de Patrice Dion<br />
Texte de Fabrice Ribery</p></blockquote>
<figure id="attachment_496" aria-describedby="caption-attachment-496" style="width: 215px" class="wp-caption alignleft"><img loading="lazy" decoding="async" class="wp-image-496 size-medium" src="https://lesmouffettes.fr/wp-content/uploads/2022/10/feuille_cerf-215x300.jpg" alt="" width="215" height="300" srcset="https://lesmouffettes.fr/wp-content/uploads/2022/10/feuille_cerf-215x300.jpg 215w, https://lesmouffettes.fr/wp-content/uploads/2022/10/feuille_cerf-734x1024.jpg 734w, https://lesmouffettes.fr/wp-content/uploads/2022/10/feuille_cerf-768x1072.jpg 768w, https://lesmouffettes.fr/wp-content/uploads/2022/10/feuille_cerf-1100x1536.jpg 1100w, https://lesmouffettes.fr/wp-content/uploads/2022/10/feuille_cerf-1467x2048.jpg 1467w, https://lesmouffettes.fr/wp-content/uploads/2022/10/feuille_cerf-1200x1675.jpg 1200w, https://lesmouffettes.fr/wp-content/uploads/2022/10/feuille_cerf-scaled.jpg 1834w" sizes="auto, (max-width: 215px) 100vw, 215px" /><figcaption id="caption-attachment-496" class="wp-caption-text">@Patrice Dion</figcaption></figure>

<p>Rencontre au café de l&rsquo;auteur et plasticien Patrice DION, autour de son dernier ouvrage « PAN », une expérience sensible qui nous plonge dans la dimension d’un Livre-Arbre. Le livre PAN est [&hellip;]</p>
