{"id":529,"date":"2022-11-29T15:20:21","date_gmt":"2022-11-29T14:20:21","guid":{"rendered":"https:\/\/lesmouffettes.fr\/?post_type=tribe_events&#038;p=529"},"modified":"2022-11-29T15:20:21","modified_gmt":"2022-11-29T14:20:21","slug":"apero-tricot","status":"publish","type":"tribe_events","link":"https:\/\/lesmouffettes.fr\/index.php\/event\/apero-tricot\/","title":{"rendered":"APERO TRICOT"},"content":{"rendered":"<p><strong>18h &gt; 20h<br \/>\n<\/strong>Viens avec tes aiguilles, tes id\u00e9es ou ton \u00e9charpe en cours pour le cadeau de No\u00ebl de p\u00e9p\u00e9 Jeannot\u2026 On tricote, on papote, on prend l\u2019ap\u00e9ro avec Caus\u2019Mailles.<\/p>\n","protected":false},"excerpt":{"rendered":"<p>18h &gt; 20h Viens avec tes aiguilles, tes id\u00e9es ou ton \u00e9charpe en cours pour le cadeau de No\u00ebl de p\u00e9p\u00e9 Jeannot\u2026 On tricote, on papote, on prend l\u2019ap\u00e9ro avec [&hellip;]<\/p>\n","protected":false},"author":1,"featured_media":435,"template":"","meta":{"_tribe_events_status":"","_tribe_events_status_reason":"","footnotes":""},"tags":[],"tribe_events_cat":[12,13],"class_list":["post-529","tribe_events","type-tribe_events","status-publish","has-post-thumbnail","hentry","tribe_events_cat-novembre-decembre","tribe_events_cat-rencontres-ateliers","cat_novembre-decembre","cat_rencontres-ateliers"],"_links":{"self":[{"href":"https:\/\/lesmouffettes.fr\/index.php\/wp-json\/wp\/v2\/tribe_events\/529","targetHints":{"allow":["GET"]}}],"collection":[{"href":"https:\/\/lesmouffettes.fr\/index.php\/wp-json\/wp\/v2\/tribe_events"}],"about":[{"href":"https:\/\/lesmouffettes.fr\/index.php\/wp-json\/wp\/v2\/types\/tribe_events"}],"author":[{"embeddable":true,"href":"https:\/\/lesmouffettes.fr\/index.php\/wp-json\/wp\/v2\/users\/1"}],"version-history":[{"count":1,"href":"https:\/\/lesmouffettes.fr\/index.php\/wp-json\/wp\/v2\/tribe_events\/529\/revisions"}],"predecessor-version":[{"id":530,"href":"https:\/\/lesmouffettes.fr\/index.php\/wp-json\/wp\/v2\/tribe_events\/529\/revisions\/530"}],"wp:featuredmedia":[{"embeddable":true,"href":"https:\/\/lesmouffettes.fr\/index.php\/wp-json\/wp\/v2\/media\/435"}],"wp:attachment":[{"href":"https:\/\/lesmouffettes.fr\/index.php\/wp-json\/wp\/v2\/media?parent=529"}],"wp:term":[{"taxonomy":"post_tag","embeddable":true,"href":"https:\/\/lesmouffettes.fr\/index.php\/wp-json\/wp\/v2\/tags?post=529"},{"taxonomy":"tribe_events_cat","embeddable":true,"href":"https:\/\/lesmouffettes.fr\/index.php\/wp-json\/wp\/v2\/tribe_events_cat?post=529"}],"curies":[{"name":"wp","href":"https:\/\/api.w.org\/{rel}","templated":true}]}}

<p><strong>18h &gt; 20h<br />
</strong>Viens avec tes aiguilles, tes idées ou ton écharpe en cours pour le cadeau de Noël de pépé Jeannot… On tricote, on papote, on prend l’apéro avec Caus’Mailles.</p>

<p>18h &gt; 20h Viens avec tes aiguilles, tes idées ou ton écharpe en cours pour le cadeau de Noël de pépé Jeannot… On tricote, on papote, on prend l’apéro avec [&hellip;]</p>
