{"id":566,"date":"2022-12-19T19:46:04","date_gmt":"2022-12-19T18:46:04","guid":{"rendered":"http:\/\/lesmouffettes.fr\/?post_type=tribe_events&#038;p=566"},"modified":"2023-02-28T15:07:10","modified_gmt":"2023-02-28T14:07:10","slug":"apero-tricot-2","status":"publish","type":"tribe_events","link":"https:\/\/lesmouffettes.fr\/index.php\/event\/apero-tricot-2\/","title":{"rendered":"Ap\u00e9ro Tricot"},"content":{"rendered":"<p><strong>A partir de 18h<\/strong><\/p>\n<p>Caus\u2019Mailles et Les Mouffettes vous convient \u00e0 un ap\u00e9ro-tricot \u2013 \u00e7a peut aussi \u00eatre crochet, broderie et tutti pourvu qu\u2019il y ait du fil et des aiguilles !<br \/>\n<strong>C\u2019est quand ?<\/strong>\u00a0le premier jeudi du mois<br \/>\n<strong>A quelle heure ?<\/strong>\u00a0\u00e0 partir de 18h<br \/>\n<strong>\u00c7a se passe comment ?<\/strong>\u00a0bien en g\u00e9n\u00e9ral ! L\u2019id\u00e9e est que chacun.e vienne avec son mat\u00e9riel et sa bonne humeur pour un moment de partage.<br \/>\n<strong>Infos:<\/strong> <a href=\"https:\/\/fb.me\/e\/2E8kJpdxp\">https:\/\/fb.me\/e\/2E8kJpdxp<\/a><\/p>\n","protected":false},"excerpt":{"rendered":"<p>A partir de 18h Caus\u2019Mailles et Les Mouffettes vous convient \u00e0 un ap\u00e9ro-tricot \u2013 \u00e7a peut aussi \u00eatre crochet, broderie et tutti pourvu qu\u2019il y ait du fil et des aiguilles ! C\u2019est quand ? le premier jeudi du mois. A quelle heure ? \u00e0 partir de 18h<br \/>\n\u00c7a se passe comment ? bien en g\u00e9n\u00e9ral ! L\u2019id\u00e9e est que chacun.e vienne avec son mat\u00e9riel et sa bonne humeur pour un moment de partage.<\/p>\n","protected":false},"author":1,"featured_media":435,"template":"","meta":{"_tribe_events_status":"","_tribe_events_status_reason":"","footnotes":""},"tags":[],"tribe_events_cat":[15,13],"class_list":["post-566","tribe_events","type-tribe_events","status-publish","has-post-thumbnail","hentry","tribe_events_cat-mars-avril","tribe_events_cat-rencontres-ateliers","cat_mars-avril","cat_rencontres-ateliers"],"_links":{"self":[{"href":"https:\/\/lesmouffettes.fr\/index.php\/wp-json\/wp\/v2\/tribe_events\/566","targetHints":{"allow":["GET"]}}],"collection":[{"href":"https:\/\/lesmouffettes.fr\/index.php\/wp-json\/wp\/v2\/tribe_events"}],"about":[{"href":"https:\/\/lesmouffettes.fr\/index.php\/wp-json\/wp\/v2\/types\/tribe_events"}],"author":[{"embeddable":true,"href":"https:\/\/lesmouffettes.fr\/index.php\/wp-json\/wp\/v2\/users\/1"}],"version-history":[{"count":3,"href":"https:\/\/lesmouffettes.fr\/index.php\/wp-json\/wp\/v2\/tribe_events\/566\/revisions"}],"predecessor-version":[{"id":681,"href":"https:\/\/lesmouffettes.fr\/index.php\/wp-json\/wp\/v2\/tribe_events\/566\/revisions\/681"}],"wp:featuredmedia":[{"embeddable":true,"href":"https:\/\/lesmouffettes.fr\/index.php\/wp-json\/wp\/v2\/media\/435"}],"wp:attachment":[{"href":"https:\/\/lesmouffettes.fr\/index.php\/wp-json\/wp\/v2\/media?parent=566"}],"wp:term":[{"taxonomy":"post_tag","embeddable":true,"href":"https:\/\/lesmouffettes.fr\/index.php\/wp-json\/wp\/v2\/tags?post=566"},{"taxonomy":"tribe_events_cat","embeddable":true,"href":"https:\/\/lesmouffettes.fr\/index.php\/wp-json\/wp\/v2\/tribe_events_cat?post=566"}],"curies":[{"name":"wp","href":"https:\/\/api.w.org\/{rel}","templated":true}]}}

Apéro Tricot

<p><strong>A partir de 18h</strong></p>
<p>Caus’Mailles et Les Mouffettes vous convient à un apéro-tricot – ça peut aussi être crochet, broderie et tutti pourvu qu’il y ait du fil et des aiguilles !<br />
<strong>C’est quand ?</strong> le premier jeudi du mois<br />
<strong>A quelle heure ?</strong> à partir de 18h<br />
<strong>Ça se passe comment ?</strong> bien en général ! L’idée est que chacun.e vienne avec son matériel et sa bonne humeur pour un moment de partage.<br />
<strong>Infos:</strong> <a href="https://fb.me/e/2E8kJpdxp">https://fb.me/e/2E8kJpdxp</a></p>

<p>A partir de 18h Caus’Mailles et Les Mouffettes vous convient à un apéro-tricot – ça peut aussi être crochet, broderie et tutti pourvu qu’il y ait du fil et des aiguilles ! C’est quand ? le premier jeudi du mois. A quelle heure ? à partir de 18h<br />
Ça se passe comment ? bien en général ! L’idée est que chacun.e vienne avec son matériel et sa bonne humeur pour un moment de partage.</p>
