{"id":576,"date":"2022-12-19T22:24:36","date_gmt":"2022-12-19T21:24:36","guid":{"rendered":"http:\/\/lesmouffettes.fr\/?post_type=tribe_events&#038;p=576"},"modified":"2022-12-19T22:44:33","modified_gmt":"2022-12-19T21:44:33","slug":"paysans-paysannes","status":"publish","type":"tribe_events","link":"https:\/\/lesmouffettes.fr\/index.php\/event\/paysans-paysannes\/","title":{"rendered":"PAYSANS PAYSANNES"},"content":{"rendered":"<h4>MAUD CURASSIER\u00a0 \u00ab\u00a0Paysans paysannes\u00a0\u00bb<\/h4>\n<h6>cr\u00e9ation \u00e9volutive nourrie de t\u00e9moignages sur notre rapport \u00e0 la terre, \u00e0 la culture et \u00e0 l&rsquo;alimentation<\/h6>\n<p>Tout public (conseill\u00e9 \u00e0 partir de 10 ans)<br \/>\nDur\u00e9e : 50 min environ<\/p>\n<p>C&rsquo;est une immersion par les mots dans la paysannerie, ce qu&rsquo;elle a de plus vrai, vivant, ancestral. C&rsquo;est honorer ce geste premier de semer, r\u00e9colter, (se) nourrir.<br \/>\nAujourd&rsquo;hui, alors que la prise de conscience s&rsquo;\u00e9largit vis a vis du danger de la culture industrielle, quel est encore notre rapport \u00e0 la terre, \u00e0 la graine ?<br \/>\nUn retour essentiel \u00e0 notre essence m\u00eame.<br \/>\nNourrie de t\u00e9moignages, de chants et faisant r\u00e9f\u00e9rence \u00e0 l&rsquo;histoire de nos terres, cette lecture vivante propose un temps d\u2019arr\u00eat et de contemplation du vivant<\/p>\n<blockquote><p>Paysans, vous n&rsquo;avez pas \u00e0 combattre d\u00e9sesp\u00e9r\u00e9ment pour sauver votre vie, pour sauver la vie de la paysannerie, vous avez \u00e0 combattre pour sauver la vie de tous les hommes.<\/p>\n<p><strong>Jean Giono<\/strong><\/p><\/blockquote>\n<p><a href=\"http:\/\/www.maudcurassier.com\">www.maudcurassier.com<\/a><\/p>\n","protected":false},"excerpt":{"rendered":"<p>MAUD CURASSIER\u00a0 \u00ab\u00a0Paysans paysannes\u00a0\u00bb cr\u00e9ation \u00e9volutive nourrie de t\u00e9moignages sur notre rapport \u00e0 la terre, \u00e0 la culture et \u00e0 l&rsquo;alimentation Tout public (conseill\u00e9 \u00e0 partir de 10 ans) Dur\u00e9e [&hellip;]<\/p>\n","protected":false},"author":1,"featured_media":577,"template":"","meta":{"_tribe_events_status":"","_tribe_events_status_reason":"","footnotes":""},"tags":[],"tribe_events_cat":[14,7],"class_list":["post-576","tribe_events","type-tribe_events","status-publish","has-post-thumbnail","hentry","tribe_events_cat-janvier-fevrier","tribe_events_cat-spectacles","cat_janvier-fevrier","cat_spectacles"],"_links":{"self":[{"href":"https:\/\/lesmouffettes.fr\/index.php\/wp-json\/wp\/v2\/tribe_events\/576","targetHints":{"allow":["GET"]}}],"collection":[{"href":"https:\/\/lesmouffettes.fr\/index.php\/wp-json\/wp\/v2\/tribe_events"}],"about":[{"href":"https:\/\/lesmouffettes.fr\/index.php\/wp-json\/wp\/v2\/types\/tribe_events"}],"author":[{"embeddable":true,"href":"https:\/\/lesmouffettes.fr\/index.php\/wp-json\/wp\/v2\/users\/1"}],"version-history":[{"count":4,"href":"https:\/\/lesmouffettes.fr\/index.php\/wp-json\/wp\/v2\/tribe_events\/576\/revisions"}],"predecessor-version":[{"id":586,"href":"https:\/\/lesmouffettes.fr\/index.php\/wp-json\/wp\/v2\/tribe_events\/576\/revisions\/586"}],"wp:featuredmedia":[{"embeddable":true,"href":"https:\/\/lesmouffettes.fr\/index.php\/wp-json\/wp\/v2\/media\/577"}],"wp:attachment":[{"href":"https:\/\/lesmouffettes.fr\/index.php\/wp-json\/wp\/v2\/media?parent=576"}],"wp:term":[{"taxonomy":"post_tag","embeddable":true,"href":"https:\/\/lesmouffettes.fr\/index.php\/wp-json\/wp\/v2\/tags?post=576"},{"taxonomy":"tribe_events_cat","embeddable":true,"href":"https:\/\/lesmouffettes.fr\/index.php\/wp-json\/wp\/v2\/tribe_events_cat?post=576"}],"curies":[{"name":"wp","href":"https:\/\/api.w.org\/{rel}","templated":true}]}}

<h4>MAUD CURASSIER  « Paysans paysannes »</h4>
<h6>création évolutive nourrie de témoignages sur notre rapport à la terre, à la culture et à l&rsquo;alimentation</h6>
<p>Tout public (conseillé à partir de 10 ans)<br />
Durée : 50 min environ</p>
<p>C&rsquo;est une immersion par les mots dans la paysannerie, ce qu&rsquo;elle a de plus vrai, vivant, ancestral. C&rsquo;est honorer ce geste premier de semer, récolter, (se) nourrir.<br />
Aujourd&rsquo;hui, alors que la prise de conscience s&rsquo;élargit vis a vis du danger de la culture industrielle, quel est encore notre rapport à la terre, à la graine ?<br />
Un retour essentiel à notre essence même.<br />
Nourrie de témoignages, de chants et faisant référence à l&rsquo;histoire de nos terres, cette lecture vivante propose un temps d’arrêt et de contemplation du vivant</p>
<blockquote><p>Paysans, vous n&rsquo;avez pas à combattre désespérément pour sauver votre vie, pour sauver la vie de la paysannerie, vous avez à combattre pour sauver la vie de tous les hommes.</p>
<p><strong>Jean Giono</strong></p></blockquote>
<p><a href="http://www.maudcurassier.com">www.maudcurassier.com</a></p>

<p>MAUD CURASSIER  « Paysans paysannes » création évolutive nourrie de témoignages sur notre rapport à la terre, à la culture et à l&rsquo;alimentation Tout public (conseillé à partir de 10 ans) Durée [&hellip;]</p>
