{"id":848,"date":"2023-05-30T13:17:00","date_gmt":"2023-05-30T11:17:00","guid":{"rendered":"http:\/\/lesmouffettes.fr\/?post_type=tribe_events&#038;p=848"},"modified":"2023-07-21T14:27:25","modified_gmt":"2023-07-21T12:27:25","slug":"smaali-electric-roots","status":"publish","type":"tribe_events","link":"https:\/\/lesmouffettes.fr\/index.php\/event\/smaali-electric-roots\/","title":{"rendered":"SMA\u00c2LI Electric Roots"},"content":{"rendered":"<h5>Live set Afro tech<\/h5>\n<p>SMA\u00c2LI qui signifie &#8211; \u00e9coute moi &#8211; en \u00ab Darija \u00bb dialecte marocain, est un chanteur, musicien, auteur et compositeur qui d\u00e9fend la mixit\u00e9 et le m\u00e9lange des cultures de la trance acoustique au trances \u00e9lectroniques.<\/p>\n<p>C\u2019est avec cet \u00e9tat d\u2019esprit, qu\u2019en 2017, il est parti en Inde et au Maroc, \u00e0 la rencontre de musiciens traditionnels, puis \u00e0 Berlin et Ath\u00e8nes, pour m\u00ealer la Dub \u00e0 la psy-trance avec le projet Vlastur live dub in Trance o\u00f9 il s\u2019est impr\u00e9gn\u00e9 de musiques \u00e9lectroniques.<\/p>\n<p>En 2021 SMAALI fait naitre au Mexique le projet \u00ab Electric Roots \/ Racines Electriques \u00bb inspir\u00e9 de ces fortes racines nord africaines, un style musical original, \u00e0 la fois Electronique et spirituel, cr\u00e9ant ainsi un univers musical propre \u00e0 lui.<\/p>\n<p>Sur sc\u00e8ne les basses du Guembri &#8211; basse marocaine- rencontrent les sons \u00e9lectriques et guident un chant puissant charg\u00e9 d&rsquo;histoire et de traditions.<\/p>\n<p>&nbsp;<\/p>\n<p><a href=\"https:\/\/youtu.be\/_SoFOIv_-j8\">https:\/\/youtu.be\/_SoFOIv_-j8<\/a><\/p>\n","protected":false},"excerpt":{"rendered":"<p>Live set Afro tech SMA\u00c2LI qui signifie &#8211; \u00e9coute moi &#8211; en \u00ab Darija \u00bb dialecte marocain, est un chanteur, musicien, auteur et compositeur qui d\u00e9fend la mixit\u00e9 et le [&hellip;]<\/p>\n","protected":false},"author":1,"featured_media":849,"template":"","meta":{"_tribe_events_status":"","_tribe_events_status_reason":"","footnotes":""},"tags":[],"tribe_events_cat":[11,7],"class_list":["post-848","tribe_events","type-tribe_events","status-publish","has-post-thumbnail","hentry","tribe_events_cat-septembre-octobre","tribe_events_cat-spectacles","cat_septembre-octobre","cat_spectacles"],"_links":{"self":[{"href":"https:\/\/lesmouffettes.fr\/index.php\/wp-json\/wp\/v2\/tribe_events\/848","targetHints":{"allow":["GET"]}}],"collection":[{"href":"https:\/\/lesmouffettes.fr\/index.php\/wp-json\/wp\/v2\/tribe_events"}],"about":[{"href":"https:\/\/lesmouffettes.fr\/index.php\/wp-json\/wp\/v2\/types\/tribe_events"}],"author":[{"embeddable":true,"href":"https:\/\/lesmouffettes.fr\/index.php\/wp-json\/wp\/v2\/users\/1"}],"version-history":[{"count":1,"href":"https:\/\/lesmouffettes.fr\/index.php\/wp-json\/wp\/v2\/tribe_events\/848\/revisions"}],"predecessor-version":[{"id":850,"href":"https:\/\/lesmouffettes.fr\/index.php\/wp-json\/wp\/v2\/tribe_events\/848\/revisions\/850"}],"wp:featuredmedia":[{"embeddable":true,"href":"https:\/\/lesmouffettes.fr\/index.php\/wp-json\/wp\/v2\/media\/849"}],"wp:attachment":[{"href":"https:\/\/lesmouffettes.fr\/index.php\/wp-json\/wp\/v2\/media?parent=848"}],"wp:term":[{"taxonomy":"post_tag","embeddable":true,"href":"https:\/\/lesmouffettes.fr\/index.php\/wp-json\/wp\/v2\/tags?post=848"},{"taxonomy":"tribe_events_cat","embeddable":true,"href":"https:\/\/lesmouffettes.fr\/index.php\/wp-json\/wp\/v2\/tribe_events_cat?post=848"}],"curies":[{"name":"wp","href":"https:\/\/api.w.org\/{rel}","templated":true}]}}

SMAÂLI Electric Roots

<h5>Live set Afro tech</h5>
<p>SMAÂLI qui signifie &#8211; écoute moi &#8211; en « Darija » dialecte marocain, est un chanteur, musicien, auteur et compositeur qui défend la mixité et le mélange des cultures de la trance acoustique au trances électroniques.</p>
<p>C’est avec cet état d’esprit, qu’en 2017, il est parti en Inde et au Maroc, à la rencontre de musiciens traditionnels, puis à Berlin et Athènes, pour mêler la Dub à la psy-trance avec le projet Vlastur live dub in Trance où il s’est imprégné de musiques électroniques.</p>
<p>En 2021 SMAALI fait naitre au Mexique le projet « Electric Roots / Racines Electriques » inspiré de ces fortes racines nord africaines, un style musical original, à la fois Electronique et spirituel, créant ainsi un univers musical propre à lui.</p>
<p>Sur scène les basses du Guembri &#8211; basse marocaine- rencontrent les sons électriques et guident un chant puissant chargé d&rsquo;histoire et de traditions.</p>
<p>&nbsp;</p>
<p><a href="https://youtu.be/_SoFOIv_-j8">https://youtu.be/_SoFOIv_-j8</a></p>

<p>Live set Afro tech SMAÂLI qui signifie &#8211; écoute moi &#8211; en « Darija » dialecte marocain, est un chanteur, musicien, auteur et compositeur qui défend la mixité et le [&hellip;]</p>
